 {"id":74179,"date":"2026-08-25T15:51:53","date_gmt":"2026-08-25T18:51:53","guid":{"rendered":"https:\/\/www.justiciasantafe.gov.ar\/?post_type=ccj&#038;p=74179"},"modified":"2026-08-25T15:51:53","modified_gmt":"2026-08-25T18:51:53","slug":"jornada-dialogos-a-un-ano-de-la-reforma-constitucional-de-la-provincia-de-santa-fe-implicancias-en-la-justicia-modalidad-hibrida-presencial-salon-csj-rosario-7-9-26","status":"publish","type":"ccj","link":"https:\/\/www.justiciasantafe.gov.ar\/index.php\/ccj\/jornada-dialogos-a-un-ano-de-la-reforma-constitucional-de-la-provincia-de-santa-fe-implicancias-en-la-justicia-modalidad-hibrida-presencial-salon-csj-rosario-7-9-26\/","title":{"rendered":"JORNADA &#8220;Di\u00e1logos a un a\u00f1o de la Reforma Constitucional de la Provincia de Santa Fe. Implicancias en la Justicia&#8221;. Modalidad h\u00edbrida. Presencial Sal\u00f3n CSJ Rosario. 7\/9\/26"},"content":{"rendered":"<div class=\"gsp_post_data\" data-post_type=\"ccj\" data-cat=\"\" data-modified=\"120\" data-title=\"JORNADA &#8220;Di\u00e1logos a un a\u00f1o de la Reforma Constitucional de la Provincia de Santa Fe. Implicancias en la Justicia&#8221;. Modalidad h\u00edbrida. Presencial Sal\u00f3n CSJ Rosario. 7\/9\/26\" data-home=\"https:\/\/www.justiciasantafe.gov.ar\"><\/div>","protected":false},"excerpt":{"rendered":"","protected":false},"featured_media":0,"template":"","meta":{"_acf_changed":false},"categories":[],"tags":[],"class_list":["post-74179","ccj","type-ccj","status-publish","hentry"],"acf":{"i2t_anio":2026,"i2t_id_historico":"","i2t_autor_historico":""},"_links":{"self":[{"href":"https:\/\/www.justiciasantafe.gov.ar\/index.php\/wp-json\/wp\/v2\/ccj\/74179","targetHints":{"allow":["GET"]}}],"collection":[{"href":"https:\/\/www.justiciasantafe.gov.ar\/index.php\/wp-json\/wp\/v2\/ccj"}],"about":[{"href":"https:\/\/www.justiciasantafe.gov.ar\/index.php\/wp-json\/wp\/v2\/types\/ccj"}],"wp:attachment":[{"href":"https:\/\/www.justiciasantafe.gov.ar\/index.php\/wp-json\/wp\/v2\/media?parent=74179"}],"wp:term":[{"taxonomy":"category","embeddable":true,"href":"https:\/\/www.justiciasantafe.gov.ar\/index.php\/wp-json\/wp\/v2\/categories?post=74179"},{"taxonomy":"post_tag","embeddable":true,"href":"https:\/\/www.justiciasantafe.gov.ar\/index.php\/wp-json\/wp\/v2\/tags?post=74179"}],"curies":[{"name":"wp","href":"https:\/\/api.w.org\/{rel}","templated":true}]}}

JORNADA &#8220;Diálogos a un año de la Reforma Constitucional de la Provincia de Santa Fe. Implicancias en la Justicia&#8221;. Modalidad híbrida. Presencial Salón CSJ Rosario. 7/9/26

<div class="gsp_post_data" data-post_type="ccj" data-cat="" data-modified="120" data-title="JORNADA &#8220;Diálogos a un año de la Reforma Constitucional de la Provincia de Santa Fe. Implicancias en la Justicia&#8221;. Modalidad híbrida. Presencial Salón CSJ Rosario. 7/9/26" data-home="https://www.justiciasantafe.gov.ar"></div>
