 {"id":20334,"date":"2021-10-07T00:00:00","date_gmt":"2022-09-05T19:02:47","guid":{"rendered":"https:\/\/www.justiciasantafe.gov.ar\/index.php\/circulares\/7141\/"},"modified":"2022-09-15T11:57:19","modified_gmt":"2022-09-15T14:57:19","slug":"7141","status":"publish","type":"circulares","link":"https:\/\/www.justiciasantafe.gov.ar\/index.php\/circulares\/7141\/","title":{"rendered":"Circular nro. 182: &#8220;Reconocimiento de los Cursos Anuales del MInisterio P\u00fablico de la Acusaci\u00f3n&#8221;"},"content":{"rendered":"<div class=\"pdfprnt-buttons pdfprnt-buttons-circulares pdfprnt-top-right\"><a href=\"https:\/\/www.justiciasantafe.gov.ar\/index.php\/wp-json\/wp\/v2\/circulares\/20334?print=pdf\" class=\"pdfprnt-button pdfprnt-button-pdf\" target=\"_blank\"><img decoding=\"async\" src=\"https:\/\/www.justiciasantafe.gov.ar\/wp-content\/plugins\/pdf-print-pro\/images\/pdf.png?357112440\" alt=\"image_pdf\" title=\"Ver PDF\" \/><\/a><a href=\"https:\/\/www.justiciasantafe.gov.ar\/index.php\/wp-json\/wp\/v2\/circulares\/20334?print=print\" class=\"pdfprnt-button pdfprnt-button-print\" target=\"_blank\"><img decoding=\"async\" src=\"https:\/\/www.justiciasantafe.gov.ar\/wp-content\/plugins\/pdf-print-pro\/images\/print.png?1674575983\" alt=\"image_print\" title=\"Imprimir contenido\" \/><\/a><\/div><p><strong>Circular Nro. 182\/21.-<\/strong><\/p>\n<div style=\"text-align: right;\">Santa Fe, 07 de octubre de 2021.-<\/div>\n<p>Se\u00f1or<br \/>\nTitular del \u00d3rgano Jurisdiccional<br \/>\n<u>S \/ D<\/u><\/p>\n<div style=\"text-align: justify;\">\u00a0 \u00a0 \u00a0 \u00a0 \u00a0Me dirijo a Ud. a fin de comunicarle, para su conocimiento y notificaci\u00f3n a todos los integrantes de ese \u00f3rgano jurisdiccional, que en el Acuerdo celebrado el d\u00eda 05.10.2021, Acta N\u00b0 36, la Corte Suprema de Justicia de la Provincia de Santa Fe, dispuso lo siguiente:<br \/>\n<u>\u201cDR. JORGE C. BACLINI &#8211; FISCAL GENERAL DEL MINISTERIO P\u00daBLICO DE LA ACUSACI\u00d3N S\/SU PRESENTACI\u00d3N REF: RECONOCIMIENTO DE LOS CURSOS ANUALES DEL MINISTERIO P\u00daBLICO DE LA ACUSACI\u00d3N. VISTAS:<\/u> Las presentaciones efectuadas por el se\u00f1or Fiscal General del Ministerio P\u00fablico de la Acusaci\u00f3n, Dr. Jorge C. Baclini, remitiendo copias de las Resoluciones FG N\u00ba 29 y 30 del a\u00f1o 2020 mediante las cuales se aprueban el \u201cCurso sobre perspectiva de g\u00e9nero y sistema penal\u201d y el \u201cCurso sobre manual pr\u00e1ctico para investigaciones del MPA\u201d, respectivamente; y, CONSIDERANDO: Que la petici\u00f3n en cuesti\u00f3n, plantea la realizaci\u00f3n del \u201cCurso sobre perspectiva de g\u00e9nero y sistema penal\u201d y el \u201cCurso sobre manual pr\u00e1ctico para investigaciones del MPA\u201d. Que como consecuencia de ello solicita que se efect\u00faen las gestiones pertinentes para que sean reconocidos como \u201ccursos anuales\u201d con sus respectivos efectos en los reglamentos de cargos de funcionarios, cargos de funcionarios en subrogancia y de calificaciones del personal judicial. Asimismo acompa\u00f1an la propuesta formulada por el Director de la Escuela de Capacitaci\u00f3n, con los respectivos ejes tem\u00e1ticos y planes de estudio. Que, habiendo este Cuerpo evaluado el petitorio mencionado, y entendi\u00e9ndolo razonable atento a que por Acuerdo de fecha 3.12.2018 -Acta 48, pto. 12- se dispuso en igual sentido el reconocimiento de puntajes para cursos anuales dictados por el Servicio P\u00fablico Provincial de la Defensa Penal, corresponde hacer lugar a lo solicitado, debi\u00e9ndose proceder en virtud de ello a modificar en sus partes pertinentes los Reglamentos para la Provisi\u00f3n de Cargos de Funcionarios, de Cargos de Funcionarios en Subrogancias y de Calificaciones de este Poder Judicial Provincial, otorgando en cada caso en los antecedentes objetivos, rubros y etapas, seg\u00fan corresponda, un puntaje a quienes hayan aprobado la evaluaci\u00f3n final de los cursos anuales sobre perspectiva de g\u00e9nero y sistema penal, y manual pr\u00e1ctico para investigaciones del MPA, ambos dictados por la Escuela de Capacitaci\u00f3n del Ministerio P\u00fablico de la Acusaci\u00f3n. Por todo ello, luego de intercambio de opiniones y o\u00eddo en este acto el se\u00f1or Procurador General; SE RESUELVE: I. Introducir las modificaciones pertinentes en los Reglamentos para la provisi\u00f3n de Cargos de Funcionarios en el Poder Judicial, para la provisi\u00f3n de Cargos de Funcionarios en Subrogancias en el Poder Judicial y de Calificaciones del Personal Judicial, los que quedar\u00e1n redactados conforme los anexos que se agregan al final de la presente y como parte integrante de la presente acta. II. Establecer que las mismas regir\u00e1n a partir del 1.1.2022 y para los concursos cuyos llamados se realicen a partir de dicha fecha. FDO.: FALISTOCCO. ERBETTA. GASTALDI. GUTIERREZ. NETRI. SPULER. BARRAGUIRRE. BORDAS (SECRETARIO)\u201d.<\/div>\n<p>Atento a lo comunicado precedentemente se informa que los reglamentos actualizados se encuentran disponibles en la p\u00e1gina web del Poder Judicial.<br \/>\nSin otro particular, saludo a Ud. atentamente.<\/p>\n<p>Fdo.: Eduardo Bordas<br \/>\nSecretario de Gobierno<\/p>\n<div class=\"gsp_post_data\" data-post_type=\"circulares\" data-cat=\"anio-2021\" data-modified=\"120\" data-title=\"Circular nro. 182: &#8220;Reconocimiento de los Cursos Anuales del MInisterio P\u00fablico de la Acusaci\u00f3n&#8221;\" data-home=\"https:\/\/www.justiciasantafe.gov.ar\"><\/div>","protected":false},"excerpt":{"rendered":"<p>Circular Nro. 182\/21.- Santa Fe, 07 de octubre de 2021.- Se\u00f1or Titular del \u00d3rgano Jurisdiccional S \/ D \u00a0 \u00a0 \u00a0 \u00a0 \u00a0Me dirijo a Ud. a fin de comunicarle, para su conocimiento y notificaci\u00f3n a todos los integrantes de ese \u00f3rgano jurisdiccional, que en el Acuerdo celebrado el d\u00eda 05.10.2021, Acta N\u00b0 36, la [&#8230;]\n","protected":false},"author":10,"featured_media":0,"menu_order":0,"template":"","format":"standard","meta":{"_acf_changed":false,"footnotes":""},"categories":[33],"tags":[],"class_list":["post-20334","circulares","type-circulares","status-publish","format-standard","hentry","category-anio-2021"],"acf":{"i2t_anio":2021,"i2t_id_historico":7141,"i2t_autor_historico":"lcarrivale"},"_links":{"self":[{"href":"https:\/\/www.justiciasantafe.gov.ar\/index.php\/wp-json\/wp\/v2\/circulares\/20334","targetHints":{"allow":["GET"]}}],"collection":[{"href":"https:\/\/www.justiciasantafe.gov.ar\/index.php\/wp-json\/wp\/v2\/circulares"}],"about":[{"href":"https:\/\/www.justiciasantafe.gov.ar\/index.php\/wp-json\/wp\/v2\/types\/circulares"}],"author":[{"embeddable":true,"href":"https:\/\/www.justiciasantafe.gov.ar\/index.php\/wp-json\/wp\/v2\/users\/10"}],"version-history":[{"count":0,"href":"https:\/\/www.justiciasantafe.gov.ar\/index.php\/wp-json\/wp\/v2\/circulares\/20334\/revisions"}],"wp:attachment":[{"href":"https:\/\/www.justiciasantafe.gov.ar\/index.php\/wp-json\/wp\/v2\/media?parent=20334"}],"wp:term":[{"taxonomy":"category","embeddable":true,"href":"https:\/\/www.justiciasantafe.gov.ar\/index.php\/wp-json\/wp\/v2\/categories?post=20334"},{"taxonomy":"post_tag","embeddable":true,"href":"https:\/\/www.justiciasantafe.gov.ar\/index.php\/wp-json\/wp\/v2\/tags?post=20334"}],"curies":[{"name":"wp","href":"https:\/\/api.w.org\/{rel}","templated":true}]}}

Circular nro. 182: &#8220;Reconocimiento de los Cursos Anuales del MInisterio Público de la Acusación&#8221;

<div class="pdfprnt-buttons pdfprnt-buttons-circulares pdfprnt-top-right"><a href="https://www.justiciasantafe.gov.ar/index.php/wp-json/wp/v2/circulares/20334?print=pdf" class="pdfprnt-button pdfprnt-button-pdf" target="_blank"><img decoding="async" src="https://www.justiciasantafe.gov.ar/wp-content/plugins/pdf-print-pro/images/pdf.png?357112440" alt="image_pdf" title="Ver PDF" /></a><a href="https://www.justiciasantafe.gov.ar/index.php/wp-json/wp/v2/circulares/20334?print=print" class="pdfprnt-button pdfprnt-button-print" target="_blank"><img decoding="async" src="https://www.justiciasantafe.gov.ar/wp-content/plugins/pdf-print-pro/images/print.png?1674575983" alt="image_print" title="Imprimir contenido" /></a></div><p><strong>Circular Nro. 182/21.-</strong></p>
<div style="text-align: right;">Santa Fe, 07 de octubre de 2021.-</div>
<p>Señor<br />
Titular del Órgano Jurisdiccional<br />
<u>S / D</u></p>
<div style="text-align: justify;">         Me dirijo a Ud. a fin de comunicarle, para su conocimiento y notificación a todos los integrantes de ese órgano jurisdiccional, que en el Acuerdo celebrado el día 05.10.2021, Acta N° 36, la Corte Suprema de Justicia de la Provincia de Santa Fe, dispuso lo siguiente:<br />
<u>“DR. JORGE C. BACLINI &#8211; FISCAL GENERAL DEL MINISTERIO PÚBLICO DE LA ACUSACIÓN S/SU PRESENTACIÓN REF: RECONOCIMIENTO DE LOS CURSOS ANUALES DEL MINISTERIO PÚBLICO DE LA ACUSACIÓN. VISTAS:</u> Las presentaciones efectuadas por el señor Fiscal General del Ministerio Público de la Acusación, Dr. Jorge C. Baclini, remitiendo copias de las Resoluciones FG Nº 29 y 30 del año 2020 mediante las cuales se aprueban el “Curso sobre perspectiva de género y sistema penal” y el “Curso sobre manual práctico para investigaciones del MPA”, respectivamente; y, CONSIDERANDO: Que la petición en cuestión, plantea la realización del “Curso sobre perspectiva de género y sistema penal” y el “Curso sobre manual práctico para investigaciones del MPA”. Que como consecuencia de ello solicita que se efectúen las gestiones pertinentes para que sean reconocidos como “cursos anuales” con sus respectivos efectos en los reglamentos de cargos de funcionarios, cargos de funcionarios en subrogancia y de calificaciones del personal judicial. Asimismo acompañan la propuesta formulada por el Director de la Escuela de Capacitación, con los respectivos ejes temáticos y planes de estudio. Que, habiendo este Cuerpo evaluado el petitorio mencionado, y entendiéndolo razonable atento a que por Acuerdo de fecha 3.12.2018 -Acta 48, pto. 12- se dispuso en igual sentido el reconocimiento de puntajes para cursos anuales dictados por el Servicio Público Provincial de la Defensa Penal, corresponde hacer lugar a lo solicitado, debiéndose proceder en virtud de ello a modificar en sus partes pertinentes los Reglamentos para la Provisión de Cargos de Funcionarios, de Cargos de Funcionarios en Subrogancias y de Calificaciones de este Poder Judicial Provincial, otorgando en cada caso en los antecedentes objetivos, rubros y etapas, según corresponda, un puntaje a quienes hayan aprobado la evaluación final de los cursos anuales sobre perspectiva de género y sistema penal, y manual práctico para investigaciones del MPA, ambos dictados por la Escuela de Capacitación del Ministerio Público de la Acusación. Por todo ello, luego de intercambio de opiniones y oído en este acto el señor Procurador General; SE RESUELVE: I. Introducir las modificaciones pertinentes en los Reglamentos para la provisión de Cargos de Funcionarios en el Poder Judicial, para la provisión de Cargos de Funcionarios en Subrogancias en el Poder Judicial y de Calificaciones del Personal Judicial, los que quedarán redactados conforme los anexos que se agregan al final de la presente y como parte integrante de la presente acta. II. Establecer que las mismas regirán a partir del 1.1.2022 y para los concursos cuyos llamados se realicen a partir de dicha fecha. FDO.: FALISTOCCO. ERBETTA. GASTALDI. GUTIERREZ. NETRI. SPULER. BARRAGUIRRE. BORDAS (SECRETARIO)”.</div>
<p>Atento a lo comunicado precedentemente se informa que los reglamentos actualizados se encuentran disponibles en la página web del Poder Judicial.<br />
Sin otro particular, saludo a Ud. atentamente.</p>
<p>Fdo.: Eduardo Bordas<br />
Secretario de Gobierno</p>
<div class="gsp_post_data" data-post_type="circulares" data-cat="anio-2021" data-modified="120" data-title="Circular nro. 182: &#8220;Reconocimiento de los Cursos Anuales del MInisterio Público de la Acusación&#8221;" data-home="https://www.justiciasantafe.gov.ar"></div>

<p>Circular Nro. 182/21.- Santa Fe, 07 de octubre de 2021.- Señor Titular del Órgano Jurisdiccional S / D          Me dirijo a Ud. a fin de comunicarle, para su conocimiento y notificación a todos los integrantes de ese órgano jurisdiccional, que en el Acuerdo celebrado el día 05.10.2021, Acta N° 36, la [&#8230;]
