 {"id":20338,"date":"2021-10-07T00:00:00","date_gmt":"2022-09-05T19:02:48","guid":{"rendered":"https:\/\/www.justiciasantafe.gov.ar\/index.php\/circulares\/7146\/"},"modified":"2022-09-15T11:56:59","modified_gmt":"2022-09-15T14:56:59","slug":"7146","status":"publish","type":"circulares","link":"https:\/\/www.justiciasantafe.gov.ar\/index.php\/circulares\/7146\/","title":{"rendered":"Circular nro. 186: &#8220;Llamado a concurso para cubrir un cargo de Secretario de Camara  para la OGJ de 1ra. Inst. de los Tribunales de Rosario&#8221;."},"content":{"rendered":"<div class=\"pdfprnt-buttons pdfprnt-buttons-circulares pdfprnt-top-right\"><a href=\"https:\/\/www.justiciasantafe.gov.ar\/index.php\/wp-json\/wp\/v2\/circulares\/20338?print=pdf\" class=\"pdfprnt-button pdfprnt-button-pdf\" target=\"_blank\"><img decoding=\"async\" src=\"https:\/\/www.justiciasantafe.gov.ar\/wp-content\/plugins\/pdf-print-pro\/images\/pdf.png?357112440\" alt=\"image_pdf\" title=\"Ver PDF\" \/><\/a><a href=\"https:\/\/www.justiciasantafe.gov.ar\/index.php\/wp-json\/wp\/v2\/circulares\/20338?print=print\" class=\"pdfprnt-button pdfprnt-button-print\" target=\"_blank\"><img decoding=\"async\" src=\"https:\/\/www.justiciasantafe.gov.ar\/wp-content\/plugins\/pdf-print-pro\/images\/print.png?1674575983\" alt=\"image_print\" title=\"Imprimir contenido\" \/><\/a><\/div><p><u><strong>Circular Nro.186 \/21.-<\/strong><\/u><\/p>\n<div style=\"text-align: right;\">Santa Fe, 07 de octubre de 2021.-<\/div>\n<p>Se\u00f1or<br \/>\nTitular del \u00d3rgano Jurisdiccional<br \/>\n<u>S \/ D<\/u><\/p>\n<p>Para su conocimiento y notificaci\u00f3n a los dem\u00e1s integrantes de esa dependencia, me dirijo a Ud. a fin de comunicarle que por resoluci\u00f3n de la Secretar\u00eda de Gobierno de la Corte Suprema de Justicia de la Provincia de fecha 30.09.2021, ratificada por Acuerdo Ordinario del Alto Tribunal celebrado el d\u00eda 5 de octubre de 2021, Acta N\u00b0 36 punto 4, se ha dispuesto llamar a Concurso para la provisi\u00f3n del siguiente cargo:<\/p>\n<p><u><strong>UN CARGO DE SECRETARIO DE CAMARA PARA LA OFICINA DE GESTION JUDICIAL PENAL DE PRIMERA INSTANCIA DE LOS TRIBUNALES DE ROSARIO.<\/strong><\/u><\/p>\n<p><u><strong>Car\u00e1cter del concurso<\/strong><\/u><strong>:<\/strong> Abierto, de antecedentes y en su caso de oposici\u00f3n.<\/p>\n<p><u><strong>Requisitos:<\/strong><\/u> <strong> a)<\/strong> Poseer ciudadan\u00eda argentina;<br \/>\n<strong>b)<\/strong> Mayor\u00eda de edad;<br \/>\n<strong>c)<\/strong> T\u00edtulo de Abogado o Escribano con dos a\u00f1os de antig\u00fcedad previos a la fecha del llamado a concurso;<br \/>\n<strong>d)<\/strong> Residencia inmediata no menor de dos a\u00f1os en la provincia si no hubiere nacido en ella;<br \/>\n<strong>e)<\/strong> Certificaci\u00f3n de la Oficina Judicial correspondiente de no hallarse incluido en el Registro de Deudores Alimentarios Morosos;<br \/>\n<strong>f)<\/strong> Buenos antecedentes de conducta, acreditados con el Certificado respectivo otorgado por la Polic\u00eda de la Provincia;<br \/>\n<strong>g) <\/strong>Constancia del Colegio profesional de no poseer sanciones en los \u00faltimos diez a\u00f1os para quienes no pertenezcan al Poder Judicial (con emisi\u00f3n actualizada a la fecha de inscripci\u00f3n al llamado a concurso);<\/p>\n<p><u><strong>Per\u00edodo de inscripci\u00f3n:<\/strong><\/u> Del 25 de octubre al 5 de noviembre de 2021, ambas fechas inclusive, debiendo los interesados presentar las respectivas solicitudes -en el formulario confeccionado al efecto-, ante la Secretar\u00eda Letrada de la Corte Suprema de Justicia en Rosario, mencionando y acompa\u00f1ando, en su caso, todos los antecedentes que estimen convenientes, los que deber\u00e1n ser retirados dentro del plazo de dos meses una vez resuelto el concurso.<\/p>\n<p><u><strong>Ex\u00e1menes de oposici\u00f3n<\/strong><\/u><strong>:<\/strong> En caso de as\u00ed disponerse, oportunamente se designar\u00e1n las fechas para los ex\u00e1menes de oposici\u00f3n.<\/p>\n<p><u><strong>Entrevistas Personales<\/strong><\/u><strong>:<\/strong> Asimismo, en su oportunidad se designar\u00e1 la fecha para la recepci\u00f3n de entrevistas personales a los postulantes inscriptos que re\u00fanan las exigencias legales y reglamentarias.<\/p>\n<p>El concurso precedente se realizar\u00e1 de acuerdo a las prescripciones contenidas en el Reglamento vigente para la provisi\u00f3n de Cargos de Funcionarios en el Poder Judicial.<br \/>\nSaludo a Ud. atentamente.<\/p>\n<p>Fdo.: Eduardo Bordas<br \/>\nSecretario de Gobierno<\/p>\n<p><a title=\"Ver archivo\" href=\"https:\/\/www.justiciasantafe.gov.ar\/wp-content\/uploads\/2021\/10\/7553.pdf\" target=\"_blank\" rel=\"noopener\">CIRC-186-21 FORMULARIO<\/a><\/p>\n<div class=\"gsp_post_data\" data-post_type=\"circulares\" data-cat=\"anio-2021\" data-modified=\"120\" data-title=\"Circular nro. 186: &#8220;Llamado a concurso para cubrir un cargo de Secretario de Camara  para la OGJ de 1ra. Inst. de los Tribunales de Rosario&#8221;.\" data-home=\"https:\/\/www.justiciasantafe.gov.ar\"><\/div>","protected":false},"excerpt":{"rendered":"<p>Circular Nro.186 \/21.- Santa Fe, 07 de octubre de 2021.- Se\u00f1or Titular del \u00d3rgano Jurisdiccional S \/ D Para su conocimiento y notificaci\u00f3n a los dem\u00e1s integrantes de esa dependencia, me dirijo a Ud. a fin de comunicarle que por resoluci\u00f3n de la Secretar\u00eda de Gobierno de la Corte Suprema de Justicia de la Provincia [&#8230;]\n","protected":false},"author":10,"featured_media":0,"menu_order":0,"template":"","format":"standard","meta":{"_acf_changed":false,"footnotes":""},"categories":[33],"tags":[],"class_list":["post-20338","circulares","type-circulares","status-publish","format-standard","hentry","category-anio-2021"],"acf":{"i2t_anio":2021,"i2t_id_historico":7146,"i2t_autor_historico":"lcarrivale"},"_links":{"self":[{"href":"https:\/\/www.justiciasantafe.gov.ar\/index.php\/wp-json\/wp\/v2\/circulares\/20338","targetHints":{"allow":["GET"]}}],"collection":[{"href":"https:\/\/www.justiciasantafe.gov.ar\/index.php\/wp-json\/wp\/v2\/circulares"}],"about":[{"href":"https:\/\/www.justiciasantafe.gov.ar\/index.php\/wp-json\/wp\/v2\/types\/circulares"}],"author":[{"embeddable":true,"href":"https:\/\/www.justiciasantafe.gov.ar\/index.php\/wp-json\/wp\/v2\/users\/10"}],"version-history":[{"count":0,"href":"https:\/\/www.justiciasantafe.gov.ar\/index.php\/wp-json\/wp\/v2\/circulares\/20338\/revisions"}],"wp:attachment":[{"href":"https:\/\/www.justiciasantafe.gov.ar\/index.php\/wp-json\/wp\/v2\/media?parent=20338"}],"wp:term":[{"taxonomy":"category","embeddable":true,"href":"https:\/\/www.justiciasantafe.gov.ar\/index.php\/wp-json\/wp\/v2\/categories?post=20338"},{"taxonomy":"post_tag","embeddable":true,"href":"https:\/\/www.justiciasantafe.gov.ar\/index.php\/wp-json\/wp\/v2\/tags?post=20338"}],"curies":[{"name":"wp","href":"https:\/\/api.w.org\/{rel}","templated":true}]}}

<div class="pdfprnt-buttons pdfprnt-buttons-circulares pdfprnt-top-right"><a href="https://www.justiciasantafe.gov.ar/index.php/wp-json/wp/v2/circulares/20338?print=pdf" class="pdfprnt-button pdfprnt-button-pdf" target="_blank"><img decoding="async" src="https://www.justiciasantafe.gov.ar/wp-content/plugins/pdf-print-pro/images/pdf.png?357112440" alt="image_pdf" title="Ver PDF" /></a><a href="https://www.justiciasantafe.gov.ar/index.php/wp-json/wp/v2/circulares/20338?print=print" class="pdfprnt-button pdfprnt-button-print" target="_blank"><img decoding="async" src="https://www.justiciasantafe.gov.ar/wp-content/plugins/pdf-print-pro/images/print.png?1674575983" alt="image_print" title="Imprimir contenido" /></a></div><p><u><strong>Circular Nro.186 /21.-</strong></u></p>
<div style="text-align: right;">Santa Fe, 07 de octubre de 2021.-</div>
<p>Señor<br />
Titular del Órgano Jurisdiccional<br />
<u>S / D</u></p>
<p>Para su conocimiento y notificación a los demás integrantes de esa dependencia, me dirijo a Ud. a fin de comunicarle que por resolución de la Secretaría de Gobierno de la Corte Suprema de Justicia de la Provincia de fecha 30.09.2021, ratificada por Acuerdo Ordinario del Alto Tribunal celebrado el día 5 de octubre de 2021, Acta N° 36 punto 4, se ha dispuesto llamar a Concurso para la provisión del siguiente cargo:</p>
<p><u><strong>UN CARGO DE SECRETARIO DE CAMARA PARA LA OFICINA DE GESTION JUDICIAL PENAL DE PRIMERA INSTANCIA DE LOS TRIBUNALES DE ROSARIO.</strong></u></p>
<p><u><strong>Carácter del concurso</strong></u><strong>:</strong> Abierto, de antecedentes y en su caso de oposición.</p>
<p><u><strong>Requisitos:</strong></u> <strong> a)</strong> Poseer ciudadanía argentina;<br />
<strong>b)</strong> Mayoría de edad;<br />
<strong>c)</strong> Título de Abogado o Escribano con dos años de antigüedad previos a la fecha del llamado a concurso;<br />
<strong>d)</strong> Residencia inmediata no menor de dos años en la provincia si no hubiere nacido en ella;<br />
<strong>e)</strong> Certificación de la Oficina Judicial correspondiente de no hallarse incluido en el Registro de Deudores Alimentarios Morosos;<br />
<strong>f)</strong> Buenos antecedentes de conducta, acreditados con el Certificado respectivo otorgado por la Policía de la Provincia;<br />
<strong>g) </strong>Constancia del Colegio profesional de no poseer sanciones en los últimos diez años para quienes no pertenezcan al Poder Judicial (con emisión actualizada a la fecha de inscripción al llamado a concurso);</p>
<p><u><strong>Período de inscripción:</strong></u> Del 25 de octubre al 5 de noviembre de 2021, ambas fechas inclusive, debiendo los interesados presentar las respectivas solicitudes -en el formulario confeccionado al efecto-, ante la Secretaría Letrada de la Corte Suprema de Justicia en Rosario, mencionando y acompañando, en su caso, todos los antecedentes que estimen convenientes, los que deberán ser retirados dentro del plazo de dos meses una vez resuelto el concurso.</p>
<p><u><strong>Exámenes de oposición</strong></u><strong>:</strong> En caso de así disponerse, oportunamente se designarán las fechas para los exámenes de oposición.</p>
<p><u><strong>Entrevistas Personales</strong></u><strong>:</strong> Asimismo, en su oportunidad se designará la fecha para la recepción de entrevistas personales a los postulantes inscriptos que reúnan las exigencias legales y reglamentarias.</p>
<p>El concurso precedente se realizará de acuerdo a las prescripciones contenidas en el Reglamento vigente para la provisión de Cargos de Funcionarios en el Poder Judicial.<br />
Saludo a Ud. atentamente.</p>
<p>Fdo.: Eduardo Bordas<br />
Secretario de Gobierno</p>
<p><a title="Ver archivo" href="https://www.justiciasantafe.gov.ar/wp-content/uploads/2021/10/7553.pdf" target="_blank" rel="noopener">CIRC-186-21 FORMULARIO</a></p>
<div class="gsp_post_data" data-post_type="circulares" data-cat="anio-2021" data-modified="120" data-title="Circular nro. 186: &#8220;Llamado a concurso para cubrir un cargo de Secretario de Camara  para la OGJ de 1ra. Inst. de los Tribunales de Rosario&#8221;." data-home="https://www.justiciasantafe.gov.ar"></div>

<p>Circular Nro.186 /21.- Santa Fe, 07 de octubre de 2021.- Señor Titular del Órgano Jurisdiccional S / D Para su conocimiento y notificación a los demás integrantes de esa dependencia, me dirijo a Ud. a fin de comunicarle que por resolución de la Secretaría de Gobierno de la Corte Suprema de Justicia de la Provincia [&#8230;]
