 {"id":20342,"date":"2021-10-06T00:00:00","date_gmt":"2022-09-05T19:02:49","guid":{"rendered":"https:\/\/www.justiciasantafe.gov.ar\/index.php\/circulares\/7139\/"},"modified":"2022-09-15T11:58:41","modified_gmt":"2022-09-15T14:58:41","slug":"7139","status":"publish","type":"circulares","link":"https:\/\/www.justiciasantafe.gov.ar\/index.php\/circulares\/7139\/","title":{"rendered":"Circular nro.181: &#8220;Aumento unidad Jus para los Juzgados de Primera Instancia de Circuito de la provincia&#8221;."},"content":{"rendered":"<div class=\"pdfprnt-buttons pdfprnt-buttons-circulares pdfprnt-top-right\"><a href=\"https:\/\/www.justiciasantafe.gov.ar\/index.php\/wp-json\/wp\/v2\/circulares\/20342?print=pdf\" class=\"pdfprnt-button pdfprnt-button-pdf\" target=\"_blank\"><img decoding=\"async\" src=\"https:\/\/www.justiciasantafe.gov.ar\/wp-content\/plugins\/pdf-print-pro\/images\/pdf.png?357112440\" alt=\"image_pdf\" title=\"Ver PDF\" \/><\/a><a href=\"https:\/\/www.justiciasantafe.gov.ar\/index.php\/wp-json\/wp\/v2\/circulares\/20342?print=print\" class=\"pdfprnt-button pdfprnt-button-print\" target=\"_blank\"><img decoding=\"async\" src=\"https:\/\/www.justiciasantafe.gov.ar\/wp-content\/plugins\/pdf-print-pro\/images\/print.png?1674575983\" alt=\"image_print\" title=\"Imprimir contenido\" \/><\/a><\/div><p><strong>Circular Nro. 181\/21.-<\/strong><\/p>\n<div style=\"text-align: right;\">Santa Fe, 06 de octubre de 2021.-<\/div>\n<p>Se\u00f1or<br \/>\nTitular del \u00d3rgano Jurisdiccional<br \/>\n<u>S \/ D<\/u><\/p>\n<div style=\"text-align: justify;\">\u00a0 \u00a0 \u00a0 \u00a0 \u00a0Me dirijo a Ud. a fin de comunicarle, para su conocimiento y notificaci\u00f3n a todos los integrantes de ese \u00f3rgano jurisdiccional, que en el Acuerdo celebrado el d\u00eda 05.10.2021, Acta N\u00b0 36, la Corte Suprema de Justicia de la Provincia de Santa Fe, dispuso lo siguiente:<br \/>\n<u>\u201cAUMENTO UNIDAD JUS PARA LOS JUZGADOS DE PRIMERA INSTANCIA DE CIRCUITO DE LA PROVINCIA.-<\/u> VISTAS: Los recientes cambios econ\u00f3micos acaecidos en el pa\u00eds, los cuales resultan de p\u00fablico conocimiento; las necesidades del servicio judiciario; y, CONSIDERANDO: Que, en virtud de la acentuada modificaci\u00f3n de la realidad econ\u00f3mica y monetaria de nuestro pa\u00eds, se entiende pertinente efectuar una nueva revisi\u00f3n de los guarismos adoptados oportunamente para fijar el monto de la Unidad Jus referente a los Juzgados de Primera Instancia de Circuito de la Provincia. As\u00ed las cosas, corresponde adentrarse en un an\u00e1lisis integral de los actuales montos fijados para las distintas asignaciones de competencia. Que, siendo ello as\u00ed, y habi\u00e9ndose requerido un informe pormenorizado al \u00c1rea de Estad\u00edsticas dependiente de la Secretar\u00eda de Gobierno, se observan alteraciones en lo que hace al ingreso de causas en los \u00f3rganos jurisdiccionales de la provincia, particularmente en el \u00e1mbito de los Juzgados de Circuito. Que dicho desequilibrio, resiente de manera notoria el normal desempe\u00f1o del servicio de justicia, deviniendo conducente entonces, adoptar las medidas pertinentes para su debida correcci\u00f3n. Que, en virtud de lo hasta aqu\u00ed expuesto, y a los fines de procurar una equilibrada divisi\u00f3n del trabajo, que tenga en cuenta las distintas realidades existentes en los diferentes \u00f3rganos jurisdiccionales que componen el mapa judicial de la Provincia, y en atenci\u00f3n a la facultad conferida por el art\u00edculo 8 de la Ley N\u00b0 10.160, luego de un intercambio de opiniones y o\u00eddo el se\u00f1or Procurador General, SE RESUELVE: I.- Modificar a partir del 12.10.2021 los valores vigentes de la unidad jus para los Juzgados de Primera Instancia de Circuito de la Provincia, de acuerdo al cuadro que se agrega a la presente y como parte integrante del acta. II.- Disponer a partir de la fecha se\u00f1alada en el punto I, un incremento en los valores de la unidad jus aplicable a los Juzgados de Primera Instancia de Circuito de Santa Fe y Rosario, a los solos fines de los casos de Responsabilidad Extracontractual, estableciendo los mismos en $24.167 y $18.334.- respectivamente. FDO. FALISTOCCO. ERBETTA. GASTALDI. GUTI\u00c9RREZ. NETRI. SPULER. BARRAGUIRRE. BORDAS (SECRETARIO).<\/div>\n<div>\u00a0 \u00a0 \u00a0 \u00a0 \u00a0Se acompa\u00f1a el Anexo pertinente, a sus efectos.\u201d<\/div>\n<div>\n<p>\u00a0 \u00a0 \u00a0 \u00a0 \u00a0Sin otro particular, saludo a Ud. atentamente.<\/p>\n<p>Fdo.: Dr. Eduardo Bordas<br \/>\nSecretario de Gobierno<\/p>\n<p><a title=\"Ver archivo\" href=\"https:\/\/www.justiciasantafe.gov.ar\/wp-content\/uploads\/2021\/10\/7550.pdf\" target=\"_blank\" rel=\"noopener\">CIRC-181-21 ANEXO<\/a><\/p>\n<p>&nbsp;<\/p>\n<\/div>\n<div class=\"gsp_post_data\" data-post_type=\"circulares\" data-cat=\"anio-2021\" data-modified=\"120\" data-title=\"Circular nro.181: &#8220;Aumento unidad Jus para los Juzgados de Primera Instancia de Circuito de la provincia&#8221;.\" data-home=\"https:\/\/www.justiciasantafe.gov.ar\"><\/div>","protected":false},"excerpt":{"rendered":"<p>Circular Nro. 181\/21.- Santa Fe, 06 de octubre de 2021.- Se\u00f1or Titular del \u00d3rgano Jurisdiccional S \/ D \u00a0 \u00a0 \u00a0 \u00a0 \u00a0Me dirijo a Ud. a fin de comunicarle, para su conocimiento y notificaci\u00f3n a todos los integrantes de ese \u00f3rgano jurisdiccional, que en el Acuerdo celebrado el d\u00eda 05.10.2021, Acta N\u00b0 36, la [&#8230;]\n","protected":false},"author":10,"featured_media":0,"menu_order":0,"template":"","format":"standard","meta":{"_acf_changed":false,"footnotes":""},"categories":[33],"tags":[],"class_list":["post-20342","circulares","type-circulares","status-publish","format-standard","hentry","category-anio-2021"],"acf":{"i2t_anio":2021,"i2t_id_historico":7139,"i2t_autor_historico":"lcarrivale"},"_links":{"self":[{"href":"https:\/\/www.justiciasantafe.gov.ar\/index.php\/wp-json\/wp\/v2\/circulares\/20342","targetHints":{"allow":["GET"]}}],"collection":[{"href":"https:\/\/www.justiciasantafe.gov.ar\/index.php\/wp-json\/wp\/v2\/circulares"}],"about":[{"href":"https:\/\/www.justiciasantafe.gov.ar\/index.php\/wp-json\/wp\/v2\/types\/circulares"}],"author":[{"embeddable":true,"href":"https:\/\/www.justiciasantafe.gov.ar\/index.php\/wp-json\/wp\/v2\/users\/10"}],"version-history":[{"count":0,"href":"https:\/\/www.justiciasantafe.gov.ar\/index.php\/wp-json\/wp\/v2\/circulares\/20342\/revisions"}],"wp:attachment":[{"href":"https:\/\/www.justiciasantafe.gov.ar\/index.php\/wp-json\/wp\/v2\/media?parent=20342"}],"wp:term":[{"taxonomy":"category","embeddable":true,"href":"https:\/\/www.justiciasantafe.gov.ar\/index.php\/wp-json\/wp\/v2\/categories?post=20342"},{"taxonomy":"post_tag","embeddable":true,"href":"https:\/\/www.justiciasantafe.gov.ar\/index.php\/wp-json\/wp\/v2\/tags?post=20342"}],"curies":[{"name":"wp","href":"https:\/\/api.w.org\/{rel}","templated":true}]}}

<div class="pdfprnt-buttons pdfprnt-buttons-circulares pdfprnt-top-right"><a href="https://www.justiciasantafe.gov.ar/index.php/wp-json/wp/v2/circulares/20342?print=pdf" class="pdfprnt-button pdfprnt-button-pdf" target="_blank"><img decoding="async" src="https://www.justiciasantafe.gov.ar/wp-content/plugins/pdf-print-pro/images/pdf.png?357112440" alt="image_pdf" title="Ver PDF" /></a><a href="https://www.justiciasantafe.gov.ar/index.php/wp-json/wp/v2/circulares/20342?print=print" class="pdfprnt-button pdfprnt-button-print" target="_blank"><img decoding="async" src="https://www.justiciasantafe.gov.ar/wp-content/plugins/pdf-print-pro/images/print.png?1674575983" alt="image_print" title="Imprimir contenido" /></a></div><p><strong>Circular Nro. 181/21.-</strong></p>
<div style="text-align: right;">Santa Fe, 06 de octubre de 2021.-</div>
<p>Señor<br />
Titular del Órgano Jurisdiccional<br />
<u>S / D</u></p>
<div style="text-align: justify;">         Me dirijo a Ud. a fin de comunicarle, para su conocimiento y notificación a todos los integrantes de ese órgano jurisdiccional, que en el Acuerdo celebrado el día 05.10.2021, Acta N° 36, la Corte Suprema de Justicia de la Provincia de Santa Fe, dispuso lo siguiente:<br />
<u>“AUMENTO UNIDAD JUS PARA LOS JUZGADOS DE PRIMERA INSTANCIA DE CIRCUITO DE LA PROVINCIA.-</u> VISTAS: Los recientes cambios económicos acaecidos en el país, los cuales resultan de público conocimiento; las necesidades del servicio judiciario; y, CONSIDERANDO: Que, en virtud de la acentuada modificación de la realidad económica y monetaria de nuestro país, se entiende pertinente efectuar una nueva revisión de los guarismos adoptados oportunamente para fijar el monto de la Unidad Jus referente a los Juzgados de Primera Instancia de Circuito de la Provincia. Así las cosas, corresponde adentrarse en un análisis integral de los actuales montos fijados para las distintas asignaciones de competencia. Que, siendo ello así, y habiéndose requerido un informe pormenorizado al Área de Estadísticas dependiente de la Secretaría de Gobierno, se observan alteraciones en lo que hace al ingreso de causas en los órganos jurisdiccionales de la provincia, particularmente en el ámbito de los Juzgados de Circuito. Que dicho desequilibrio, resiente de manera notoria el normal desempeño del servicio de justicia, deviniendo conducente entonces, adoptar las medidas pertinentes para su debida corrección. Que, en virtud de lo hasta aquí expuesto, y a los fines de procurar una equilibrada división del trabajo, que tenga en cuenta las distintas realidades existentes en los diferentes órganos jurisdiccionales que componen el mapa judicial de la Provincia, y en atención a la facultad conferida por el artículo 8 de la Ley N° 10.160, luego de un intercambio de opiniones y oído el señor Procurador General, SE RESUELVE: I.- Modificar a partir del 12.10.2021 los valores vigentes de la unidad jus para los Juzgados de Primera Instancia de Circuito de la Provincia, de acuerdo al cuadro que se agrega a la presente y como parte integrante del acta. II.- Disponer a partir de la fecha señalada en el punto I, un incremento en los valores de la unidad jus aplicable a los Juzgados de Primera Instancia de Circuito de Santa Fe y Rosario, a los solos fines de los casos de Responsabilidad Extracontractual, estableciendo los mismos en $24.167 y $18.334.- respectivamente. FDO. FALISTOCCO. ERBETTA. GASTALDI. GUTIÉRREZ. NETRI. SPULER. BARRAGUIRRE. BORDAS (SECRETARIO).</div>
<div>         Se acompaña el Anexo pertinente, a sus efectos.”</div>
<div>
<p>         Sin otro particular, saludo a Ud. atentamente.</p>
<p>Fdo.: Dr. Eduardo Bordas<br />
Secretario de Gobierno</p>
<p><a title="Ver archivo" href="https://www.justiciasantafe.gov.ar/wp-content/uploads/2021/10/7550.pdf" target="_blank" rel="noopener">CIRC-181-21 ANEXO</a></p>
<p>&nbsp;</p>
</div>
<div class="gsp_post_data" data-post_type="circulares" data-cat="anio-2021" data-modified="120" data-title="Circular nro.181: &#8220;Aumento unidad Jus para los Juzgados de Primera Instancia de Circuito de la provincia&#8221;." data-home="https://www.justiciasantafe.gov.ar"></div>

<p>Circular Nro. 181/21.- Santa Fe, 06 de octubre de 2021.- Señor Titular del Órgano Jurisdiccional S / D          Me dirijo a Ud. a fin de comunicarle, para su conocimiento y notificación a todos los integrantes de ese órgano jurisdiccional, que en el Acuerdo celebrado el día 05.10.2021, Acta N° 36, la [&#8230;]
