 {"id":20363,"date":"2021-08-25T00:00:00","date_gmt":"2022-09-05T19:02:52","guid":{"rendered":"https:\/\/www.justiciasantafe.gov.ar\/index.php\/circulares\/7087\/"},"modified":"2022-09-15T12:07:32","modified_gmt":"2022-09-15T15:07:32","slug":"7087","status":"publish","type":"circulares","link":"https:\/\/www.justiciasantafe.gov.ar\/index.php\/circulares\/7087\/","title":{"rendered":"Circular nro.157:&#8221;Convenio de Cooperaci\u00f3n entre la Corte Suprema de Justicia, el Ministerio de Econom\u00eda y la Secretar\u00eda de Justicia de la Provincia de Santa Fe s\/su implementaci\u00f3n: Ref. Inicio demandas de la Administraci\u00f3n Provincial de Impuestos&#8221;"},"content":{"rendered":"<div class=\"pdfprnt-buttons pdfprnt-buttons-circulares pdfprnt-top-right\"><a href=\"https:\/\/www.justiciasantafe.gov.ar\/index.php\/wp-json\/wp\/v2\/circulares\/20363?print=pdf\" class=\"pdfprnt-button pdfprnt-button-pdf\" target=\"_blank\"><img decoding=\"async\" src=\"https:\/\/www.justiciasantafe.gov.ar\/wp-content\/plugins\/pdf-print-pro\/images\/pdf.png?357112440\" alt=\"image_pdf\" title=\"Ver PDF\" \/><\/a><a href=\"https:\/\/www.justiciasantafe.gov.ar\/index.php\/wp-json\/wp\/v2\/circulares\/20363?print=print\" class=\"pdfprnt-button pdfprnt-button-print\" target=\"_blank\"><img decoding=\"async\" src=\"https:\/\/www.justiciasantafe.gov.ar\/wp-content\/plugins\/pdf-print-pro\/images\/print.png?1674575983\" alt=\"image_print\" title=\"Imprimir contenido\" \/><\/a><\/div><p><strong>&#8220;Circular Nro. 157\/21.-<\/strong><\/p>\n<p>Santa Fe, 25 de agosto de 2021.-<\/p>\n<p>Se\u00f1or<br \/>\nTitular del \u00d3rgano Jurisdiccional<br \/>\n<u>S \/ D<\/u><\/p>\n<div style=\"text-align: justify;\">\u00a0 \u00a0 \u00a0 \u00a0 \u00a0 \u00a0 \u00a0 \u00a0 \u00a0 \u00a0Me dirijo a Ud. a fin de comunicarle, para su conocimiento y notificaci\u00f3n a todos los integrantes de ese \u00f3rgano jurisdiccional, que en el Acuerdo celebrado el d\u00eda 24.8.2021, Acta N\u00b0 30, la Corte Suprema de Justicia de la Provincia de Santa Fe, dispuso lo siguiente:<br \/>\n\u201c<u>CONVENIO DE COOPERACI\u00d3N ENTRE LA CORTE SUPREMA DE JUSTICIA, EL MINISTERIO DE ECONOMIA Y LA SECRETAR\u00cdA DE JUSTICIA DE LA PROVINCIA DE SANTA FE s\/ SU IMPLEMENTACI\u00d3N.<\/u> <u>VISTOS<\/u>: Las necesidades del servicio judiciario; y, <u>CONSIDERANDO<\/u>: Que en el d\u00eda de la fecha se ha ratificado el convenio por el cual esta Corte, de manera conjunta con el Poder Ejecutivo Provincial y en el marco del Programa Santa Fe + Justicia, acuerda la tramitaci\u00f3n enteramente digital de aquellas causas en las cuales la Administraci\u00f3n Provincial de Impuestos inicia acciones legales tendientes a obtener el cobro de los impuestos, tasas y contribuciones que adeuden los contribuyentes santafecinos. Que este hito constituye un concreto y decidido avance hacia la despapelizaci\u00f3n del tr\u00e1mite jurisdiccional, lo que trae aparejado una mejor gesti\u00f3n de datos y recursos para este Poder Judicial, a la vez que acompa\u00f1a los nuevos lineamientos procesales que se vienen proyectando en las \u00faltimas reformas legislativas a los c\u00f3digos de rito. Que, en el caso particular, el Estado Provincial iniciar\u00e1 demandas a trav\u00e9s de sus representantes legales con la utilizaci\u00f3n de tecnolog\u00eda de firma digital; el \u00f3rgano jurisdiccional respectivo por su parte, tramitar\u00e1 el proceso con similar l\u00f3gica hasta alcanzar el archivo de la causa en cuesti\u00f3n. As\u00ed, la utilizaci\u00f3n de esta nueva metodolog\u00eda de trabajo sustituye al actual sistema vigente, prescindiendo del formato papel, con excepci\u00f3n de aquellos casos en que por imposibilidades procesales o t\u00e9cnicas de alguna de las partes resulte inviable su operatividad. Que, por consiguiente, habiendo amalgamado las partes firmantes del referido convenio las condiciones t\u00e9cnicas necesarias, deviene conducente en la ocasi\u00f3n poner en funcionamiento esta nueva metodolog\u00eda de trabajo, la cual, se insiste, marca un significativo avance hacia una justicia cien por ciento digital. Que, en raz\u00f3n de lo hasta aqu\u00ed expuesto y o\u00eddo en este Acto el se\u00f1or Procurador; <u>SE RESUELVE<\/u>: I.- Disponer que a partir del 1.9.2021 las demandas que inicie la Administraci\u00f3n Provincial de Impuestos por ante las dependencias de este Poder Judicial se tramitar\u00e1n de manera enteramente digital, con las excepciones previstas en los considerandos precedentes. II.- Comunicar lo aqu\u00ed resuelto a la Administraci\u00f3n Provincial de Impuestos por intermedio del Ministerio de Gobierno, Justicia y Derechos Humanos y al Ministerio de Econom\u00eda de la Provincia de Santa Fe. III.- Dar la m\u00e1s amplia difusi\u00f3n del presente decisorio entre todos los integrantes de este Poder Judicial, a trav\u00e9s de los medios conducentes al efecto. FDO. FALISTOCCO. ERBETTA. GUTI\u00c9RREZ. NETRI. SPULER. BARRAGUIRRE. BORDAS (SECRETARIO).&#8212;&#8212;&#8212;&#8212;&#8212;&#8212;&#8212;&#8212;&#8212;&#8212;&#8212;&#8212;&#8212;&#8212;&#8212;&#8212;&#8212;&#8211;<br \/>\nSin otro particular, saludo a Ud. atentamente.<\/p>\n<p>Fdo: Dr. Eduardo Bordas<br \/>\n( Secretario de Gobierno)&#8221;<\/p><\/div>\n<div class=\"gsp_post_data\" data-post_type=\"circulares\" data-cat=\"anio-2021\" data-modified=\"120\" data-title=\"Circular nro.157:&#8221;Convenio de Cooperaci\u00f3n entre la Corte Suprema de Justicia, el Ministerio de Econom\u00eda y la Secretar\u00eda de Justicia de la Provincia de Santa Fe s\/su implementaci\u00f3n: Ref. Inicio demandas de la Administraci\u00f3n Provincial de Impuestos&#8221;\" data-home=\"https:\/\/www.justiciasantafe.gov.ar\"><\/div>","protected":false},"excerpt":{"rendered":"<p>&#8220;Circular Nro. 157\/21.- Santa Fe, 25 de agosto de 2021.- Se\u00f1or Titular del \u00d3rgano Jurisdiccional S \/ D \u00a0 \u00a0 \u00a0 \u00a0 \u00a0 \u00a0 \u00a0 \u00a0 \u00a0 \u00a0Me dirijo a Ud. a fin de comunicarle, para su conocimiento y notificaci\u00f3n a todos los integrantes de ese \u00f3rgano jurisdiccional, que en el Acuerdo celebrado el d\u00eda [&#8230;]\n","protected":false},"author":10,"featured_media":0,"menu_order":0,"template":"","format":"standard","meta":{"_acf_changed":false,"footnotes":""},"categories":[33],"tags":[],"class_list":["post-20363","circulares","type-circulares","status-publish","format-standard","hentry","category-anio-2021"],"acf":{"i2t_anio":2021,"i2t_id_historico":7087,"i2t_autor_historico":"lcarrivale"},"_links":{"self":[{"href":"https:\/\/www.justiciasantafe.gov.ar\/index.php\/wp-json\/wp\/v2\/circulares\/20363","targetHints":{"allow":["GET"]}}],"collection":[{"href":"https:\/\/www.justiciasantafe.gov.ar\/index.php\/wp-json\/wp\/v2\/circulares"}],"about":[{"href":"https:\/\/www.justiciasantafe.gov.ar\/index.php\/wp-json\/wp\/v2\/types\/circulares"}],"author":[{"embeddable":true,"href":"https:\/\/www.justiciasantafe.gov.ar\/index.php\/wp-json\/wp\/v2\/users\/10"}],"version-history":[{"count":0,"href":"https:\/\/www.justiciasantafe.gov.ar\/index.php\/wp-json\/wp\/v2\/circulares\/20363\/revisions"}],"wp:attachment":[{"href":"https:\/\/www.justiciasantafe.gov.ar\/index.php\/wp-json\/wp\/v2\/media?parent=20363"}],"wp:term":[{"taxonomy":"category","embeddable":true,"href":"https:\/\/www.justiciasantafe.gov.ar\/index.php\/wp-json\/wp\/v2\/categories?post=20363"},{"taxonomy":"post_tag","embeddable":true,"href":"https:\/\/www.justiciasantafe.gov.ar\/index.php\/wp-json\/wp\/v2\/tags?post=20363"}],"curies":[{"name":"wp","href":"https:\/\/api.w.org\/{rel}","templated":true}]}}

Circular nro.157:&#8221;Convenio de Cooperación entre la Corte Suprema de Justicia, el Ministerio de Economía y la Secretaría de Justicia de la Provincia de Santa Fe s/su implementación: Ref. Inicio demandas de la Administración Provincial de Impuestos&#8221;

<div class="pdfprnt-buttons pdfprnt-buttons-circulares pdfprnt-top-right"><a href="https://www.justiciasantafe.gov.ar/index.php/wp-json/wp/v2/circulares/20363?print=pdf" class="pdfprnt-button pdfprnt-button-pdf" target="_blank"><img decoding="async" src="https://www.justiciasantafe.gov.ar/wp-content/plugins/pdf-print-pro/images/pdf.png?357112440" alt="image_pdf" title="Ver PDF" /></a><a href="https://www.justiciasantafe.gov.ar/index.php/wp-json/wp/v2/circulares/20363?print=print" class="pdfprnt-button pdfprnt-button-print" target="_blank"><img decoding="async" src="https://www.justiciasantafe.gov.ar/wp-content/plugins/pdf-print-pro/images/print.png?1674575983" alt="image_print" title="Imprimir contenido" /></a></div><p><strong>&#8220;Circular Nro. 157/21.-</strong></p>
<p>Santa Fe, 25 de agosto de 2021.-</p>
<p>Señor<br />
Titular del Órgano Jurisdiccional<br />
<u>S / D</u></p>
<div style="text-align: justify;">                   Me dirijo a Ud. a fin de comunicarle, para su conocimiento y notificación a todos los integrantes de ese órgano jurisdiccional, que en el Acuerdo celebrado el día 24.8.2021, Acta N° 30, la Corte Suprema de Justicia de la Provincia de Santa Fe, dispuso lo siguiente:<br />
“<u>CONVENIO DE COOPERACIÓN ENTRE LA CORTE SUPREMA DE JUSTICIA, EL MINISTERIO DE ECONOMIA Y LA SECRETARÍA DE JUSTICIA DE LA PROVINCIA DE SANTA FE s/ SU IMPLEMENTACIÓN.</u> <u>VISTOS</u>: Las necesidades del servicio judiciario; y, <u>CONSIDERANDO</u>: Que en el día de la fecha se ha ratificado el convenio por el cual esta Corte, de manera conjunta con el Poder Ejecutivo Provincial y en el marco del Programa Santa Fe + Justicia, acuerda la tramitación enteramente digital de aquellas causas en las cuales la Administración Provincial de Impuestos inicia acciones legales tendientes a obtener el cobro de los impuestos, tasas y contribuciones que adeuden los contribuyentes santafecinos. Que este hito constituye un concreto y decidido avance hacia la despapelización del trámite jurisdiccional, lo que trae aparejado una mejor gestión de datos y recursos para este Poder Judicial, a la vez que acompaña los nuevos lineamientos procesales que se vienen proyectando en las últimas reformas legislativas a los códigos de rito. Que, en el caso particular, el Estado Provincial iniciará demandas a través de sus representantes legales con la utilización de tecnología de firma digital; el órgano jurisdiccional respectivo por su parte, tramitará el proceso con similar lógica hasta alcanzar el archivo de la causa en cuestión. Así, la utilización de esta nueva metodología de trabajo sustituye al actual sistema vigente, prescindiendo del formato papel, con excepción de aquellos casos en que por imposibilidades procesales o técnicas de alguna de las partes resulte inviable su operatividad. Que, por consiguiente, habiendo amalgamado las partes firmantes del referido convenio las condiciones técnicas necesarias, deviene conducente en la ocasión poner en funcionamiento esta nueva metodología de trabajo, la cual, se insiste, marca un significativo avance hacia una justicia cien por ciento digital. Que, en razón de lo hasta aquí expuesto y oído en este Acto el señor Procurador; <u>SE RESUELVE</u>: I.- Disponer que a partir del 1.9.2021 las demandas que inicie la Administración Provincial de Impuestos por ante las dependencias de este Poder Judicial se tramitarán de manera enteramente digital, con las excepciones previstas en los considerandos precedentes. II.- Comunicar lo aquí resuelto a la Administración Provincial de Impuestos por intermedio del Ministerio de Gobierno, Justicia y Derechos Humanos y al Ministerio de Economía de la Provincia de Santa Fe. III.- Dar la más amplia difusión del presente decisorio entre todos los integrantes de este Poder Judicial, a través de los medios conducentes al efecto. FDO. FALISTOCCO. ERBETTA. GUTIÉRREZ. NETRI. SPULER. BARRAGUIRRE. BORDAS (SECRETARIO).&#8212;&#8212;&#8212;&#8212;&#8212;&#8212;&#8212;&#8212;&#8212;&#8212;&#8212;&#8212;&#8212;&#8212;&#8212;&#8212;&#8212;&#8211;<br />
Sin otro particular, saludo a Ud. atentamente.</p>
<p>Fdo: Dr. Eduardo Bordas<br />
( Secretario de Gobierno)&#8221;</p></div>
<div class="gsp_post_data" data-post_type="circulares" data-cat="anio-2021" data-modified="120" data-title="Circular nro.157:&#8221;Convenio de Cooperación entre la Corte Suprema de Justicia, el Ministerio de Economía y la Secretaría de Justicia de la Provincia de Santa Fe s/su implementación: Ref. Inicio demandas de la Administración Provincial de Impuestos&#8221;" data-home="https://www.justiciasantafe.gov.ar"></div>

<p>&#8220;Circular Nro. 157/21.- Santa Fe, 25 de agosto de 2021.- Señor Titular del Órgano Jurisdiccional S / D                    Me dirijo a Ud. a fin de comunicarle, para su conocimiento y notificación a todos los integrantes de ese órgano jurisdiccional, que en el Acuerdo celebrado el día [&#8230;]
