 {"id":20668,"date":"2020-07-24T00:00:00","date_gmt":"2022-09-05T19:03:43","guid":{"rendered":"https:\/\/www.justiciasantafe.gov.ar\/index.php\/circulares\/6454\/"},"modified":"2022-09-15T12:00:42","modified_gmt":"2022-09-15T15:00:42","slug":"6454","status":"publish","type":"circulares","link":"https:\/\/www.justiciasantafe.gov.ar\/index.php\/circulares\/6454\/","title":{"rendered":"Circular Nro. 104: &#8220;Cuentas de correo electr\u00f3nico para la comunicaci\u00f3n de los Juzgados de Distrito en lo Laboral de la Provincia con el Registro de Procesos Universales y Sucesorios y de Accidentes y Enfermedades Ocupacionales&#8221;"},"content":{"rendered":"<div class=\"pdfprnt-buttons pdfprnt-buttons-circulares pdfprnt-top-right\"><a href=\"https:\/\/www.justiciasantafe.gov.ar\/index.php\/wp-json\/wp\/v2\/circulares\/20668?print=pdf\" class=\"pdfprnt-button pdfprnt-button-pdf\" target=\"_blank\"><img decoding=\"async\" src=\"https:\/\/www.justiciasantafe.gov.ar\/wp-content\/plugins\/pdf-print-pro\/images\/pdf.png\" alt=\"image_pdf\" title=\"Ver PDF\" \/><\/a><a href=\"https:\/\/www.justiciasantafe.gov.ar\/index.php\/wp-json\/wp\/v2\/circulares\/20668?print=print\" class=\"pdfprnt-button pdfprnt-button-print\" target=\"_blank\"><img decoding=\"async\" src=\"https:\/\/www.justiciasantafe.gov.ar\/wp-content\/plugins\/pdf-print-pro\/images\/print.png\" alt=\"image_print\" title=\"Imprimir contenido\" \/><\/a><\/div><p><u>Circular Nro. 104\/2020.-<\/u><\/p>\n<p>Santa Fe, 24 de julio de 2020.-<\/p>\n<p>Se\u00f1or<br \/>\nTitular del \u00d3rgano Jurisdiccional<br \/>\n<u>S \/ D<\/u><\/p>\n<div style=\"text-align: justify;\">\u00a0\u00a0\u00a0\u00a0\u00a0\u00a0\u00a0 Por indicaci\u00f3n del se\u00f1or Presidente de la Corte Suprema de Justicia de la Provincia, se remite para su conocimiento y notificaci\u00f3n a los dem\u00e1s integrantes de esa dependencia, que de conformidad a lo resuelto por el Alto Cuerpo mediante Acta Acuerdo Nro. 23 de fecha 21.7.20 en relaci\u00f3n a la nueva operatoria dispuesta para la comunicaci\u00f3n de los Juzgados de Primera Instancia de Distrito en materia Laboral de la Provincia con el Registro de Procesos Universales y Sucesorios y de Accidentes y Enfermedades Ocupacionales; las cuentas de correo electr\u00f3nico creadas al efecto son las denominadas rpulaboralsfe@justiciasantafe.gov.ar y rpulaboralros@justiciasantafe.gov.ar.<br \/>\nPor consiguiente, cada \u00f3rgano jurisdiccional con competencia en materia laboral que deba inscribir informaci\u00f3n referente a procesos relacionados con Accidentes y Enfermedades Ocupacionales de dicho fuero, remitir\u00e1 la misma mediante correo electr\u00f3nico con firma digital a las cuentas arriba indicadas y en raz\u00f3n de la competencia territorial que le corresponda.<\/div>\n<p>Sin otro particular, saluda atentamente.<br \/>\nFdo: Dr. Eduardo Bordas<br \/>\n(Secretario de Gobierno)<\/p>\n<p>&nbsp;<\/p>\n<div class=\"gsp_post_data\" data-post_type=\"circulares\" data-cat=\"anio-2020\" data-modified=\"120\" data-title=\"Circular Nro. 104: &#8220;Cuentas de correo electr\u00f3nico para la comunicaci\u00f3n de los Juzgados de Distrito en lo Laboral de la Provincia con el Registro de Procesos Universales y Sucesorios y de Accidentes y Enfermedades Ocupacionales&#8221;\" data-home=\"https:\/\/www.justiciasantafe.gov.ar\"><\/div>","protected":false},"excerpt":{"rendered":"<p>Circular Nro. 104\/2020.- Santa Fe, 24 de julio de 2020.- Se\u00f1or Titular del \u00d3rgano Jurisdiccional S \/ D \u00a0\u00a0\u00a0\u00a0\u00a0\u00a0\u00a0 Por indicaci\u00f3n del se\u00f1or Presidente de la Corte Suprema de Justicia de la Provincia, se remite para su conocimiento y notificaci\u00f3n a los dem\u00e1s integrantes de esa dependencia, que de conformidad a lo resuelto por el [&#8230;]\n","protected":false},"author":10,"featured_media":0,"menu_order":0,"template":"","format":"standard","meta":{"_acf_changed":false,"footnotes":""},"categories":[32],"tags":[],"class_list":["post-20668","circulares","type-circulares","status-publish","format-standard","hentry","category-anio-2020"],"acf":{"i2t_anio":2020,"i2t_id_historico":6454,"i2t_autor_historico":"lcarrivale"},"_links":{"self":[{"href":"https:\/\/www.justiciasantafe.gov.ar\/index.php\/wp-json\/wp\/v2\/circulares\/20668","targetHints":{"allow":["GET"]}}],"collection":[{"href":"https:\/\/www.justiciasantafe.gov.ar\/index.php\/wp-json\/wp\/v2\/circulares"}],"about":[{"href":"https:\/\/www.justiciasantafe.gov.ar\/index.php\/wp-json\/wp\/v2\/types\/circulares"}],"author":[{"embeddable":true,"href":"https:\/\/www.justiciasantafe.gov.ar\/index.php\/wp-json\/wp\/v2\/users\/10"}],"version-history":[{"count":0,"href":"https:\/\/www.justiciasantafe.gov.ar\/index.php\/wp-json\/wp\/v2\/circulares\/20668\/revisions"}],"wp:attachment":[{"href":"https:\/\/www.justiciasantafe.gov.ar\/index.php\/wp-json\/wp\/v2\/media?parent=20668"}],"wp:term":[{"taxonomy":"category","embeddable":true,"href":"https:\/\/www.justiciasantafe.gov.ar\/index.php\/wp-json\/wp\/v2\/categories?post=20668"},{"taxonomy":"post_tag","embeddable":true,"href":"https:\/\/www.justiciasantafe.gov.ar\/index.php\/wp-json\/wp\/v2\/tags?post=20668"}],"curies":[{"name":"wp","href":"https:\/\/api.w.org\/{rel}","templated":true}]}}

Circular Nro. 104: &#8220;Cuentas de correo electrónico para la comunicación de los Juzgados de Distrito en lo Laboral de la Provincia con el Registro de Procesos Universales y Sucesorios y de Accidentes y Enfermedades Ocupacionales&#8221;

<div class="pdfprnt-buttons pdfprnt-buttons-circulares pdfprnt-top-right"><a href="https://www.justiciasantafe.gov.ar/index.php/wp-json/wp/v2/circulares/20668?print=pdf" class="pdfprnt-button pdfprnt-button-pdf" target="_blank"><img decoding="async" src="https://www.justiciasantafe.gov.ar/wp-content/plugins/pdf-print-pro/images/pdf.png" alt="image_pdf" title="Ver PDF" /></a><a href="https://www.justiciasantafe.gov.ar/index.php/wp-json/wp/v2/circulares/20668?print=print" class="pdfprnt-button pdfprnt-button-print" target="_blank"><img decoding="async" src="https://www.justiciasantafe.gov.ar/wp-content/plugins/pdf-print-pro/images/print.png" alt="image_print" title="Imprimir contenido" /></a></div><p><u>Circular Nro. 104/2020.-</u></p>
<p>Santa Fe, 24 de julio de 2020.-</p>
<p>Señor<br />
Titular del Órgano Jurisdiccional<br />
<u>S / D</u></p>
<div style="text-align: justify;">        Por indicación del señor Presidente de la Corte Suprema de Justicia de la Provincia, se remite para su conocimiento y notificación a los demás integrantes de esa dependencia, que de conformidad a lo resuelto por el Alto Cuerpo mediante Acta Acuerdo Nro. 23 de fecha 21.7.20 en relación a la nueva operatoria dispuesta para la comunicación de los Juzgados de Primera Instancia de Distrito en materia Laboral de la Provincia con el Registro de Procesos Universales y Sucesorios y de Accidentes y Enfermedades Ocupacionales; las cuentas de correo electrónico creadas al efecto son las denominadas rpulaboralsfe@justiciasantafe.gov.ar y rpulaboralros@justiciasantafe.gov.ar.<br />
Por consiguiente, cada órgano jurisdiccional con competencia en materia laboral que deba inscribir información referente a procesos relacionados con Accidentes y Enfermedades Ocupacionales de dicho fuero, remitirá la misma mediante correo electrónico con firma digital a las cuentas arriba indicadas y en razón de la competencia territorial que le corresponda.</div>
<p>Sin otro particular, saluda atentamente.<br />
Fdo: Dr. Eduardo Bordas<br />
(Secretario de Gobierno)</p>
<p>&nbsp;</p>
<div class="gsp_post_data" data-post_type="circulares" data-cat="anio-2020" data-modified="120" data-title="Circular Nro. 104: &#8220;Cuentas de correo electrónico para la comunicación de los Juzgados de Distrito en lo Laboral de la Provincia con el Registro de Procesos Universales y Sucesorios y de Accidentes y Enfermedades Ocupacionales&#8221;" data-home="https://www.justiciasantafe.gov.ar"></div>

<p>Circular Nro. 104/2020.- Santa Fe, 24 de julio de 2020.- Señor Titular del Órgano Jurisdiccional S / D         Por indicación del señor Presidente de la Corte Suprema de Justicia de la Provincia, se remite para su conocimiento y notificación a los demás integrantes de esa dependencia, que de conformidad a lo resuelto por el [&#8230;]
