 {"id":20679,"date":"2020-07-15T00:00:00","date_gmt":"2022-09-05T19:03:45","guid":{"rendered":"https:\/\/www.justiciasantafe.gov.ar\/index.php\/circulares\/6437\/"},"modified":"2022-09-15T12:05:01","modified_gmt":"2022-09-15T15:05:01","slug":"6437","status":"publish","type":"circulares","link":"https:\/\/www.justiciasantafe.gov.ar\/index.php\/circulares\/6437\/","title":{"rendered":"Circular nro. 93. Licencias compensatorias de la feria judicial de enero pendientes."},"content":{"rendered":"<div class=\"pdfprnt-buttons pdfprnt-buttons-circulares pdfprnt-top-right\"><a href=\"https:\/\/www.justiciasantafe.gov.ar\/index.php\/wp-json\/wp\/v2\/circulares\/20679?print=pdf\" class=\"pdfprnt-button pdfprnt-button-pdf\" target=\"_blank\"><img decoding=\"async\" src=\"https:\/\/www.justiciasantafe.gov.ar\/wp-content\/plugins\/pdf-print-pro\/images\/pdf.png\" alt=\"image_pdf\" title=\"Ver PDF\" \/><\/a><a href=\"https:\/\/www.justiciasantafe.gov.ar\/index.php\/wp-json\/wp\/v2\/circulares\/20679?print=print\" class=\"pdfprnt-button pdfprnt-button-print\" target=\"_blank\"><img decoding=\"async\" src=\"https:\/\/www.justiciasantafe.gov.ar\/wp-content\/plugins\/pdf-print-pro\/images\/print.png\" alt=\"image_print\" title=\"Imprimir contenido\" \/><\/a><\/div><p><u><strong>Circular Nro. 93\/2020.-<\/strong><\/u><\/p>\n<p>Santa Fe, 15 de julio de 2020.-<\/p>\n<p>Se\u00f1or<br \/>\nTitular del \u00d3rgano Jurisdiccional<br \/>\n<u>S \/ D<\/u><\/p>\n<p>Me dirijo a Ud. a fin de comunicarle, para su conocimiento y notificaci\u00f3n a todos los integrantes de ese \u00f3rgano jurisdiccional, que en el Acuerdo Ordinario celebrado el d\u00eda 14.7.2020, Acta N\u00b0 22, punto 7, la Excma. Corte Suprema de Justicia de la Provincia de Santa Fe, adopt\u00f3 la siguiente resoluci\u00f3n:<\/p>\n<p><u>PERSONAL QUE PREST\u00d3 SERVICIO DURANTE LA FERIA JUDICIAL DE ENERO DE 2020<\/u>. <u>VISTAS<\/u>: las actuaciones caratuladas: \u201cSITUACI\u00d3N EPIDEMIOL\u00d3GICA MUNDIAL GENERADA A RAIZ DE LA ENFERMEDAD COVID 19 (CORONAVIRUS)\u201d (CUIJ N\u00b0 21-17613628-3), y las necesidades del servicio judiciario; y, <u>CONSIDERANDO<\/u>: Que esta Corte, mediante Acuerdo de fecha 19.3.2020 dispuso receso administrativo en todo el \u00e1mbito del Poder Judicial de la Provincia desde esa fecha y hasta el 31 de marzo de 2020, prorrog\u00e1ndose el mismo a trav\u00e9s de distintos decisorios adoptados por este Cuerpo, extendi\u00e9ndose el mismo en el interior hasta el 15.5.2020 y en los aglomerados Santa Fe y Rosario hasta el 12.6.2020. Que, en lo que aqu\u00ed interesa, dicha situaci\u00f3n ha impedido el goce de la licencia compensatoria de la feria judicial del mes de enero de 2020 de algunos integrantes de este Poder Judicial que prestaron funciones durante la misma. Ello as\u00ed, y teniendo en consideraci\u00f3n el marco de excepcionalidad en el que esta Corte se viene pronunciando en funci\u00f3n de las actuales circunstancias, cabe en la oportunidad autorizar que las mismas sean compensadas por los agentes mencionados precedentemente, hasta el 31.12.2020, exceptu\u00e1ndolos ante la excepcionalidad de las circunstancias apuntadas de la caducidad dispuesta por Acuerdo de fecha 20.2.1991. -Acta Nro. 8 y su modificatoria del 6.5.1992 &#8211; Acta Nro. 25 &#8211; punto 8\u00b0-. Que ello as\u00ed, luego de un cambio de opiniones y o\u00eddo en este acto el se\u00f1or Procurador General, <u>SE RESUELVE<\/u>: As\u00ed disponerlo, y hacerlo saber librando las comunicaciones pertinentes, encomendando a la Secretar\u00eda de Gobierno del Cuerpo, arbitrar lo conducente a fin de que el goce de las licencias compensatorias referidas, no obstaculice la normal prestaci\u00f3n del servicio de justicia.- FDO.: GUTI\u00c9RREZ. ERBETTA. FALISTOCCO. GASTALDI. NETRI. SPULER. BARRAGUIRRE. BORDAS (SECRETARIO).<br \/>\nEn consecuencia, aquellos agentes que se encuentren comprendidos en la situaci\u00f3n mencionada deber\u00e1n comunicar a esta Secretar\u00eda de Gobierno hasta el 14 de agosto del corriente a\u00f1o la fecha en la que gozar\u00e1n de la licencia respectiva.<br \/>\nCon relaci\u00f3n a ello resulta oportuno recordar que deber\u00e1n tenerse presente los criterios establecidos por la Corte Suprema de Justicia en cuanto a que las licencias compensatorias no podr\u00e1n fraccionarse, -salvo lo dispuesto para la feria judicial de enero- ni unirse a otra feria judicial, ni agregar otra licencia que provoque una continuidad con otra feria. Asimismo y en id\u00e9ntico sentido las mismas deber\u00e1n diagramarse de manera tal de no resentir el servicio.<\/p>\n<p>Sin otro particular, saludo a Ud. atentamente.<\/p>\n<p>Dr. Eduardo Bordas<br \/>\nSecretario de Gobierno<\/p>\n<div class=\"gsp_post_data\" data-post_type=\"circulares\" data-cat=\"anio-2020\" data-modified=\"120\" data-title=\"Circular nro. 93. Licencias compensatorias de la feria judicial de enero pendientes.\" data-home=\"https:\/\/www.justiciasantafe.gov.ar\"><\/div>","protected":false},"excerpt":{"rendered":"<p>Circular Nro. 93\/2020.- Santa Fe, 15 de julio de 2020.- Se\u00f1or Titular del \u00d3rgano Jurisdiccional S \/ D Me dirijo a Ud. a fin de comunicarle, para su conocimiento y notificaci\u00f3n a todos los integrantes de ese \u00f3rgano jurisdiccional, que en el Acuerdo Ordinario celebrado el d\u00eda 14.7.2020, Acta N\u00b0 22, punto 7, la Excma. [&#8230;]\n","protected":false},"author":10,"featured_media":0,"menu_order":0,"template":"","format":"standard","meta":{"_acf_changed":false,"footnotes":""},"categories":[32],"tags":[],"class_list":["post-20679","circulares","type-circulares","status-publish","format-standard","hentry","category-anio-2020"],"acf":{"i2t_anio":2020,"i2t_id_historico":6437,"i2t_autor_historico":"lcarrivale"},"_links":{"self":[{"href":"https:\/\/www.justiciasantafe.gov.ar\/index.php\/wp-json\/wp\/v2\/circulares\/20679","targetHints":{"allow":["GET"]}}],"collection":[{"href":"https:\/\/www.justiciasantafe.gov.ar\/index.php\/wp-json\/wp\/v2\/circulares"}],"about":[{"href":"https:\/\/www.justiciasantafe.gov.ar\/index.php\/wp-json\/wp\/v2\/types\/circulares"}],"author":[{"embeddable":true,"href":"https:\/\/www.justiciasantafe.gov.ar\/index.php\/wp-json\/wp\/v2\/users\/10"}],"version-history":[{"count":0,"href":"https:\/\/www.justiciasantafe.gov.ar\/index.php\/wp-json\/wp\/v2\/circulares\/20679\/revisions"}],"wp:attachment":[{"href":"https:\/\/www.justiciasantafe.gov.ar\/index.php\/wp-json\/wp\/v2\/media?parent=20679"}],"wp:term":[{"taxonomy":"category","embeddable":true,"href":"https:\/\/www.justiciasantafe.gov.ar\/index.php\/wp-json\/wp\/v2\/categories?post=20679"},{"taxonomy":"post_tag","embeddable":true,"href":"https:\/\/www.justiciasantafe.gov.ar\/index.php\/wp-json\/wp\/v2\/tags?post=20679"}],"curies":[{"name":"wp","href":"https:\/\/api.w.org\/{rel}","templated":true}]}}

<div class="pdfprnt-buttons pdfprnt-buttons-circulares pdfprnt-top-right"><a href="https://www.justiciasantafe.gov.ar/index.php/wp-json/wp/v2/circulares/20679?print=pdf" class="pdfprnt-button pdfprnt-button-pdf" target="_blank"><img decoding="async" src="https://www.justiciasantafe.gov.ar/wp-content/plugins/pdf-print-pro/images/pdf.png" alt="image_pdf" title="Ver PDF" /></a><a href="https://www.justiciasantafe.gov.ar/index.php/wp-json/wp/v2/circulares/20679?print=print" class="pdfprnt-button pdfprnt-button-print" target="_blank"><img decoding="async" src="https://www.justiciasantafe.gov.ar/wp-content/plugins/pdf-print-pro/images/print.png" alt="image_print" title="Imprimir contenido" /></a></div><p><u><strong>Circular Nro. 93/2020.-</strong></u></p>
<p>Santa Fe, 15 de julio de 2020.-</p>
<p>Señor<br />
Titular del Órgano Jurisdiccional<br />
<u>S / D</u></p>
<p>Me dirijo a Ud. a fin de comunicarle, para su conocimiento y notificación a todos los integrantes de ese órgano jurisdiccional, que en el Acuerdo Ordinario celebrado el día 14.7.2020, Acta N° 22, punto 7, la Excma. Corte Suprema de Justicia de la Provincia de Santa Fe, adoptó la siguiente resolución:</p>
<p><u>PERSONAL QUE PRESTÓ SERVICIO DURANTE LA FERIA JUDICIAL DE ENERO DE 2020</u>. <u>VISTAS</u>: las actuaciones caratuladas: “SITUACIÓN EPIDEMIOLÓGICA MUNDIAL GENERADA A RAIZ DE LA ENFERMEDAD COVID 19 (CORONAVIRUS)” (CUIJ N° 21-17613628-3), y las necesidades del servicio judiciario; y, <u>CONSIDERANDO</u>: Que esta Corte, mediante Acuerdo de fecha 19.3.2020 dispuso receso administrativo en todo el ámbito del Poder Judicial de la Provincia desde esa fecha y hasta el 31 de marzo de 2020, prorrogándose el mismo a través de distintos decisorios adoptados por este Cuerpo, extendiéndose el mismo en el interior hasta el 15.5.2020 y en los aglomerados Santa Fe y Rosario hasta el 12.6.2020. Que, en lo que aquí interesa, dicha situación ha impedido el goce de la licencia compensatoria de la feria judicial del mes de enero de 2020 de algunos integrantes de este Poder Judicial que prestaron funciones durante la misma. Ello así, y teniendo en consideración el marco de excepcionalidad en el que esta Corte se viene pronunciando en función de las actuales circunstancias, cabe en la oportunidad autorizar que las mismas sean compensadas por los agentes mencionados precedentemente, hasta el 31.12.2020, exceptuándolos ante la excepcionalidad de las circunstancias apuntadas de la caducidad dispuesta por Acuerdo de fecha 20.2.1991. -Acta Nro. 8 y su modificatoria del 6.5.1992 &#8211; Acta Nro. 25 &#8211; punto 8°-. Que ello así, luego de un cambio de opiniones y oído en este acto el señor Procurador General, <u>SE RESUELVE</u>: Así disponerlo, y hacerlo saber librando las comunicaciones pertinentes, encomendando a la Secretaría de Gobierno del Cuerpo, arbitrar lo conducente a fin de que el goce de las licencias compensatorias referidas, no obstaculice la normal prestación del servicio de justicia.- FDO.: GUTIÉRREZ. ERBETTA. FALISTOCCO. GASTALDI. NETRI. SPULER. BARRAGUIRRE. BORDAS (SECRETARIO).<br />
En consecuencia, aquellos agentes que se encuentren comprendidos en la situación mencionada deberán comunicar a esta Secretaría de Gobierno hasta el 14 de agosto del corriente año la fecha en la que gozarán de la licencia respectiva.<br />
Con relación a ello resulta oportuno recordar que deberán tenerse presente los criterios establecidos por la Corte Suprema de Justicia en cuanto a que las licencias compensatorias no podrán fraccionarse, -salvo lo dispuesto para la feria judicial de enero- ni unirse a otra feria judicial, ni agregar otra licencia que provoque una continuidad con otra feria. Asimismo y en idéntico sentido las mismas deberán diagramarse de manera tal de no resentir el servicio.</p>
<p>Sin otro particular, saludo a Ud. atentamente.</p>
<p>Dr. Eduardo Bordas<br />
Secretario de Gobierno</p>
<div class="gsp_post_data" data-post_type="circulares" data-cat="anio-2020" data-modified="120" data-title="Circular nro. 93. Licencias compensatorias de la feria judicial de enero pendientes." data-home="https://www.justiciasantafe.gov.ar"></div>

<p>Circular Nro. 93/2020.- Santa Fe, 15 de julio de 2020.- Señor Titular del Órgano Jurisdiccional S / D Me dirijo a Ud. a fin de comunicarle, para su conocimiento y notificación a todos los integrantes de ese órgano jurisdiccional, que en el Acuerdo Ordinario celebrado el día 14.7.2020, Acta N° 22, punto 7, la Excma. [&#8230;]
