 {"id":20681,"date":"2020-07-13T00:00:00","date_gmt":"2022-09-05T19:03:45","guid":{"rendered":"https:\/\/www.justiciasantafe.gov.ar\/index.php\/circulares\/6435\/"},"modified":"2022-09-15T12:06:00","modified_gmt":"2022-09-15T15:06:00","slug":"6435","status":"publish","type":"circulares","link":"https:\/\/www.justiciasantafe.gov.ar\/index.php\/circulares\/6435\/","title":{"rendered":"Circular nro. 91.  Licencia a empleados del Poder Judicial que residen en la ciudad de Paran\u00e1 en el marco de la pandemia por el COVID-19"},"content":{"rendered":"<div class=\"pdfprnt-buttons pdfprnt-buttons-circulares pdfprnt-top-right\"><a href=\"https:\/\/www.justiciasantafe.gov.ar\/index.php\/wp-json\/wp\/v2\/circulares\/20681?print=pdf\" class=\"pdfprnt-button pdfprnt-button-pdf\" target=\"_blank\"><img decoding=\"async\" src=\"https:\/\/www.justiciasantafe.gov.ar\/wp-content\/plugins\/pdf-print-pro\/images\/pdf.png\" alt=\"image_pdf\" title=\"Ver PDF\" \/><\/a><a href=\"https:\/\/www.justiciasantafe.gov.ar\/index.php\/wp-json\/wp\/v2\/circulares\/20681?print=print\" class=\"pdfprnt-button pdfprnt-button-print\" target=\"_blank\"><img decoding=\"async\" src=\"https:\/\/www.justiciasantafe.gov.ar\/wp-content\/plugins\/pdf-print-pro\/images\/print.png\" alt=\"image_print\" title=\"Imprimir contenido\" \/><\/a><\/div><p><strong>Circular Nro. 91\/20.-<\/strong><\/p>\n<p>Santa Fe, 13 de julio de 2020.-<\/p>\n<p>Se\u00f1or<br \/>\nTitular del \u00d3rgano Jurisdiccional<br \/>\n<u>S \/ D<\/u><\/p>\n<p>Me dirijo a Ud. a fin de comunicarle, para su conocimiento y notificaci\u00f3n a todos los integrantes de ese \u00f3rgano jurisdiccional, lo dispuesto por la Secretar\u00eda de Gobierno de la Corte Suprema de Justicia:<br \/>\n\u201c Santa Fe, 13 de julio de 2020. <u>VISTAS<\/u>: Las actuaciones caratuladas \u201cSecretar\u00eda de Gobierno de la Corte Suprema de Justicia de Santa Fe s\/ Medidas Preventivas de Salud COVID-19 (Coronavirus)\u201d CUIJ N\u00b0 21-17613628-3; y, <u>CONSIDERANDO<\/u>: Que en virtud de instrucciones impartidas por la Excma. Corte Suprema de Justicia (Acta N\u00b0 8 del 16.3.2020), esta Secretar\u00eda de Gobierno ha ido adoptando diversas medidas en relaci\u00f3n a la Pandemia producida por el COVID-19 en sinton\u00eda con las disposiciones del Poder Ejecutivo Nacional y Provincial, como as\u00ed tambi\u00e9n de las autoridades sanitarias de ambas administraciones centrales. Que en esta l\u00ednea de trabajo y dentro de todas las medidas de excepci\u00f3n adoptadas a los fines del debido cuidado de la salud de agentes judiciales y ciudadanos por igual, en esta oportunidad y, atento a la situaci\u00f3n epidemiol\u00f3gica actual de p\u00fablico conocimiento que atraviesa la ciudad de Paran\u00e1 -Provincia de Entre R\u00edos- debido al aumento de casos confirmados de contagios por Covid-19 deviene necesaria la adopci\u00f3n de nuevas medidas al respecto. Que atento a ello, se consult\u00f3 a la autoridad sanitaria local y a las referentes de la Circunscripci\u00f3n Judicial N\u00b0 1 designadas por Resoluci\u00f3n N\u00b0 657 de fecha 29.6.2020, quienes aconsejaron licenciar a aquellos agentes que desarrollan tareas en este Poder Judicial y que residan en la ciudad de Paran\u00e1 mientras dure la situaci\u00f3n epidemiol\u00f3gica descripta. Ello, sin perjuicio de que los agentes referidos, quedar\u00e1n a disposici\u00f3n del titular del \u00f3rgano pertinente, para prestar la colaboraci\u00f3n necesaria en el momento y por los medios que se le requiera. Que en virtud de lo expuesto, y atento a lo establecido en los art\u00edculos 92 de la Constituci\u00f3n de la Provincia; 19 y 22 de la ley 10.160 (t.o. seg\u00fan decreto 46\/1998) y las facultades conferidas por Acuerdo del 20.10.1999 (Acta 41, punto \u00fanico); la Secretar\u00eda de Gobierno de la Corte Suprema de Justicia de la Provincia de Santa Fe; \u00a0<u>RESUELVE<\/u>: I. Conceder licencia desde el d\u00eda 13.7.2020 a los agentes que prestan tareas en este Poder Judicial que residan en la ciudad de Paran\u00e1 -Provincia de Entre R\u00edos- mientras dure la situaci\u00f3n epidemiol\u00f3gica referida, quedando a disposici\u00f3n para prestar la colaboraci\u00f3n necesaria conforme lo dispuesto en el Considerando precedente. II. Hacer saber lo aqu\u00ed dispuesto a las Presidencias de las C\u00e1maras de las Cinco Circunscripciones Judiciales; al Ministerio P\u00fablico de la Acusaci\u00f3n; al Servicio P\u00fablico Provincial de la Defensa Penal; al Colegio de Magistrados y Funcionarios de la Provincia de Santa Fe; a los Colegios Profesionales de Abogados y Procuradores de las Cinco Circunscripciones y al Sindicato de Trabajadores Judiciales. Reg\u00edstrese, h\u00e1gase saber y d\u00e9se cuenta al Cuerpo.Fdo.: BORDAS (Secretario de Gobierno) \u2013 PIVIDORI (Secretario Letrado de Presidencia)\u201d.<\/p>\n<p>Sin otro particular, saludo a Ud. atentamente.<\/p>\n<p>Dr. Eduardo Bordas<br \/>\nSecretario de Gobierno<\/p>\n<div class=\"gsp_post_data\" data-post_type=\"circulares\" data-cat=\"anio-2020\" data-modified=\"120\" data-title=\"Circular nro. 91.  Licencia a empleados del Poder Judicial que residen en la ciudad de Paran\u00e1 en el marco de la pandemia por el COVID-19\" data-home=\"https:\/\/www.justiciasantafe.gov.ar\"><\/div>","protected":false},"excerpt":{"rendered":"<p>Circular Nro. 91\/20.- Santa Fe, 13 de julio de 2020.- Se\u00f1or Titular del \u00d3rgano Jurisdiccional S \/ D Me dirijo a Ud. a fin de comunicarle, para su conocimiento y notificaci\u00f3n a todos los integrantes de ese \u00f3rgano jurisdiccional, lo dispuesto por la Secretar\u00eda de Gobierno de la Corte Suprema de Justicia: \u201c Santa Fe, [&#8230;]\n","protected":false},"author":10,"featured_media":0,"menu_order":0,"template":"","format":"standard","meta":{"_acf_changed":false,"footnotes":""},"categories":[32],"tags":[],"class_list":["post-20681","circulares","type-circulares","status-publish","format-standard","hentry","category-anio-2020"],"acf":{"i2t_anio":2020,"i2t_id_historico":6435,"i2t_autor_historico":"lcarrivale"},"_links":{"self":[{"href":"https:\/\/www.justiciasantafe.gov.ar\/index.php\/wp-json\/wp\/v2\/circulares\/20681","targetHints":{"allow":["GET"]}}],"collection":[{"href":"https:\/\/www.justiciasantafe.gov.ar\/index.php\/wp-json\/wp\/v2\/circulares"}],"about":[{"href":"https:\/\/www.justiciasantafe.gov.ar\/index.php\/wp-json\/wp\/v2\/types\/circulares"}],"author":[{"embeddable":true,"href":"https:\/\/www.justiciasantafe.gov.ar\/index.php\/wp-json\/wp\/v2\/users\/10"}],"version-history":[{"count":0,"href":"https:\/\/www.justiciasantafe.gov.ar\/index.php\/wp-json\/wp\/v2\/circulares\/20681\/revisions"}],"wp:attachment":[{"href":"https:\/\/www.justiciasantafe.gov.ar\/index.php\/wp-json\/wp\/v2\/media?parent=20681"}],"wp:term":[{"taxonomy":"category","embeddable":true,"href":"https:\/\/www.justiciasantafe.gov.ar\/index.php\/wp-json\/wp\/v2\/categories?post=20681"},{"taxonomy":"post_tag","embeddable":true,"href":"https:\/\/www.justiciasantafe.gov.ar\/index.php\/wp-json\/wp\/v2\/tags?post=20681"}],"curies":[{"name":"wp","href":"https:\/\/api.w.org\/{rel}","templated":true}]}}

Circular nro. 91.  Licencia a empleados del Poder Judicial que residen en la ciudad de Paraná en el marco de la pandemia por el COVID-19

<div class="pdfprnt-buttons pdfprnt-buttons-circulares pdfprnt-top-right"><a href="https://www.justiciasantafe.gov.ar/index.php/wp-json/wp/v2/circulares/20681?print=pdf" class="pdfprnt-button pdfprnt-button-pdf" target="_blank"><img decoding="async" src="https://www.justiciasantafe.gov.ar/wp-content/plugins/pdf-print-pro/images/pdf.png" alt="image_pdf" title="Ver PDF" /></a><a href="https://www.justiciasantafe.gov.ar/index.php/wp-json/wp/v2/circulares/20681?print=print" class="pdfprnt-button pdfprnt-button-print" target="_blank"><img decoding="async" src="https://www.justiciasantafe.gov.ar/wp-content/plugins/pdf-print-pro/images/print.png" alt="image_print" title="Imprimir contenido" /></a></div><p><strong>Circular Nro. 91/20.-</strong></p>
<p>Santa Fe, 13 de julio de 2020.-</p>
<p>Señor<br />
Titular del Órgano Jurisdiccional<br />
<u>S / D</u></p>
<p>Me dirijo a Ud. a fin de comunicarle, para su conocimiento y notificación a todos los integrantes de ese órgano jurisdiccional, lo dispuesto por la Secretaría de Gobierno de la Corte Suprema de Justicia:<br />
“ Santa Fe, 13 de julio de 2020. <u>VISTAS</u>: Las actuaciones caratuladas “Secretaría de Gobierno de la Corte Suprema de Justicia de Santa Fe s/ Medidas Preventivas de Salud COVID-19 (Coronavirus)” CUIJ N° 21-17613628-3; y, <u>CONSIDERANDO</u>: Que en virtud de instrucciones impartidas por la Excma. Corte Suprema de Justicia (Acta N° 8 del 16.3.2020), esta Secretaría de Gobierno ha ido adoptando diversas medidas en relación a la Pandemia producida por el COVID-19 en sintonía con las disposiciones del Poder Ejecutivo Nacional y Provincial, como así también de las autoridades sanitarias de ambas administraciones centrales. Que en esta línea de trabajo y dentro de todas las medidas de excepción adoptadas a los fines del debido cuidado de la salud de agentes judiciales y ciudadanos por igual, en esta oportunidad y, atento a la situación epidemiológica actual de público conocimiento que atraviesa la ciudad de Paraná -Provincia de Entre Ríos- debido al aumento de casos confirmados de contagios por Covid-19 deviene necesaria la adopción de nuevas medidas al respecto. Que atento a ello, se consultó a la autoridad sanitaria local y a las referentes de la Circunscripción Judicial N° 1 designadas por Resolución N° 657 de fecha 29.6.2020, quienes aconsejaron licenciar a aquellos agentes que desarrollan tareas en este Poder Judicial y que residan en la ciudad de Paraná mientras dure la situación epidemiológica descripta. Ello, sin perjuicio de que los agentes referidos, quedarán a disposición del titular del órgano pertinente, para prestar la colaboración necesaria en el momento y por los medios que se le requiera. Que en virtud de lo expuesto, y atento a lo establecido en los artículos 92 de la Constitución de la Provincia; 19 y 22 de la ley 10.160 (t.o. según decreto 46/1998) y las facultades conferidas por Acuerdo del 20.10.1999 (Acta 41, punto único); la Secretaría de Gobierno de la Corte Suprema de Justicia de la Provincia de Santa Fe;  <u>RESUELVE</u>: I. Conceder licencia desde el día 13.7.2020 a los agentes que prestan tareas en este Poder Judicial que residan en la ciudad de Paraná -Provincia de Entre Ríos- mientras dure la situación epidemiológica referida, quedando a disposición para prestar la colaboración necesaria conforme lo dispuesto en el Considerando precedente. II. Hacer saber lo aquí dispuesto a las Presidencias de las Cámaras de las Cinco Circunscripciones Judiciales; al Ministerio Público de la Acusación; al Servicio Público Provincial de la Defensa Penal; al Colegio de Magistrados y Funcionarios de la Provincia de Santa Fe; a los Colegios Profesionales de Abogados y Procuradores de las Cinco Circunscripciones y al Sindicato de Trabajadores Judiciales. Regístrese, hágase saber y dése cuenta al Cuerpo.Fdo.: BORDAS (Secretario de Gobierno) – PIVIDORI (Secretario Letrado de Presidencia)”.</p>
<p>Sin otro particular, saludo a Ud. atentamente.</p>
<p>Dr. Eduardo Bordas<br />
Secretario de Gobierno</p>
<div class="gsp_post_data" data-post_type="circulares" data-cat="anio-2020" data-modified="120" data-title="Circular nro. 91.  Licencia a empleados del Poder Judicial que residen en la ciudad de Paraná en el marco de la pandemia por el COVID-19" data-home="https://www.justiciasantafe.gov.ar"></div>

<p>Circular Nro. 91/20.- Santa Fe, 13 de julio de 2020.- Señor Titular del Órgano Jurisdiccional S / D Me dirijo a Ud. a fin de comunicarle, para su conocimiento y notificación a todos los integrantes de ese órgano jurisdiccional, lo dispuesto por la Secretaría de Gobierno de la Corte Suprema de Justicia: “ Santa Fe, [&#8230;]
