 {"id":20720,"date":"2020-05-06T00:00:00","date_gmt":"2022-09-05T19:03:51","guid":{"rendered":"https:\/\/www.justiciasantafe.gov.ar\/index.php\/circulares\/6335\/"},"modified":"2022-09-15T12:16:57","modified_gmt":"2022-09-15T15:16:57","slug":"6335","status":"publish","type":"circulares","link":"https:\/\/www.justiciasantafe.gov.ar\/index.php\/circulares\/6335\/","title":{"rendered":"Circular Nro. 47\/2020:&#8221;Ampliaci\u00f3n de temas por materias habilitadas por la Corte Suprema de Justicia por Acta N\u00ba11, pto. \u00fanico de fecha 14.4.2020&#8243;"},"content":{"rendered":"<div class=\"pdfprnt-buttons pdfprnt-buttons-circulares pdfprnt-top-right\"><a href=\"https:\/\/www.justiciasantafe.gov.ar\/index.php\/wp-json\/wp\/v2\/circulares\/20720?print=pdf\" class=\"pdfprnt-button pdfprnt-button-pdf\" target=\"_blank\"><img decoding=\"async\" src=\"https:\/\/www.justiciasantafe.gov.ar\/wp-content\/plugins\/pdf-print-pro\/images\/pdf.png\" alt=\"image_pdf\" title=\"Ver PDF\" \/><\/a><a href=\"https:\/\/www.justiciasantafe.gov.ar\/index.php\/wp-json\/wp\/v2\/circulares\/20720?print=print\" class=\"pdfprnt-button pdfprnt-button-print\" target=\"_blank\"><img decoding=\"async\" src=\"https:\/\/www.justiciasantafe.gov.ar\/wp-content\/plugins\/pdf-print-pro\/images\/print.png\" alt=\"image_print\" title=\"Imprimir contenido\" \/><\/a><\/div><p><strong>&#8220;Circular Nro. 47\/20.-<\/strong><\/p>\n<p>Santa Fe, 6 de mayo de 2020.-<br \/>\nSe\u00f1or<br \/>\nTitular del \u00d3rgano Jurisdiccional<br \/>\n<u>S \/ D<\/u><\/p>\n<p>Me dirijo a Ud. a fin de comunicarle, para su conocimiento y notificaci\u00f3n a todos los integrantes de ese \u00f3rgano jurisdiccional, que en el Acuerdo celebrado el d\u00eda 5.5.2020, Acta N\u00b0 13, punto 1, la Excma. Corte Suprema de Justicia de la Provincia de Santa Fe, adopt\u00f3 la siguiente resoluci\u00f3n:<\/p>\n<div style=\"text-align: justify;\">\n<p><u>\u201cAMPLIACI\u00d3N DE TEMAS POR MATERIAS HABILITADAS POR LA CORTE SUPREMA DE JUSTICIA POR ACTA NRO.11 PUNTO \u00daNICO DE FECHA 14.4.20. VISTAS<\/u>: Las razones del servicio judiciario, y; <u>CONSIDERANDO<\/u>: Que esta Corte dispuso mediante el Acta Acuerdo referenciado, una ampliaci\u00f3n del esquema de trabajo hasta la fecha en funcionamiento, el cual contempl\u00f3 la apertura de otras unidades jurisdiccionales en todo el \u00e1mbito provincial. En similar sentido, hizo extensiva la cantidad de temas por materia que ser\u00edan objeto de tramitaci\u00f3n en cada fuero en particular. Para ello, habilit\u00f3 cuentas de correo electr\u00f3nico espec\u00edficas en todos los Juzgados o Tribunales en funciones, mediante las cu\u00e1les los profesionales materializaron las respectivas presentaciones y pedidos. Que as\u00ed las cosas, y en lo que ahora interesa, habiendo transcurrido un plazo prudencial desde la puesta en marcha de esta modalidad de trabajo, se entiende oportuno ampliar la misma incorporando nuevos temas por materia. Que en tal sentido, se ha expresado el Colegio de Magistrados de Santa Fe y las C\u00e1maras de los distintos fueros, mediante nota del pasado 4 de mayo del corriente elevada a la Presidencia de este cuerpo, donde sugieren una serie de temas para ser incorporados en el esquema de prestaci\u00f3n de servicios durante este marco de excepci\u00f3n. Que en relaci\u00f3n a ello, cabe se\u00f1alar que la ampliaci\u00f3n referida por dichos organismos en lo que hace a homologaciones y transacciones para el fuero Civil y Comercial, se encuentra previsto en el punto VIII, parte resolutiva, del Acta Acuerdo Nro. 11 del 14.4.20. Que asimismo, y por corresponder a la misma materia, la solicitud de extender dicho tipo de tr\u00e1mites al fuero de Responsabilidad Extracontractual, se entiende debidamente all\u00ed comprendida. Que, en lo referente a la tramitaci\u00f3n de juicios sucesorios y declaratorias de herederos, ha de se\u00f1alarse que los mismos tambi\u00e9n han sido incluidos en el referido punto de tal decisorio. Que, por otra parte, y en lo que hace a las restantes propuestas, resulta pertinente en este estado ampliar el marco de temas a atender en la jurisdicci\u00f3n, en lo que refiere a pedidos de regulaci\u00f3n de honorarios; vistas a las Cajas Profesionales, y tr\u00e1mites tendientes a la efectivizaci\u00f3n del cobro de honorarios profesionales por v\u00eda de apremio. Que de esta manera, se dar\u00e1 continuidad a la progresiva implementaci\u00f3n de nuevos temas para la ampliaci\u00f3n del servicio de justicia, sin descuidar la necesaria sustentabilidad del esquema de trabajo oportunamente considerado por este Cuerpo. Que, en virtud de todo lo expuesto, y o\u00eddo en este acto el se\u00f1or Procurador General, <u>SE RESUELVE<\/u>: I.- Ampliar los temas por materia dispuestos por este Cuerpo en el Acta Nro. 11, Punto \u00danico de fecha 14.4.20, incorporando en la oportunidad a los pedidos de regulaci\u00f3n de honorarios; vistas a las Cajas Profesionales; y tr\u00e1mites tendientes a la efectivizaci\u00f3n del cobro de honorarios profesionales por v\u00eda de apremio; en todos los fueros y a trav\u00e9s de las unidades jurisdiccionales que prestan funciones durante el actual marco de excepci\u00f3n. II.- Hacer saber lo aqu\u00ed dispuesto al Colegio de Magistrados y Funcionarios; a las Presidencias de C\u00e1mara de Apelaci\u00f3n de las Cinco Circunscripciones Judiciales; a los Colegios Profesionales de Abogados y Procuradores de las cinco Circunscripciones Judiciales; y al Sindicato de Trabajadores Judiciales. III.- Librar las comunicaciones pertinentes. FDO. GUTI\u00c9RREZ. ERBETTA. FALISTOCCO. GASTALDI. NETRI. SPULER. BARRAGUIRRE. BORDAS (SECRETARIO).&#8212;&#8212;&#8212;&#8212;&#8212;&#8212;&#8212;&#8212;&#8212;&#8212;&#8212;&#8212;&#8212;&#8212;&#8212;&#8212;&#8212;&#8212;&#8212;&#8212;&#8212;&#8212;&#8212;&#8212;&#8212;&#8212;&#8212;&#8212;&#8212;&#8212;&#8212;&#8212;&#8212;&#8212;&#8212;&#8212;&#8212;&#8212;&#8212;&#8212;&#8211;\u201c<\/p>\n<p>Sin otro particular, saludo a Ud. atentamente.<br \/>\nFdo: Dr. Eduardo Bordas<br \/>\n(Secretario de Gobierno)&#8221;\n<\/p><\/div>\n<div class=\"gsp_post_data\" data-post_type=\"circulares\" data-cat=\"anio-2020\" data-modified=\"120\" data-title=\"Circular Nro. 47\/2020:&#8221;Ampliaci\u00f3n de temas por materias habilitadas por la Corte Suprema de Justicia por Acta N\u00ba11, pto. \u00fanico de fecha 14.4.2020&#8243;\" data-home=\"https:\/\/www.justiciasantafe.gov.ar\"><\/div>","protected":false},"excerpt":{"rendered":"<p>&#8220;Circular Nro. 47\/20.- Santa Fe, 6 de mayo de 2020.- Se\u00f1or Titular del \u00d3rgano Jurisdiccional S \/ D Me dirijo a Ud. a fin de comunicarle, para su conocimiento y notificaci\u00f3n a todos los integrantes de ese \u00f3rgano jurisdiccional, que en el Acuerdo celebrado el d\u00eda 5.5.2020, Acta N\u00b0 13, punto 1, la Excma. Corte [&#8230;]\n","protected":false},"author":10,"featured_media":0,"menu_order":0,"template":"","format":"standard","meta":{"_acf_changed":false,"footnotes":""},"categories":[32],"tags":[],"class_list":["post-20720","circulares","type-circulares","status-publish","format-standard","hentry","category-anio-2020"],"acf":{"i2t_anio":2020,"i2t_id_historico":6335,"i2t_autor_historico":"lcarrivale"},"_links":{"self":[{"href":"https:\/\/www.justiciasantafe.gov.ar\/index.php\/wp-json\/wp\/v2\/circulares\/20720","targetHints":{"allow":["GET"]}}],"collection":[{"href":"https:\/\/www.justiciasantafe.gov.ar\/index.php\/wp-json\/wp\/v2\/circulares"}],"about":[{"href":"https:\/\/www.justiciasantafe.gov.ar\/index.php\/wp-json\/wp\/v2\/types\/circulares"}],"author":[{"embeddable":true,"href":"https:\/\/www.justiciasantafe.gov.ar\/index.php\/wp-json\/wp\/v2\/users\/10"}],"version-history":[{"count":0,"href":"https:\/\/www.justiciasantafe.gov.ar\/index.php\/wp-json\/wp\/v2\/circulares\/20720\/revisions"}],"wp:attachment":[{"href":"https:\/\/www.justiciasantafe.gov.ar\/index.php\/wp-json\/wp\/v2\/media?parent=20720"}],"wp:term":[{"taxonomy":"category","embeddable":true,"href":"https:\/\/www.justiciasantafe.gov.ar\/index.php\/wp-json\/wp\/v2\/categories?post=20720"},{"taxonomy":"post_tag","embeddable":true,"href":"https:\/\/www.justiciasantafe.gov.ar\/index.php\/wp-json\/wp\/v2\/tags?post=20720"}],"curies":[{"name":"wp","href":"https:\/\/api.w.org\/{rel}","templated":true}]}}

Circular Nro. 47/2020:&#8221;Ampliación de temas por materias habilitadas por la Corte Suprema de Justicia por Acta Nº11, pto. único de fecha 14.4.2020&#8243;

<div class="pdfprnt-buttons pdfprnt-buttons-circulares pdfprnt-top-right"><a href="https://www.justiciasantafe.gov.ar/index.php/wp-json/wp/v2/circulares/20720?print=pdf" class="pdfprnt-button pdfprnt-button-pdf" target="_blank"><img decoding="async" src="https://www.justiciasantafe.gov.ar/wp-content/plugins/pdf-print-pro/images/pdf.png" alt="image_pdf" title="Ver PDF" /></a><a href="https://www.justiciasantafe.gov.ar/index.php/wp-json/wp/v2/circulares/20720?print=print" class="pdfprnt-button pdfprnt-button-print" target="_blank"><img decoding="async" src="https://www.justiciasantafe.gov.ar/wp-content/plugins/pdf-print-pro/images/print.png" alt="image_print" title="Imprimir contenido" /></a></div><p><strong>&#8220;Circular Nro. 47/20.-</strong></p>
<p>Santa Fe, 6 de mayo de 2020.-<br />
Señor<br />
Titular del Órgano Jurisdiccional<br />
<u>S / D</u></p>
<p>Me dirijo a Ud. a fin de comunicarle, para su conocimiento y notificación a todos los integrantes de ese órgano jurisdiccional, que en el Acuerdo celebrado el día 5.5.2020, Acta N° 13, punto 1, la Excma. Corte Suprema de Justicia de la Provincia de Santa Fe, adoptó la siguiente resolución:</p>
<div style="text-align: justify;">
<p><u>“AMPLIACIÓN DE TEMAS POR MATERIAS HABILITADAS POR LA CORTE SUPREMA DE JUSTICIA POR ACTA NRO.11 PUNTO ÚNICO DE FECHA 14.4.20. VISTAS</u>: Las razones del servicio judiciario, y; <u>CONSIDERANDO</u>: Que esta Corte dispuso mediante el Acta Acuerdo referenciado, una ampliación del esquema de trabajo hasta la fecha en funcionamiento, el cual contempló la apertura de otras unidades jurisdiccionales en todo el ámbito provincial. En similar sentido, hizo extensiva la cantidad de temas por materia que serían objeto de tramitación en cada fuero en particular. Para ello, habilitó cuentas de correo electrónico específicas en todos los Juzgados o Tribunales en funciones, mediante las cuáles los profesionales materializaron las respectivas presentaciones y pedidos. Que así las cosas, y en lo que ahora interesa, habiendo transcurrido un plazo prudencial desde la puesta en marcha de esta modalidad de trabajo, se entiende oportuno ampliar la misma incorporando nuevos temas por materia. Que en tal sentido, se ha expresado el Colegio de Magistrados de Santa Fe y las Cámaras de los distintos fueros, mediante nota del pasado 4 de mayo del corriente elevada a la Presidencia de este cuerpo, donde sugieren una serie de temas para ser incorporados en el esquema de prestación de servicios durante este marco de excepción. Que en relación a ello, cabe señalar que la ampliación referida por dichos organismos en lo que hace a homologaciones y transacciones para el fuero Civil y Comercial, se encuentra previsto en el punto VIII, parte resolutiva, del Acta Acuerdo Nro. 11 del 14.4.20. Que asimismo, y por corresponder a la misma materia, la solicitud de extender dicho tipo de trámites al fuero de Responsabilidad Extracontractual, se entiende debidamente allí comprendida. Que, en lo referente a la tramitación de juicios sucesorios y declaratorias de herederos, ha de señalarse que los mismos también han sido incluidos en el referido punto de tal decisorio. Que, por otra parte, y en lo que hace a las restantes propuestas, resulta pertinente en este estado ampliar el marco de temas a atender en la jurisdicción, en lo que refiere a pedidos de regulación de honorarios; vistas a las Cajas Profesionales, y trámites tendientes a la efectivización del cobro de honorarios profesionales por vía de apremio. Que de esta manera, se dará continuidad a la progresiva implementación de nuevos temas para la ampliación del servicio de justicia, sin descuidar la necesaria sustentabilidad del esquema de trabajo oportunamente considerado por este Cuerpo. Que, en virtud de todo lo expuesto, y oído en este acto el señor Procurador General, <u>SE RESUELVE</u>: I.- Ampliar los temas por materia dispuestos por este Cuerpo en el Acta Nro. 11, Punto Único de fecha 14.4.20, incorporando en la oportunidad a los pedidos de regulación de honorarios; vistas a las Cajas Profesionales; y trámites tendientes a la efectivización del cobro de honorarios profesionales por vía de apremio; en todos los fueros y a través de las unidades jurisdiccionales que prestan funciones durante el actual marco de excepción. II.- Hacer saber lo aquí dispuesto al Colegio de Magistrados y Funcionarios; a las Presidencias de Cámara de Apelación de las Cinco Circunscripciones Judiciales; a los Colegios Profesionales de Abogados y Procuradores de las cinco Circunscripciones Judiciales; y al Sindicato de Trabajadores Judiciales. III.- Librar las comunicaciones pertinentes. FDO. GUTIÉRREZ. ERBETTA. FALISTOCCO. GASTALDI. NETRI. SPULER. BARRAGUIRRE. BORDAS (SECRETARIO).&#8212;&#8212;&#8212;&#8212;&#8212;&#8212;&#8212;&#8212;&#8212;&#8212;&#8212;&#8212;&#8212;&#8212;&#8212;&#8212;&#8212;&#8212;&#8212;&#8212;&#8212;&#8212;&#8212;&#8212;&#8212;&#8212;&#8212;&#8212;&#8212;&#8212;&#8212;&#8212;&#8212;&#8212;&#8212;&#8212;&#8212;&#8212;&#8212;&#8212;&#8211;“</p>
<p>Sin otro particular, saludo a Ud. atentamente.<br />
Fdo: Dr. Eduardo Bordas<br />
(Secretario de Gobierno)&#8221;
</p></div>
<div class="gsp_post_data" data-post_type="circulares" data-cat="anio-2020" data-modified="120" data-title="Circular Nro. 47/2020:&#8221;Ampliación de temas por materias habilitadas por la Corte Suprema de Justicia por Acta Nº11, pto. único de fecha 14.4.2020&#8243;" data-home="https://www.justiciasantafe.gov.ar"></div>

<p>&#8220;Circular Nro. 47/20.- Santa Fe, 6 de mayo de 2020.- Señor Titular del Órgano Jurisdiccional S / D Me dirijo a Ud. a fin de comunicarle, para su conocimiento y notificación a todos los integrantes de ese órgano jurisdiccional, que en el Acuerdo celebrado el día 5.5.2020, Acta N° 13, punto 1, la Excma. Corte [&#8230;]
