 {"id":20968,"date":"2018-09-26T00:00:00","date_gmt":"2022-09-05T19:04:40","guid":{"rendered":"https:\/\/www.justiciasantafe.gov.ar\/index.php\/circulares\/5761\/"},"modified":"2022-09-05T16:04:40","modified_gmt":"2022-09-05T19:04:40","slug":"5761","status":"publish","type":"circulares","link":"https:\/\/www.justiciasantafe.gov.ar\/index.php\/circulares\/5761\/","title":{"rendered":"Circular nro. 107.  Suspensi\u00f3n de t\u00e9rminos procesales por paro nacional del d\u00eda 25 de setiembre de 2018."},"content":{"rendered":"<div class=\"pdfprnt-buttons pdfprnt-buttons-circulares pdfprnt-top-right\"><a href=\"https:\/\/www.justiciasantafe.gov.ar\/index.php\/wp-json\/wp\/v2\/circulares\/20968?print=pdf\" class=\"pdfprnt-button pdfprnt-button-pdf\" target=\"_blank\"><img decoding=\"async\" src=\"https:\/\/www.justiciasantafe.gov.ar\/wp-content\/plugins\/pdf-print-pro\/images\/pdf.png?357112440\" alt=\"image_pdf\" title=\"Ver PDF\" \/><\/a><a href=\"https:\/\/www.justiciasantafe.gov.ar\/index.php\/wp-json\/wp\/v2\/circulares\/20968?print=print\" class=\"pdfprnt-button pdfprnt-button-print\" target=\"_blank\"><img decoding=\"async\" src=\"https:\/\/www.justiciasantafe.gov.ar\/wp-content\/plugins\/pdf-print-pro\/images\/print.png?1674575983\" alt=\"image_print\" title=\"Imprimir contenido\" \/><\/a><\/div><p>Circular Nro. 107\/2018.-<\/p>\n<p>Santa Fe, 26 de setiembre de 2018.-<\/p>\n<p>Se&ntilde;or&nbsp;<br \/>\nTitular del &Oacute;rgano Jurisdiccional<br \/>\n<u>S&nbsp;&nbsp;&nbsp;&nbsp;&nbsp;&nbsp;&nbsp;&nbsp;&nbsp;&nbsp;&nbsp;&nbsp;&nbsp;&nbsp;&nbsp;&nbsp;&nbsp;&nbsp;&nbsp;&nbsp; \/&nbsp;&nbsp;&nbsp;&nbsp;&nbsp;&nbsp;&nbsp;&nbsp;&nbsp;&nbsp;&nbsp;&nbsp;&nbsp;&nbsp;&nbsp;&nbsp;&nbsp;&nbsp; D<\/u>&nbsp;<br \/>\n&nbsp;<br \/>\nMe dirijo a Ud. a fin de comunicarle, para su conocimiento y notificaci&oacute;n a todos los integrantes de ese &oacute;rgano jurisdiccional, que en el Acuerdo Ordinario celebrado el d&iacute;a 25.9.2018, Acta Nro. 35, punto 9, la Excma. Corte Suprema de Justicia de la Provincia de Santa Fe, adopt&oacute; la siguiente resoluci&oacute;n:<br \/>\n&nbsp;<br \/>\n<strong>&ldquo;<\/strong>9) <u>RESOLUCI&Oacute;N DE LA PRESIDENCIA DE LA CORTE SUPREMA DE JUSTICIA DE FECHA 24.9.2018<\/u>. El Se&ntilde;or Presidente de este Cuerpo, Dr. RAFAEL FRANCISCO GUTI&Eacute;RREZ, informa que en fecha 24 de septiembre de 2018, dict&oacute; la siguiente resoluci&oacute;n: &ldquo;&#8230; <u>VISTO<\/u>: El paro nacional de actividades dispuesto para el d&iacute;a 25.9.2018; y, <u>CONSIDERANDO<\/u>: Que la situaci&oacute;n aludida obstar&aacute; el normal desenvolvimiento de la actividad judicial en los Tribunales de la Provincia, y afectar&aacute; especialmente el desarrollo de las tareas propias de los profesionales del foro. Que atento a ello, y de conformidad a las previsiones del art&iacute;culo 22 inciso 9 de la ley 10.160 (t.o. Decreto 0046\/98), en relaci&oacute;n al art&iacute;culo 19 inciso 7 del mismo cuerpo legal, el Se&ntilde;or Presidente de la Excma. Corte Suprema de Justicia de la Provincia, <u>RESUELVE<\/u>: I. Disponer durante el d&iacute;a 25 de septiembre de 2018, la suspensi&oacute;n de los t&eacute;rminos procesales y audiencias, en las sedes judiciales de la Provincia de Santa Fe, sin perjuicio de las actividades que los respectivos responsables de las unidades jurisdiccionales dispongan realizar y de los actos que mediando consentimiento de las partes se ejecuten. II. Brindar la m&aacute;s amplia difusi&oacute;n del presente decisorio, a trav&eacute;s de los medios correspondientes, con comunicaci&oacute;n a los Colegios Profesionales. III. Ins&eacute;rtese, h&aacute;gase saber, oportunamente dese cuenta al Cuerpo y arch&iacute;vese. FDO.: GUTI&Eacute;RREZ (PRESIDENTE). BORDAS (SECRETARIO). O&iacute;do lo cual, luego de un cambio de opiniones y de conformidad con lo dictaminado en este acto por el Se&ntilde;or Procurador General, <u>SE RESUELVE<\/u>: Ratificar lo actuado por la Presidencia del Cuerpo. FDO. GUTI&Eacute;RREZ. ERBETTA. FALISTOCCO. GASTALDI. NETRI. SPULER. BARRAGUIRRE. BORDAS (SECRETARIO)&rdquo;.<br \/>\n&nbsp;<br \/>\nSin otro particular, saludo a Ud. atentamente.<\/p>\n<p>Dr. Eduardo Bordas<br \/>\nSecretario de Gobierno<\/p>\n<div class=\"gsp_post_data\" data-post_type=\"circulares\" data-cat=\"anio-2018\" data-modified=\"120\" data-title=\"Circular nro. 107.  Suspensi\u00f3n de t\u00e9rminos procesales por paro nacional del d\u00eda 25 de setiembre de 2018.\" data-home=\"https:\/\/www.justiciasantafe.gov.ar\"><\/div>","protected":false},"excerpt":{"rendered":"<p>Circular Nro. 107\/2018.- Santa Fe, 26 de setiembre de 2018.- Se&ntilde;or&nbsp; Titular del &Oacute;rgano Jurisdiccional S&nbsp;&nbsp;&nbsp;&nbsp;&nbsp;&nbsp;&nbsp;&nbsp;&nbsp;&nbsp;&nbsp;&nbsp;&nbsp;&nbsp;&nbsp;&nbsp;&nbsp;&nbsp;&nbsp;&nbsp; \/&nbsp;&nbsp;&nbsp;&nbsp;&nbsp;&nbsp;&nbsp;&nbsp;&nbsp;&nbsp;&nbsp;&nbsp;&nbsp;&nbsp;&nbsp;&nbsp;&nbsp;&nbsp; D&nbsp; &nbsp; Me dirijo a Ud. a fin de comunicarle, para su conocimiento y notificaci&oacute;n a todos los integrantes de ese &oacute;rgano jurisdiccional, que en el Acuerdo Ordinario celebrado el d&iacute;a 25.9.2018, Acta Nro. 35, punto 9, la [&#8230;]\n","protected":false},"author":10,"featured_media":0,"menu_order":0,"template":"","format":"standard","meta":{"_acf_changed":false,"footnotes":""},"categories":[34],"tags":[],"class_list":["post-20968","circulares","type-circulares","status-publish","format-standard","hentry","category-anio-2018"],"acf":{"i2t_anio":2018,"i2t_id_historico":5761,"i2t_autor_historico":"lcarrivale"},"_links":{"self":[{"href":"https:\/\/www.justiciasantafe.gov.ar\/index.php\/wp-json\/wp\/v2\/circulares\/20968","targetHints":{"allow":["GET"]}}],"collection":[{"href":"https:\/\/www.justiciasantafe.gov.ar\/index.php\/wp-json\/wp\/v2\/circulares"}],"about":[{"href":"https:\/\/www.justiciasantafe.gov.ar\/index.php\/wp-json\/wp\/v2\/types\/circulares"}],"author":[{"embeddable":true,"href":"https:\/\/www.justiciasantafe.gov.ar\/index.php\/wp-json\/wp\/v2\/users\/10"}],"version-history":[{"count":0,"href":"https:\/\/www.justiciasantafe.gov.ar\/index.php\/wp-json\/wp\/v2\/circulares\/20968\/revisions"}],"wp:attachment":[{"href":"https:\/\/www.justiciasantafe.gov.ar\/index.php\/wp-json\/wp\/v2\/media?parent=20968"}],"wp:term":[{"taxonomy":"category","embeddable":true,"href":"https:\/\/www.justiciasantafe.gov.ar\/index.php\/wp-json\/wp\/v2\/categories?post=20968"},{"taxonomy":"post_tag","embeddable":true,"href":"https:\/\/www.justiciasantafe.gov.ar\/index.php\/wp-json\/wp\/v2\/tags?post=20968"}],"curies":[{"name":"wp","href":"https:\/\/api.w.org\/{rel}","templated":true}]}}

Circular nro. 107.  Suspensión de términos procesales por paro nacional del día 25 de setiembre de 2018.

<div class="pdfprnt-buttons pdfprnt-buttons-circulares pdfprnt-top-right"><a href="https://www.justiciasantafe.gov.ar/index.php/wp-json/wp/v2/circulares/20968?print=pdf" class="pdfprnt-button pdfprnt-button-pdf" target="_blank"><img decoding="async" src="https://www.justiciasantafe.gov.ar/wp-content/plugins/pdf-print-pro/images/pdf.png?357112440" alt="image_pdf" title="Ver PDF" /></a><a href="https://www.justiciasantafe.gov.ar/index.php/wp-json/wp/v2/circulares/20968?print=print" class="pdfprnt-button pdfprnt-button-print" target="_blank"><img decoding="async" src="https://www.justiciasantafe.gov.ar/wp-content/plugins/pdf-print-pro/images/print.png?1674575983" alt="image_print" title="Imprimir contenido" /></a></div><p>Circular Nro. 107/2018.-</p>
<p>Santa Fe, 26 de setiembre de 2018.-</p>
<p>Se&ntilde;or&nbsp;<br />
Titular del &Oacute;rgano Jurisdiccional<br />
<u>S&nbsp;&nbsp;&nbsp;&nbsp;&nbsp;&nbsp;&nbsp;&nbsp;&nbsp;&nbsp;&nbsp;&nbsp;&nbsp;&nbsp;&nbsp;&nbsp;&nbsp;&nbsp;&nbsp;&nbsp; /&nbsp;&nbsp;&nbsp;&nbsp;&nbsp;&nbsp;&nbsp;&nbsp;&nbsp;&nbsp;&nbsp;&nbsp;&nbsp;&nbsp;&nbsp;&nbsp;&nbsp;&nbsp; D</u>&nbsp;<br />
&nbsp;<br />
Me dirijo a Ud. a fin de comunicarle, para su conocimiento y notificaci&oacute;n a todos los integrantes de ese &oacute;rgano jurisdiccional, que en el Acuerdo Ordinario celebrado el d&iacute;a 25.9.2018, Acta Nro. 35, punto 9, la Excma. Corte Suprema de Justicia de la Provincia de Santa Fe, adopt&oacute; la siguiente resoluci&oacute;n:<br />
&nbsp;<br />
<strong>&ldquo;</strong>9) <u>RESOLUCI&Oacute;N DE LA PRESIDENCIA DE LA CORTE SUPREMA DE JUSTICIA DE FECHA 24.9.2018</u>. El Se&ntilde;or Presidente de este Cuerpo, Dr. RAFAEL FRANCISCO GUTI&Eacute;RREZ, informa que en fecha 24 de septiembre de 2018, dict&oacute; la siguiente resoluci&oacute;n: &ldquo;&#8230; <u>VISTO</u>: El paro nacional de actividades dispuesto para el d&iacute;a 25.9.2018; y, <u>CONSIDERANDO</u>: Que la situaci&oacute;n aludida obstar&aacute; el normal desenvolvimiento de la actividad judicial en los Tribunales de la Provincia, y afectar&aacute; especialmente el desarrollo de las tareas propias de los profesionales del foro. Que atento a ello, y de conformidad a las previsiones del art&iacute;culo 22 inciso 9 de la ley 10.160 (t.o. Decreto 0046/98), en relaci&oacute;n al art&iacute;culo 19 inciso 7 del mismo cuerpo legal, el Se&ntilde;or Presidente de la Excma. Corte Suprema de Justicia de la Provincia, <u>RESUELVE</u>: I. Disponer durante el d&iacute;a 25 de septiembre de 2018, la suspensi&oacute;n de los t&eacute;rminos procesales y audiencias, en las sedes judiciales de la Provincia de Santa Fe, sin perjuicio de las actividades que los respectivos responsables de las unidades jurisdiccionales dispongan realizar y de los actos que mediando consentimiento de las partes se ejecuten. II. Brindar la m&aacute;s amplia difusi&oacute;n del presente decisorio, a trav&eacute;s de los medios correspondientes, con comunicaci&oacute;n a los Colegios Profesionales. III. Ins&eacute;rtese, h&aacute;gase saber, oportunamente dese cuenta al Cuerpo y arch&iacute;vese. FDO.: GUTI&Eacute;RREZ (PRESIDENTE). BORDAS (SECRETARIO). O&iacute;do lo cual, luego de un cambio de opiniones y de conformidad con lo dictaminado en este acto por el Se&ntilde;or Procurador General, <u>SE RESUELVE</u>: Ratificar lo actuado por la Presidencia del Cuerpo. FDO. GUTI&Eacute;RREZ. ERBETTA. FALISTOCCO. GASTALDI. NETRI. SPULER. BARRAGUIRRE. BORDAS (SECRETARIO)&rdquo;.<br />
&nbsp;<br />
Sin otro particular, saludo a Ud. atentamente.</p>
<p>Dr. Eduardo Bordas<br />
Secretario de Gobierno</p>
<div class="gsp_post_data" data-post_type="circulares" data-cat="anio-2018" data-modified="120" data-title="Circular nro. 107.  Suspensión de términos procesales por paro nacional del día 25 de setiembre de 2018." data-home="https://www.justiciasantafe.gov.ar"></div>
