 {"id":20972,"date":"2018-09-24T00:00:00","date_gmt":"2022-09-05T19:04:41","guid":{"rendered":"https:\/\/www.justiciasantafe.gov.ar\/index.php\/circulares\/5754\/"},"modified":"2022-09-05T16:04:41","modified_gmt":"2022-09-05T19:04:41","slug":"5754","status":"publish","type":"circulares","link":"https:\/\/www.justiciasantafe.gov.ar\/index.php\/circulares\/5754\/","title":{"rendered":"Circular nro. 101.  Llamado a concurso para 1 cargo de Especialista Inform\u00e1tico de Segunda (cat. Oficial Mayor) para la Secretar\u00eda de Inform\u00e1tica de Santa Fe"},"content":{"rendered":"<div class=\"pdfprnt-buttons pdfprnt-buttons-circulares pdfprnt-top-right\"><a href=\"https:\/\/www.justiciasantafe.gov.ar\/index.php\/wp-json\/wp\/v2\/circulares\/20972?print=pdf\" class=\"pdfprnt-button pdfprnt-button-pdf\" target=\"_blank\"><img decoding=\"async\" src=\"https:\/\/www.justiciasantafe.gov.ar\/wp-content\/plugins\/pdf-print-pro\/images\/pdf.png?357112440\" alt=\"image_pdf\" title=\"Ver PDF\" \/><\/a><a href=\"https:\/\/www.justiciasantafe.gov.ar\/index.php\/wp-json\/wp\/v2\/circulares\/20972?print=print\" class=\"pdfprnt-button pdfprnt-button-print\" target=\"_blank\"><img decoding=\"async\" src=\"https:\/\/www.justiciasantafe.gov.ar\/wp-content\/plugins\/pdf-print-pro\/images\/print.png?1674575983\" alt=\"image_print\" title=\"Imprimir contenido\" \/><\/a><\/div><p><strong><u>Circular Nro. 101\/18.<\/u><\/strong><br \/>\n&nbsp;<br \/>\nSanta Fe,&nbsp;&nbsp; 24&nbsp; de septiembre de 2018.<\/p>\n<p>Se&ntilde;or<br \/>\nTitular del &Oacute;rgano Jurisdiccional<br \/>\n<u>S&nbsp;&nbsp;&nbsp;&nbsp;&nbsp;&nbsp;&nbsp;&nbsp;&nbsp;&nbsp;&nbsp;&nbsp;&nbsp;&nbsp;&nbsp;&nbsp;&nbsp;&nbsp;&nbsp;&nbsp;&nbsp;&nbsp; \/&nbsp;&nbsp;&nbsp;&nbsp;&nbsp;&nbsp;&nbsp;&nbsp;&nbsp;&nbsp;&nbsp;&nbsp;&nbsp;&nbsp;&nbsp;&nbsp;&nbsp;&nbsp;&nbsp;&nbsp;&nbsp;&nbsp; D<\/u><\/p>\n<p>Para su conocimiento y notificaci&oacute;n a los dem&aacute;s integrantes de esa dependencia, me dirijo a Ud. a fin de comunicarle que por resoluci&oacute;n de la Secretar&iacute;a de Gobierno de la Corte Suprema de Justicia de la Provincia de fecha 17 de septiembre de 2018, ratificada por Acuerdo Ordinario del Alto Tribunal celebrado el d&iacute;a 18 de septiembre de 2018, Acta N&deg; 34, punto 3, se ha dispuesto llamar a Concurso para la provisi&oacute;n del siguiente cargo:<\/p>\n<p>&ldquo;Santa Fe, 17 de septiembre de 2018. <u>VISTAS<\/u>: Las necesidades del servicio judiciario; y, <u>CONSIDERANDO<\/u>: Que resulta pertinente proceder a efectuar el respectivo llamado a concurso para cargos vacantes en la administraci&oacute;n de justicia de la Provincia. Por lo expuesto, seg&uacute;n lo establecido en los art&iacute;culos 92 de la Constituci&oacute;n Provincial, 19 y 22 de la ley 10.160 (t.o. seg&uacute;n Decreto Nro. 0046\/1998) y las facultades conferidas por Acuerdo de fecha 20.10.1999, Acta N&deg; 41, punto &uacute;nico, la Secretar&iacute;a de Gobierno de la Corte Suprema de Justicia de la Provincia de Santa Fe, <u>RESUELVE<\/u>: I). Llamar a concurso abierto de antecedentes y, en su caso de oposici&oacute;n, para la provisi&oacute;n de un cargo de ESPECIALISTA INFORM&Aacute;TICO DE SEGUNDA (categor&iacute;a presupuestaria de Oficial Mayor) para la Secretar&iacute;a de Inform&aacute;tica en los Tribunales de Santa Fe y toda otra tarea que le asigne la Corte Suprema de Justicia. II). Establecer que para participar en el respectivo concurso los interesados deber&aacute;n acreditar los siguientes requisitos: a) Ciudadan&iacute;a argentina; b) Mayor&iacute;a de edad; c) Graduaci&oacute;n en estudios superiores universitarios o superiores no universitarios, en&nbsp;inform&aacute;tica, con t&iacute;tulos reconocidos oficialmente, con duraci&oacute;n no menor a 3 (tres) a&ntilde;os; o 5 (cinco) a&ntilde;os de desempe&ntilde;o de tareas inform&aacute;ticas en el Poder Judicial. Se deber&aacute; acompa&ntilde;ar plan de estudios y detalle de las materias que lo componen; d) Si el postulante al cargo referido no pertenece al Poder Judicial deber&aacute; acreditar por lo menos 3 (tres) a&ntilde;os de antig&uuml;edad en el t&iacute;tulo, a la fecha del llamado a concurso y experiencia laboral en inform&aacute;tica, comprobable mediante certificaci&oacute;n de servicios, no menor a 2 (dos) a&ntilde;os; e) Residencia no menor de 2 (dos) a&ntilde;os en la provincia si no hubiere nacido en ella; f) Buenos antecedentes de conducta acreditados con el certificado respectivo otorgado por la Polic&iacute;a de la Provincia de Santa Fe; g) Certificaci&oacute;n de la Oficina Judicial correspondiente de no hallarse incluido en el Registro de Deudores Alimentarios Morosos; h) Poseer capacitaci&oacute;n y experiencia relacionada con el objeto del llamado a concurso teni&eacute;ndose especialmente en cuenta las tareas desempe&ntilde;adas en el &aacute;mbito Judicial, a cuyo efecto deber&aacute;n acompa&ntilde;ar a su solicitud de inscripci&oacute;n, todo antecedente -debidamente certificado- que consideren pertinente (t&iacute;tulos superiores universitarios o superiores no universitarios reconocidos oficialmente, estudios universitarios o superiores no universitarios espec&iacute;ficos no completos, cursos no formales, experiencia laboral debidamente certificada, etc.); i) Haberse desempe&ntilde;ado en actividades inform&aacute;ticas, tales como: i.1) Operaci&oacute;n, instalaci&oacute;n y configuraci&oacute;n de Pc, impresoras, esc&aacute;ner, lectores de c&oacute;digo de barra y otros perif&eacute;ricos. i.2) Instalaci&oacute;n, configuraci&oacute;n y resoluci&oacute;n de problemas de sistema operativo (Windows 7, 10). i.3) Conexiones y configuraciones de Pc a redes de datos. i.4) Administraci&oacute;n b&aacute;sica Unix, Linux, Windows (Gesti&oacute;n de Usuarios, Grupos y Permisos en Dominio, administraci&oacute;n b&aacute;sica de permisos de carpetas locales y de recursos compartidos). i.5) Instalaci&oacute;n, configuraci&oacute;n de soluciones antivirus y de malware en clientes. Manejo de logs de Antivirus. Instalaci&oacute;n parches de seguridad y configuraci&oacute;n de firewall en pc. i.6) Instalaci&oacute;n, configuraci&oacute;n y actualizaci&oacute;n&nbsp; de productos de software adicionales, tales como Drivers, Emuladores, Clientes de correo, Navegadores, Planillas de c&aacute;lculo, Procesador de textos, SW de Manejo de Presentaciones Visuales, etc.). i7) Instalaci&oacute;n y configuraci&oacute;n de proyectores y pantallas para visualizaci&oacute;n de presentaciones. i.8). Manejo de herramientas OPManager, OCSInventory o similares. i.9) Manejo de herramientas tales como: Winscp, VNC, Putty, etc. o similares. i.10) Atenci&oacute;n, Soporte T&eacute;cnico y Capacitaci&oacute;n a usuarios. i.11) Conducci&oacute;n, organizaci&oacute;n y planificaci&oacute;n de proyectos que involucren bienes y servicios inform&aacute;ticos. i.12) Administraci&oacute;n y Control de Inventario de HW y SW. i.13) Coordinaci&oacute;n con proveedores y su personal t&eacute;cnico con el fin de controlar, verificar y garantizar procedimientos de migraciones y\/o soporte t&eacute;cnico de HW, SW y Conectividad. i.14) Organizaci&oacute;n de la documentaci&oacute;n del &aacute;rea. i.15) Se considerar&aacute;n preferentemente si las actividades inform&aacute;ticas hubieren sido desarrolladas en el &aacute;mbito judicial. III). Fijar como per&iacute;odo de inscripci&oacute;n el comprendido entre el 1 y el 12 de octubre del corriente a&ntilde;o, ambas fechas inclusive, debiendo los interesados presentar las solicitudes en la Secretar&iacute;a de Gobierno de la Corte en Santa Fe, mencionando y acompa&ntilde;ando en su caso, todos los antecedentes que estimen convenientes, los que deber&aacute;n ser retirados dentro del plazo de dos meses, una vez resuelto el concurso. IV). Disponer que oportunamente se designar&aacute; la fecha para la recepci&oacute;n de las entrevistas personales para los postulantes inscriptos que re&uacute;nan las exigencias legales y reglamentarias, estableciendo que el concurso se realizar&aacute; de acuerdo a las prescripciones contenidas en el reglamento vigente en materia de concursos.&nbsp; Reg&iacute;strese, h&aacute;gase saber y dese cuenta al cuerpo.&nbsp;&nbsp;&nbsp; FDO.: BORDAS (SECRETARIO DE GOBIERNO). ESQUIVEL (PROSECRETARIO DE GOBIERNO)&rdquo;.<\/p>\n<p>Saludo a Ud. atentamente.<\/p>\n<p>Dr. Eduardo Bordas<br \/>\nSecretario de Gobierno&nbsp;&nbsp;&nbsp;&nbsp;&nbsp;&nbsp;&nbsp;&nbsp;&nbsp;&nbsp;&nbsp;&nbsp;&nbsp;&nbsp;&nbsp;&nbsp;&nbsp;&nbsp;&nbsp;&nbsp;&nbsp;&nbsp;&nbsp;&nbsp;&nbsp;&nbsp;&nbsp;&nbsp;&nbsp;&nbsp;&nbsp;&nbsp;&nbsp; Formulario de inscripci&oacute;n:&nbsp;&nbsp;<a href=\"http:\/\/www.justiciasantafe.gov.ar\/ckfinder\/userfiles\/files\/legislacion-y-jurisprudencia\/legislacion\/circulares\/5177.pdf\" target=\"_blank\" title=\"Ver archivo\"> CI-101-18-formulario inscripcion<\/a><\/p>\n<div class=\"gsp_post_data\" data-post_type=\"circulares\" data-cat=\"anio-2018\" data-modified=\"120\" data-title=\"Circular nro. 101.  Llamado a concurso para 1 cargo de Especialista Inform\u00e1tico de Segunda (cat. Oficial Mayor) para la Secretar\u00eda de Inform\u00e1tica de Santa Fe\" data-home=\"https:\/\/www.justiciasantafe.gov.ar\"><\/div>","protected":false},"excerpt":{"rendered":"<p>Circular Nro. 101\/18. &nbsp; Santa Fe,&nbsp;&nbsp; 24&nbsp; de septiembre de 2018. Se&ntilde;or Titular del &Oacute;rgano Jurisdiccional S&nbsp;&nbsp;&nbsp;&nbsp;&nbsp;&nbsp;&nbsp;&nbsp;&nbsp;&nbsp;&nbsp;&nbsp;&nbsp;&nbsp;&nbsp;&nbsp;&nbsp;&nbsp;&nbsp;&nbsp;&nbsp;&nbsp; \/&nbsp;&nbsp;&nbsp;&nbsp;&nbsp;&nbsp;&nbsp;&nbsp;&nbsp;&nbsp;&nbsp;&nbsp;&nbsp;&nbsp;&nbsp;&nbsp;&nbsp;&nbsp;&nbsp;&nbsp;&nbsp;&nbsp; D Para su conocimiento y notificaci&oacute;n a los dem&aacute;s integrantes de esa dependencia, me dirijo a Ud. a fin de comunicarle que por resoluci&oacute;n de la Secretar&iacute;a de Gobierno de la Corte Suprema de Justicia de la [&#8230;]\n","protected":false},"author":10,"featured_media":0,"menu_order":0,"template":"","format":"standard","meta":{"_acf_changed":false,"footnotes":""},"categories":[34],"tags":[],"class_list":["post-20972","circulares","type-circulares","status-publish","format-standard","hentry","category-anio-2018"],"acf":{"i2t_anio":2018,"i2t_id_historico":5754,"i2t_autor_historico":"lcarrivale"},"_links":{"self":[{"href":"https:\/\/www.justiciasantafe.gov.ar\/index.php\/wp-json\/wp\/v2\/circulares\/20972","targetHints":{"allow":["GET"]}}],"collection":[{"href":"https:\/\/www.justiciasantafe.gov.ar\/index.php\/wp-json\/wp\/v2\/circulares"}],"about":[{"href":"https:\/\/www.justiciasantafe.gov.ar\/index.php\/wp-json\/wp\/v2\/types\/circulares"}],"author":[{"embeddable":true,"href":"https:\/\/www.justiciasantafe.gov.ar\/index.php\/wp-json\/wp\/v2\/users\/10"}],"version-history":[{"count":0,"href":"https:\/\/www.justiciasantafe.gov.ar\/index.php\/wp-json\/wp\/v2\/circulares\/20972\/revisions"}],"wp:attachment":[{"href":"https:\/\/www.justiciasantafe.gov.ar\/index.php\/wp-json\/wp\/v2\/media?parent=20972"}],"wp:term":[{"taxonomy":"category","embeddable":true,"href":"https:\/\/www.justiciasantafe.gov.ar\/index.php\/wp-json\/wp\/v2\/categories?post=20972"},{"taxonomy":"post_tag","embeddable":true,"href":"https:\/\/www.justiciasantafe.gov.ar\/index.php\/wp-json\/wp\/v2\/tags?post=20972"}],"curies":[{"name":"wp","href":"https:\/\/api.w.org\/{rel}","templated":true}]}}

Circular nro. 101.  Llamado a concurso para 1 cargo de Especialista Informático de Segunda (cat. Oficial Mayor) para la Secretaría de Informática de Santa Fe

<div class="pdfprnt-buttons pdfprnt-buttons-circulares pdfprnt-top-right"><a href="https://www.justiciasantafe.gov.ar/index.php/wp-json/wp/v2/circulares/20972?print=pdf" class="pdfprnt-button pdfprnt-button-pdf" target="_blank"><img decoding="async" src="https://www.justiciasantafe.gov.ar/wp-content/plugins/pdf-print-pro/images/pdf.png?357112440" alt="image_pdf" title="Ver PDF" /></a><a href="https://www.justiciasantafe.gov.ar/index.php/wp-json/wp/v2/circulares/20972?print=print" class="pdfprnt-button pdfprnt-button-print" target="_blank"><img decoding="async" src="https://www.justiciasantafe.gov.ar/wp-content/plugins/pdf-print-pro/images/print.png?1674575983" alt="image_print" title="Imprimir contenido" /></a></div><p><strong><u>Circular Nro. 101/18.</u></strong><br />
&nbsp;<br />
Santa Fe,&nbsp;&nbsp; 24&nbsp; de septiembre de 2018.</p>
<p>Se&ntilde;or<br />
Titular del &Oacute;rgano Jurisdiccional<br />
<u>S&nbsp;&nbsp;&nbsp;&nbsp;&nbsp;&nbsp;&nbsp;&nbsp;&nbsp;&nbsp;&nbsp;&nbsp;&nbsp;&nbsp;&nbsp;&nbsp;&nbsp;&nbsp;&nbsp;&nbsp;&nbsp;&nbsp; /&nbsp;&nbsp;&nbsp;&nbsp;&nbsp;&nbsp;&nbsp;&nbsp;&nbsp;&nbsp;&nbsp;&nbsp;&nbsp;&nbsp;&nbsp;&nbsp;&nbsp;&nbsp;&nbsp;&nbsp;&nbsp;&nbsp; D</u></p>
<p>Para su conocimiento y notificaci&oacute;n a los dem&aacute;s integrantes de esa dependencia, me dirijo a Ud. a fin de comunicarle que por resoluci&oacute;n de la Secretar&iacute;a de Gobierno de la Corte Suprema de Justicia de la Provincia de fecha 17 de septiembre de 2018, ratificada por Acuerdo Ordinario del Alto Tribunal celebrado el d&iacute;a 18 de septiembre de 2018, Acta N&deg; 34, punto 3, se ha dispuesto llamar a Concurso para la provisi&oacute;n del siguiente cargo:</p>
<p>&ldquo;Santa Fe, 17 de septiembre de 2018. <u>VISTAS</u>: Las necesidades del servicio judiciario; y, <u>CONSIDERANDO</u>: Que resulta pertinente proceder a efectuar el respectivo llamado a concurso para cargos vacantes en la administraci&oacute;n de justicia de la Provincia. Por lo expuesto, seg&uacute;n lo establecido en los art&iacute;culos 92 de la Constituci&oacute;n Provincial, 19 y 22 de la ley 10.160 (t.o. seg&uacute;n Decreto Nro. 0046/1998) y las facultades conferidas por Acuerdo de fecha 20.10.1999, Acta N&deg; 41, punto &uacute;nico, la Secretar&iacute;a de Gobierno de la Corte Suprema de Justicia de la Provincia de Santa Fe, <u>RESUELVE</u>: I). Llamar a concurso abierto de antecedentes y, en su caso de oposici&oacute;n, para la provisi&oacute;n de un cargo de ESPECIALISTA INFORM&Aacute;TICO DE SEGUNDA (categor&iacute;a presupuestaria de Oficial Mayor) para la Secretar&iacute;a de Inform&aacute;tica en los Tribunales de Santa Fe y toda otra tarea que le asigne la Corte Suprema de Justicia. II). Establecer que para participar en el respectivo concurso los interesados deber&aacute;n acreditar los siguientes requisitos: a) Ciudadan&iacute;a argentina; b) Mayor&iacute;a de edad; c) Graduaci&oacute;n en estudios superiores universitarios o superiores no universitarios, en&nbsp;inform&aacute;tica, con t&iacute;tulos reconocidos oficialmente, con duraci&oacute;n no menor a 3 (tres) a&ntilde;os; o 5 (cinco) a&ntilde;os de desempe&ntilde;o de tareas inform&aacute;ticas en el Poder Judicial. Se deber&aacute; acompa&ntilde;ar plan de estudios y detalle de las materias que lo componen; d) Si el postulante al cargo referido no pertenece al Poder Judicial deber&aacute; acreditar por lo menos 3 (tres) a&ntilde;os de antig&uuml;edad en el t&iacute;tulo, a la fecha del llamado a concurso y experiencia laboral en inform&aacute;tica, comprobable mediante certificaci&oacute;n de servicios, no menor a 2 (dos) a&ntilde;os; e) Residencia no menor de 2 (dos) a&ntilde;os en la provincia si no hubiere nacido en ella; f) Buenos antecedentes de conducta acreditados con el certificado respectivo otorgado por la Polic&iacute;a de la Provincia de Santa Fe; g) Certificaci&oacute;n de la Oficina Judicial correspondiente de no hallarse incluido en el Registro de Deudores Alimentarios Morosos; h) Poseer capacitaci&oacute;n y experiencia relacionada con el objeto del llamado a concurso teni&eacute;ndose especialmente en cuenta las tareas desempe&ntilde;adas en el &aacute;mbito Judicial, a cuyo efecto deber&aacute;n acompa&ntilde;ar a su solicitud de inscripci&oacute;n, todo antecedente -debidamente certificado- que consideren pertinente (t&iacute;tulos superiores universitarios o superiores no universitarios reconocidos oficialmente, estudios universitarios o superiores no universitarios espec&iacute;ficos no completos, cursos no formales, experiencia laboral debidamente certificada, etc.); i) Haberse desempe&ntilde;ado en actividades inform&aacute;ticas, tales como: i.1) Operaci&oacute;n, instalaci&oacute;n y configuraci&oacute;n de Pc, impresoras, esc&aacute;ner, lectores de c&oacute;digo de barra y otros perif&eacute;ricos. i.2) Instalaci&oacute;n, configuraci&oacute;n y resoluci&oacute;n de problemas de sistema operativo (Windows 7, 10). i.3) Conexiones y configuraciones de Pc a redes de datos. i.4) Administraci&oacute;n b&aacute;sica Unix, Linux, Windows (Gesti&oacute;n de Usuarios, Grupos y Permisos en Dominio, administraci&oacute;n b&aacute;sica de permisos de carpetas locales y de recursos compartidos). i.5) Instalaci&oacute;n, configuraci&oacute;n de soluciones antivirus y de malware en clientes. Manejo de logs de Antivirus. Instalaci&oacute;n parches de seguridad y configuraci&oacute;n de firewall en pc. i.6) Instalaci&oacute;n, configuraci&oacute;n y actualizaci&oacute;n&nbsp; de productos de software adicionales, tales como Drivers, Emuladores, Clientes de correo, Navegadores, Planillas de c&aacute;lculo, Procesador de textos, SW de Manejo de Presentaciones Visuales, etc.). i7) Instalaci&oacute;n y configuraci&oacute;n de proyectores y pantallas para visualizaci&oacute;n de presentaciones. i.8). Manejo de herramientas OPManager, OCSInventory o similares. i.9) Manejo de herramientas tales como: Winscp, VNC, Putty, etc. o similares. i.10) Atenci&oacute;n, Soporte T&eacute;cnico y Capacitaci&oacute;n a usuarios. i.11) Conducci&oacute;n, organizaci&oacute;n y planificaci&oacute;n de proyectos que involucren bienes y servicios inform&aacute;ticos. i.12) Administraci&oacute;n y Control de Inventario de HW y SW. i.13) Coordinaci&oacute;n con proveedores y su personal t&eacute;cnico con el fin de controlar, verificar y garantizar procedimientos de migraciones y/o soporte t&eacute;cnico de HW, SW y Conectividad. i.14) Organizaci&oacute;n de la documentaci&oacute;n del &aacute;rea. i.15) Se considerar&aacute;n preferentemente si las actividades inform&aacute;ticas hubieren sido desarrolladas en el &aacute;mbito judicial. III). Fijar como per&iacute;odo de inscripci&oacute;n el comprendido entre el 1 y el 12 de octubre del corriente a&ntilde;o, ambas fechas inclusive, debiendo los interesados presentar las solicitudes en la Secretar&iacute;a de Gobierno de la Corte en Santa Fe, mencionando y acompa&ntilde;ando en su caso, todos los antecedentes que estimen convenientes, los que deber&aacute;n ser retirados dentro del plazo de dos meses, una vez resuelto el concurso. IV). Disponer que oportunamente se designar&aacute; la fecha para la recepci&oacute;n de las entrevistas personales para los postulantes inscriptos que re&uacute;nan las exigencias legales y reglamentarias, estableciendo que el concurso se realizar&aacute; de acuerdo a las prescripciones contenidas en el reglamento vigente en materia de concursos.&nbsp; Reg&iacute;strese, h&aacute;gase saber y dese cuenta al cuerpo.&nbsp;&nbsp;&nbsp; FDO.: BORDAS (SECRETARIO DE GOBIERNO). ESQUIVEL (PROSECRETARIO DE GOBIERNO)&rdquo;.</p>
<p>Saludo a Ud. atentamente.</p>
<p>Dr. Eduardo Bordas<br />
Secretario de Gobierno&nbsp;&nbsp;&nbsp;&nbsp;&nbsp;&nbsp;&nbsp;&nbsp;&nbsp;&nbsp;&nbsp;&nbsp;&nbsp;&nbsp;&nbsp;&nbsp;&nbsp;&nbsp;&nbsp;&nbsp;&nbsp;&nbsp;&nbsp;&nbsp;&nbsp;&nbsp;&nbsp;&nbsp;&nbsp;&nbsp;&nbsp;&nbsp;&nbsp; Formulario de inscripci&oacute;n:&nbsp;&nbsp;<a href="http://www.justiciasantafe.gov.ar/ckfinder/userfiles/files/legislacion-y-jurisprudencia/legislacion/circulares/5177.pdf" target="_blank" title="Ver archivo"> CI-101-18-formulario inscripcion</a></p>
<div class="gsp_post_data" data-post_type="circulares" data-cat="anio-2018" data-modified="120" data-title="Circular nro. 101.  Llamado a concurso para 1 cargo de Especialista Informático de Segunda (cat. Oficial Mayor) para la Secretaría de Informática de Santa Fe" data-home="https://www.justiciasantafe.gov.ar"></div>
