 {"id":53579,"date":"2025-09-16T12:06:23","date_gmt":"2025-09-16T15:06:23","guid":{"rendered":"https:\/\/www.justiciasantafe.gov.ar\/?post_type=circulares&#038;p=53579"},"modified":"2025-09-16T12:06:23","modified_gmt":"2025-09-16T15:06:23","slug":"circular-nro-79-llamado-a-concurso-para-cubrir-cargos-que-requieren-titulo-de-arquitecto-ingeniero-electricista-ingeniero-civil-o-ingeniero-en-construcciones-para-desempenarse-en-los-tribunales-de","status":"publish","type":"circulares","link":"https:\/\/www.justiciasantafe.gov.ar\/index.php\/circulares\/circular-nro-79-llamado-a-concurso-para-cubrir-cargos-que-requieren-titulo-de-arquitecto-ingeniero-electricista-ingeniero-civil-o-ingeniero-en-construcciones-para-desempenarse-en-los-tribunales-de\/","title":{"rendered":"Circular nro. 79. Llamado a concurso para cubrir cargos que requieren t\u00edtulo de arquitecto, ingeniero electricista, ingeniero civil o ingeniero en construcciones para desempe\u00f1arse en los Tribunales de Rosario."},"content":{"rendered":"<div class=\"pdfprnt-buttons pdfprnt-buttons-circulares pdfprnt-top-right\"><a href=\"https:\/\/www.justiciasantafe.gov.ar\/index.php\/wp-json\/wp\/v2\/circulares\/53579?print=pdf\" class=\"pdfprnt-button pdfprnt-button-pdf\" target=\"_blank\"><img decoding=\"async\" src=\"https:\/\/www.justiciasantafe.gov.ar\/wp-content\/plugins\/pdf-print-pro\/images\/pdf.png?357112440\" alt=\"image_pdf\" title=\"Ver PDF\" \/><\/a><a href=\"https:\/\/www.justiciasantafe.gov.ar\/index.php\/wp-json\/wp\/v2\/circulares\/53579?print=print\" class=\"pdfprnt-button pdfprnt-button-print\" target=\"_blank\"><img decoding=\"async\" src=\"https:\/\/www.justiciasantafe.gov.ar\/wp-content\/plugins\/pdf-print-pro\/images\/print.png?1674575983\" alt=\"image_print\" title=\"Imprimir contenido\" \/><\/a><\/div><p align=\"RIGHT\"><span style=\"color: #000000\"><u><b>Circular Nro. 79\/25.-<\/b><\/u><\/span><\/p>\n<p align=\"CENTER\">\n<p align=\"RIGHT\"><span style=\"color: #000000\">Santa Fe, 16 de septiembre de 2025.-<\/span><\/p>\n<p align=\"JUSTIFY\"><span style=\"color: #000000\">Se\u00f1or<\/span><\/p>\n<p align=\"JUSTIFY\"><span style=\"color: #000000\">Titular del \u00d3rgano Jurisdiccional<\/span><\/p>\n<p align=\"JUSTIFY\"><span style=\"color: #000000\"><u>S \/ D<\/u><\/span><\/p>\n<p align=\"JUSTIFY\"><span style=\"color: #000000\">Para su conocimiento y notificaci\u00f3n a los dem\u00e1s integrantes de esa dependencia, me dirijo a Ud. a fin de comunicarle que por resoluci\u00f3n de la Secretar\u00eda de Gobierno de la Corte Suprema de Justicia de la Provincia de fecha 09.09.2025, ratificada por Acuerdo del Alto Tribunal celebrado el d\u00eda 11 de septiembre de 2025, Acta N\u00b0 34, punto 1, se ha dispuesto llamar a Concurso para la provisi\u00f3n de los siguientes cargos:<\/span><\/p>\n<p align=\"JUSTIFY\"><span style=\"color: #000000\"><u><b><span style=\"font-family: Times New Roman, serif\"><span style=\"font-size: medium\">CARGOS QUE REQUIERAN EXCLUSIVAMENTE T\u00cdTULO DE ARQUITECTO, INGENIERO ELECTRICISTA, INGENIERO CIVIL O INGENIERO EN CONSTRUCCIONES PARA DESEMPE\u00d1ARSE EN LOS TRIBUNALES DE ROSARIO Y PARA TODA OTRA TAREA QUE LE ASIGNE LA CORTE SUPREMA DE JUSTICIA EN LA MATERIA, CON DEDICACION HORARIA SEMANAL MINIMA DE 45 HORAS. <\/span><\/span><span style=\"font-family: Times New Roman, serif\"><span style=\"font-size: medium\"><span lang=\"es-AR\">El mencionado llamado proceder\u00e1 a la cobertura del cargo vacante actual que no ha sido llamado a concurso, con la categor\u00eda presupuestaria y funciones que correspondan al mismo, as\u00ed como aquellos cargos (con categor\u00edas presupuestarias y funciones en cada caso correspondiente a la vacante de origen) que se produzcan durante el llamado a concurso y el per\u00edodo que corresponda al cumplimiento de dos a\u00f1os a contar desde la fecha en que el resultado del mismo resulte definitivo. <\/span><\/span><\/span><\/b><\/u><\/span><\/p>\n<p lang=\"es-AR\" align=\"JUSTIFY\"><span style=\"color: #000000\"><span style=\"font-family: Times New Roman, serif\"><span style=\"font-size: medium\"><u><b>La Excma. Corte Suprema de Justicia se reserva la facultad de disponer llamar a concursos diferenciados para aquellos cargos que requieran ex\u00e1menes de oposici\u00f3n y\/o requerimientos espec\u00edficos de la funci\u00f3n.<\/b><\/u><\/span><\/span><\/span><\/p>\n<p align=\"JUSTIFY\"><span style=\"color: #000000\"><u><b>Car\u00e1cter del concurso<\/b><\/u><\/span><span style=\"color: #000000\"><b>:<\/b><\/span><span style=\"color: #000000\"> Abierto, de antecedentes y, en su caso de oposici\u00f3n.<\/span><\/p>\n<p align=\"JUSTIFY\"><span style=\"color: #000000\"><u><b>Requisitos:<\/b><\/u><\/span><\/p>\n<p align=\"JUSTIFY\"><b> <\/b><span style=\"color: #000000\"><span style=\"font-family: Times New Roman, serif\"><b>a) <\/b><\/span><\/span><span style=\"color: #000000\"><span style=\"font-family: Times New Roman, serif\"> Poseer ciudadan\u00eda argentina; <\/span><\/span><\/p>\n<p align=\"JUSTIFY\"><span style=\"color: #000000\"><span style=\"font-family: Times New Roman, serif\"><b>b)<\/b><\/span><\/span><span style=\"color: #000000\"><span style=\"font-family: Times New Roman, serif\"> M<\/span><\/span><span style=\"color: #000000\"><span style=\"font-family: Times New Roman, serif\"><span style=\"font-size: medium\">ayor\u00eda de edad;<\/span><\/span><\/span><\/p>\n<p align=\"JUSTIFY\"><span style=\"color: #000000\"><span style=\"font-family: Times New Roman, serif\"><span style=\"font-size: medium\"><b>c)<\/b><\/span><\/span><\/span> <span style=\"color: #000000\"><span style=\"font-family: Times New Roman, serif\">T<\/span><\/span><span style=\"color: #000000\"><span style=\"font-family: Times New Roman, serif\"><span style=\"font-size: medium\">\u00edtulo <\/span><\/span><\/span><span style=\"color: #000000\"><span style=\"font-family: Times New Roman, serif\"><span style=\"font-size: medium\">Arquitecto, Ingeniero Electricista, Ingeniero Civil o Ingeniero en Construcciones<\/span><\/span><\/span><span style=\"color: #000000\"><span style=\"font-family: Times New Roman, serif\"><span style=\"font-size: medium\"><span lang=\"es-MX\"> con una acreditaci<\/span><\/span><\/span><\/span><span style=\"color: #000000\"><span style=\"font-family: Times New Roman, serif\"><span style=\"font-size: medium\"><span lang=\"es-MX\">\u00f3<\/span><\/span><\/span><\/span><span style=\"color: #000000\"><span style=\"font-family: Times New Roman, serif\"><span style=\"font-size: medium\"><span lang=\"es-MX\">n de por lo menos dos a\u00f1os de antig<\/span><\/span><\/span><\/span><span style=\"color: #000000\"><span style=\"font-family: Times New Roman, serif\"><span style=\"font-size: medium\"><span lang=\"es-MX\">\u00fc<\/span><\/span><\/span><\/span><span style=\"color: #000000\"><span style=\"font-family: Times New Roman, serif\"><span style=\"font-size: medium\"><span lang=\"es-MX\">edad en el mismo,<\/span><\/span><\/span><\/span><span style=\"color: #000000\"><span style=\"font-family: Times New Roman, serif\"><span style=\"font-size: medium\"> a la fecha del llamado a concurso<\/span><\/span><\/span><span style=\"color: #000000\"><span style=\"font-family: Times New Roman, serif\"><span style=\"font-size: medium\">;<\/span><\/span><\/span><\/p>\n<p align=\"JUSTIFY\"><span style=\"color: #000000\"><span style=\"font-family: Times New Roman, serif\"><b>d) <\/b><\/span><\/span><span style=\"color: #000000\"><span style=\"font-family: Times New Roman, serif\">Dos a\u00f1os de residencia inmediata en la provincia de Santa Fe si no hubieren nacido en ella; <\/span><\/span><\/p>\n<p align=\"JUSTIFY\"><span style=\"color: #000000\"><span style=\"font-family: Times New Roman, serif\"><b>e) <\/b><\/span><\/span><span style=\"color: #000000\"><span style=\"font-family: Times New Roman, serif\">Buenos antecedentes de conducta, acreditados con el Certificado respectivo otorgado por la Polic\u00eda de la Provincia;<\/span><\/span><\/p>\n<p align=\"JUSTIFY\"><span style=\"color: #000000\"><span style=\"font-family: Times New Roman, serif\"><b>f) <\/b><\/span><\/span><span style=\"color: #000000\"><span style=\"font-family: Times New Roman, serif\">Certificaci\u00f3n de la oficina judicial correspondiente de no hallarse incluido en el Registro de Deudores Alimentarios Morosos;<\/span><\/span><\/p>\n<p align=\"JUSTIFY\"><span style=\"color: #000000\"><span style=\"font-family: Times New Roman, serif\"><b>g) <\/b><\/span><\/span><span style=\"color: #000000\"><span style=\"font-family: Times New Roman, serif\">I<\/span><\/span><span style=\"color: #000000\"><span style=\"font-family: Times New Roman, serif\"><span style=\"font-size: medium\"><span lang=\"es-MX\">nforme de sanciones correspondientes a los \u00faltimos diez a\u00f1os por parte del Colegio respectivo para quienes no pertenezcan al Poder Judicial (con emisi\u00f3n actualizada a la fecha de inscripci\u00f3n al llamado a concurso.<\/span><\/span><\/span><\/span><\/p>\n<p align=\"JUSTIFY\"><span style=\"color: #000000\"><u><b>Per\u00edodo de inscripci\u00f3n:<\/b><\/u><\/span><span style=\"color: #000000\"> Del 13 al 24 de octubre de 2025, ambas fechas inclusive, debiendo los interesados presentar las respectivas solicitudes -en el formulario confeccionado al efecto-, ante la Secretar\u00eda Letrada de la Corte Suprema de Justicia en Rosario, mencionando y acompa\u00f1ando, en su caso, todos los antecedentes que estimen convenientes, los que deber\u00e1n ser retirados dentro del plazo de dos meses una vez resuelto el concurso.<\/span><\/p>\n<p align=\"JUSTIFY\"><span style=\"color: #000000\"><u><b>Ex\u00e1menes de oposici\u00f3n<\/b><\/u><\/span><span style=\"color: #000000\"><b>:<\/b><\/span> <span style=\"color: #000000\"><span style=\"font-family: Times New Roman, serif\"><span style=\"font-size: medium\">En caso de as\u00ed disponerse, oportunamente se designar\u00e1n las fechas para los ex\u00e1menes de oposici\u00f3n<\/span><\/span><\/span><span style=\"color: #000000\"><span style=\"font-family: Times New Roman, serif\"><span style=\"font-size: medium\">.<\/span><\/span><\/span><\/p>\n<p align=\"JUSTIFY\"><span style=\"color: #000000\"><u><b>Entrevistas Personales<\/b><\/u><\/span><span style=\"color: #000000\"><b>:<\/b><\/span><span style=\"color: #000000\"> Asimismo, en su oportunidad se designar\u00e1 la fecha para la recepci\u00f3n de entrevistas personales a los postulantes inscriptos que re\u00fanan las exigencias legales y reglamentarias.<\/span><\/p>\n<p align=\"JUSTIFY\"><span style=\"color: #000000\">El concurso precedente se realizar\u00e1 de acuerdo a las prescripciones contenidas en el Reglamento vigente para la provisi\u00f3n de Cargos de Funcionarios en el Poder Judicial.<\/span><\/p>\n<p align=\"JUSTIFY\"><span style=\"color: #000000\">Saludo a Ud. atentamente.<\/span><\/p>\n<p align=\"JUSTIFY\">\n<p align=\"JUSTIFY\">Dr. Eduardo Bordas<\/p>\n<p align=\"JUSTIFY\">Secretario de Gobierno<\/p>\n<p align=\"JUSTIFY\">\n<p align=\"JUSTIFY\">\n<p align=\"JUSTIFY\">Formulario de inscripci\u00f3n:\u00a0 \u00a0 <a href=\"https:\/\/www.justiciasantafe.gov.ar\/wp-content\/uploads\/2025\/09\/CIRC-79-25-ANEXO.pdf\" target=\"\" rel=\"attachment wp-att-53582 noopener\">CIRC-79-25 ANEXO<\/a><\/p>\n<div class=\"gsp_post_data\" data-post_type=\"circulares\" data-cat=\"\" data-modified=\"120\" data-title=\"Circular nro. 79. Llamado a concurso para cubrir cargos que requieren t\u00edtulo de arquitecto, ingeniero electricista, ingeniero civil o ingeniero en construcciones para desempe\u00f1arse en los Tribunales de Rosario.\" data-home=\"https:\/\/www.justiciasantafe.gov.ar\"><\/div>","protected":false},"excerpt":{"rendered":"<p>Circular Nro. 79\/25.- Santa Fe, 16 de septiembre de 2025.- Se\u00f1or Titular del \u00d3rgano Jurisdiccional S \/ D Para su conocimiento y notificaci\u00f3n a los dem\u00e1s integrantes de esa dependencia, me dirijo a Ud. a fin de comunicarle que por resoluci\u00f3n de la Secretar\u00eda de Gobierno de la Corte Suprema de Justicia de la Provincia [&#8230;]\n","protected":false},"author":72,"featured_media":0,"menu_order":0,"template":"","format":"standard","meta":{"_acf_changed":false,"footnotes":""},"categories":[],"tags":[],"class_list":["post-53579","circulares","type-circulares","status-publish","format-standard","hentry"],"acf":{"i2t_anio":2025,"i2t_id_historico":"","i2t_autor_historico":""},"_links":{"self":[{"href":"https:\/\/www.justiciasantafe.gov.ar\/index.php\/wp-json\/wp\/v2\/circulares\/53579","targetHints":{"allow":["GET"]}}],"collection":[{"href":"https:\/\/www.justiciasantafe.gov.ar\/index.php\/wp-json\/wp\/v2\/circulares"}],"about":[{"href":"https:\/\/www.justiciasantafe.gov.ar\/index.php\/wp-json\/wp\/v2\/types\/circulares"}],"author":[{"embeddable":true,"href":"https:\/\/www.justiciasantafe.gov.ar\/index.php\/wp-json\/wp\/v2\/users\/72"}],"version-history":[{"count":0,"href":"https:\/\/www.justiciasantafe.gov.ar\/index.php\/wp-json\/wp\/v2\/circulares\/53579\/revisions"}],"wp:attachment":[{"href":"https:\/\/www.justiciasantafe.gov.ar\/index.php\/wp-json\/wp\/v2\/media?parent=53579"}],"wp:term":[{"taxonomy":"category","embeddable":true,"href":"https:\/\/www.justiciasantafe.gov.ar\/index.php\/wp-json\/wp\/v2\/categories?post=53579"},{"taxonomy":"post_tag","embeddable":true,"href":"https:\/\/www.justiciasantafe.gov.ar\/index.php\/wp-json\/wp\/v2\/tags?post=53579"}],"curies":[{"name":"wp","href":"https:\/\/api.w.org\/{rel}","templated":true}]}}

Circular nro. 79. Llamado a concurso para cubrir cargos que requieren título de arquitecto, ingeniero electricista, ingeniero civil o ingeniero en construcciones para desempeñarse en los Tribunales de Rosario.

<div class="pdfprnt-buttons pdfprnt-buttons-circulares pdfprnt-top-right"><a href="https://www.justiciasantafe.gov.ar/index.php/wp-json/wp/v2/circulares/53579?print=pdf" class="pdfprnt-button pdfprnt-button-pdf" target="_blank"><img decoding="async" src="https://www.justiciasantafe.gov.ar/wp-content/plugins/pdf-print-pro/images/pdf.png?357112440" alt="image_pdf" title="Ver PDF" /></a><a href="https://www.justiciasantafe.gov.ar/index.php/wp-json/wp/v2/circulares/53579?print=print" class="pdfprnt-button pdfprnt-button-print" target="_blank"><img decoding="async" src="https://www.justiciasantafe.gov.ar/wp-content/plugins/pdf-print-pro/images/print.png?1674575983" alt="image_print" title="Imprimir contenido" /></a></div><p align="RIGHT"><span style="color: #000000"><u><b>Circular Nro. 79/25.-</b></u></span></p>
<p align="CENTER">
<p align="RIGHT"><span style="color: #000000">Santa Fe, 16 de septiembre de 2025.-</span></p>
<p align="JUSTIFY"><span style="color: #000000">Señor</span></p>
<p align="JUSTIFY"><span style="color: #000000">Titular del Órgano Jurisdiccional</span></p>
<p align="JUSTIFY"><span style="color: #000000"><u>S / D</u></span></p>
<p align="JUSTIFY"><span style="color: #000000">Para su conocimiento y notificación a los demás integrantes de esa dependencia, me dirijo a Ud. a fin de comunicarle que por resolución de la Secretaría de Gobierno de la Corte Suprema de Justicia de la Provincia de fecha 09.09.2025, ratificada por Acuerdo del Alto Tribunal celebrado el día 11 de septiembre de 2025, Acta N° 34, punto 1, se ha dispuesto llamar a Concurso para la provisión de los siguientes cargos:</span></p>
<p align="JUSTIFY"><span style="color: #000000"><u><b><span style="font-family: Times New Roman, serif"><span style="font-size: medium">CARGOS QUE REQUIERAN EXCLUSIVAMENTE TÍTULO DE ARQUITECTO, INGENIERO ELECTRICISTA, INGENIERO CIVIL O INGENIERO EN CONSTRUCCIONES PARA DESEMPEÑARSE EN LOS TRIBUNALES DE ROSARIO Y PARA TODA OTRA TAREA QUE LE ASIGNE LA CORTE SUPREMA DE JUSTICIA EN LA MATERIA, CON DEDICACION HORARIA SEMANAL MINIMA DE 45 HORAS. </span></span><span style="font-family: Times New Roman, serif"><span style="font-size: medium"><span lang="es-AR">El mencionado llamado procederá a la cobertura del cargo vacante actual que no ha sido llamado a concurso, con la categoría presupuestaria y funciones que correspondan al mismo, así como aquellos cargos (con categorías presupuestarias y funciones en cada caso correspondiente a la vacante de origen) que se produzcan durante el llamado a concurso y el período que corresponda al cumplimiento de dos años a contar desde la fecha en que el resultado del mismo resulte definitivo. </span></span></span></b></u></span></p>
<p lang="es-AR" align="JUSTIFY"><span style="color: #000000"><span style="font-family: Times New Roman, serif"><span style="font-size: medium"><u><b>La Excma. Corte Suprema de Justicia se reserva la facultad de disponer llamar a concursos diferenciados para aquellos cargos que requieran exámenes de oposición y/o requerimientos específicos de la función.</b></u></span></span></span></p>
<p align="JUSTIFY"><span style="color: #000000"><u><b>Carácter del concurso</b></u></span><span style="color: #000000"><b>:</b></span><span style="color: #000000"> Abierto, de antecedentes y, en su caso de oposición.</span></p>
<p align="JUSTIFY"><span style="color: #000000"><u><b>Requisitos:</b></u></span></p>
<p align="JUSTIFY"><b> </b><span style="color: #000000"><span style="font-family: Times New Roman, serif"><b>a) </b></span></span><span style="color: #000000"><span style="font-family: Times New Roman, serif"> Poseer ciudadanía argentina; </span></span></p>
<p align="JUSTIFY"><span style="color: #000000"><span style="font-family: Times New Roman, serif"><b>b)</b></span></span><span style="color: #000000"><span style="font-family: Times New Roman, serif"> M</span></span><span style="color: #000000"><span style="font-family: Times New Roman, serif"><span style="font-size: medium">ayoría de edad;</span></span></span></p>
<p align="JUSTIFY"><span style="color: #000000"><span style="font-family: Times New Roman, serif"><span style="font-size: medium"><b>c)</b></span></span></span> <span style="color: #000000"><span style="font-family: Times New Roman, serif">T</span></span><span style="color: #000000"><span style="font-family: Times New Roman, serif"><span style="font-size: medium">ítulo </span></span></span><span style="color: #000000"><span style="font-family: Times New Roman, serif"><span style="font-size: medium">Arquitecto, Ingeniero Electricista, Ingeniero Civil o Ingeniero en Construcciones</span></span></span><span style="color: #000000"><span style="font-family: Times New Roman, serif"><span style="font-size: medium"><span lang="es-MX"> con una acreditaci</span></span></span></span><span style="color: #000000"><span style="font-family: Times New Roman, serif"><span style="font-size: medium"><span lang="es-MX">ó</span></span></span></span><span style="color: #000000"><span style="font-family: Times New Roman, serif"><span style="font-size: medium"><span lang="es-MX">n de por lo menos dos años de antig</span></span></span></span><span style="color: #000000"><span style="font-family: Times New Roman, serif"><span style="font-size: medium"><span lang="es-MX">ü</span></span></span></span><span style="color: #000000"><span style="font-family: Times New Roman, serif"><span style="font-size: medium"><span lang="es-MX">edad en el mismo,</span></span></span></span><span style="color: #000000"><span style="font-family: Times New Roman, serif"><span style="font-size: medium"> a la fecha del llamado a concurso</span></span></span><span style="color: #000000"><span style="font-family: Times New Roman, serif"><span style="font-size: medium">;</span></span></span></p>
<p align="JUSTIFY"><span style="color: #000000"><span style="font-family: Times New Roman, serif"><b>d) </b></span></span><span style="color: #000000"><span style="font-family: Times New Roman, serif">Dos años de residencia inmediata en la provincia de Santa Fe si no hubieren nacido en ella; </span></span></p>
<p align="JUSTIFY"><span style="color: #000000"><span style="font-family: Times New Roman, serif"><b>e) </b></span></span><span style="color: #000000"><span style="font-family: Times New Roman, serif">Buenos antecedentes de conducta, acreditados con el Certificado respectivo otorgado por la Policía de la Provincia;</span></span></p>
<p align="JUSTIFY"><span style="color: #000000"><span style="font-family: Times New Roman, serif"><b>f) </b></span></span><span style="color: #000000"><span style="font-family: Times New Roman, serif">Certificación de la oficina judicial correspondiente de no hallarse incluido en el Registro de Deudores Alimentarios Morosos;</span></span></p>
<p align="JUSTIFY"><span style="color: #000000"><span style="font-family: Times New Roman, serif"><b>g) </b></span></span><span style="color: #000000"><span style="font-family: Times New Roman, serif">I</span></span><span style="color: #000000"><span style="font-family: Times New Roman, serif"><span style="font-size: medium"><span lang="es-MX">nforme de sanciones correspondientes a los últimos diez años por parte del Colegio respectivo para quienes no pertenezcan al Poder Judicial (con emisión actualizada a la fecha de inscripción al llamado a concurso.</span></span></span></span></p>
<p align="JUSTIFY"><span style="color: #000000"><u><b>Período de inscripción:</b></u></span><span style="color: #000000"> Del 13 al 24 de octubre de 2025, ambas fechas inclusive, debiendo los interesados presentar las respectivas solicitudes -en el formulario confeccionado al efecto-, ante la Secretaría Letrada de la Corte Suprema de Justicia en Rosario, mencionando y acompañando, en su caso, todos los antecedentes que estimen convenientes, los que deberán ser retirados dentro del plazo de dos meses una vez resuelto el concurso.</span></p>
<p align="JUSTIFY"><span style="color: #000000"><u><b>Exámenes de oposición</b></u></span><span style="color: #000000"><b>:</b></span> <span style="color: #000000"><span style="font-family: Times New Roman, serif"><span style="font-size: medium">En caso de así disponerse, oportunamente se designarán las fechas para los exámenes de oposición</span></span></span><span style="color: #000000"><span style="font-family: Times New Roman, serif"><span style="font-size: medium">.</span></span></span></p>
<p align="JUSTIFY"><span style="color: #000000"><u><b>Entrevistas Personales</b></u></span><span style="color: #000000"><b>:</b></span><span style="color: #000000"> Asimismo, en su oportunidad se designará la fecha para la recepción de entrevistas personales a los postulantes inscriptos que reúnan las exigencias legales y reglamentarias.</span></p>
<p align="JUSTIFY"><span style="color: #000000">El concurso precedente se realizará de acuerdo a las prescripciones contenidas en el Reglamento vigente para la provisión de Cargos de Funcionarios en el Poder Judicial.</span></p>
<p align="JUSTIFY"><span style="color: #000000">Saludo a Ud. atentamente.</span></p>
<p align="JUSTIFY">
<p align="JUSTIFY">Dr. Eduardo Bordas</p>
<p align="JUSTIFY">Secretario de Gobierno</p>
<p align="JUSTIFY">
<p align="JUSTIFY">
<p align="JUSTIFY">Formulario de inscripción:    <a href="https://www.justiciasantafe.gov.ar/wp-content/uploads/2025/09/CIRC-79-25-ANEXO.pdf" target="" rel="attachment wp-att-53582 noopener">CIRC-79-25 ANEXO</a></p>
<div class="gsp_post_data" data-post_type="circulares" data-cat="" data-modified="120" data-title="Circular nro. 79. Llamado a concurso para cubrir cargos que requieren título de arquitecto, ingeniero electricista, ingeniero civil o ingeniero en construcciones para desempeñarse en los Tribunales de Rosario." data-home="https://www.justiciasantafe.gov.ar"></div>

<p>Circular Nro. 79/25.- Santa Fe, 16 de septiembre de 2025.- Señor Titular del Órgano Jurisdiccional S / D Para su conocimiento y notificación a los demás integrantes de esa dependencia, me dirijo a Ud. a fin de comunicarle que por resolución de la Secretaría de Gobierno de la Corte Suprema de Justicia de la Provincia [&#8230;]
