 {"id":54249,"date":"2025-09-25T09:31:12","date_gmt":"2025-09-25T12:31:12","guid":{"rendered":"https:\/\/www.justiciasantafe.gov.ar\/?post_type=circulares&#038;p=54249"},"modified":"2025-09-25T09:31:12","modified_gmt":"2025-09-25T12:31:12","slug":"circular-nro-85-llamado-a-concurso-para-cubrir-un-cargo-de-medico-forense-para-los-tribunales-de-rosario-con-especialidad-en-psiquiatria","status":"publish","type":"circulares","link":"https:\/\/www.justiciasantafe.gov.ar\/index.php\/circulares\/circular-nro-85-llamado-a-concurso-para-cubrir-un-cargo-de-medico-forense-para-los-tribunales-de-rosario-con-especialidad-en-psiquiatria\/","title":{"rendered":"Circular nro. 85. Llamado a concurso para cubrir un cargo de M\u00e9dico Forense para los Tribunales de Rosario, con especialidad en Psiquiatr\u00eda."},"content":{"rendered":"<div class=\"pdfprnt-buttons pdfprnt-buttons-circulares pdfprnt-top-right\"><a href=\"https:\/\/www.justiciasantafe.gov.ar\/index.php\/wp-json\/wp\/v2\/circulares\/54249?print=pdf\" class=\"pdfprnt-button pdfprnt-button-pdf\" target=\"_blank\"><img decoding=\"async\" src=\"https:\/\/www.justiciasantafe.gov.ar\/wp-content\/plugins\/pdf-print-pro\/images\/pdf.png?357112440\" alt=\"image_pdf\" title=\"Ver PDF\" \/><\/a><a href=\"https:\/\/www.justiciasantafe.gov.ar\/index.php\/wp-json\/wp\/v2\/circulares\/54249?print=print\" class=\"pdfprnt-button pdfprnt-button-print\" target=\"_blank\"><img decoding=\"async\" src=\"https:\/\/www.justiciasantafe.gov.ar\/wp-content\/plugins\/pdf-print-pro\/images\/print.png?1674575983\" alt=\"image_print\" title=\"Imprimir contenido\" \/><\/a><\/div><p align=\"RIGHT\"><span style=\"color: #000000\"><u><b>Circular Nro. 85\/25.-<\/b><\/u><\/span><\/p>\n<p align=\"CENTER\">\n<p align=\"RIGHT\"><span style=\"color: #000000\">Santa Fe, 25 de septiembre de 2025.-<\/span><\/p>\n<p align=\"JUSTIFY\"><span style=\"color: #000000\">Se\u00f1or<\/span><\/p>\n<p align=\"JUSTIFY\"><span style=\"color: #000000\">Titular del \u00d3rgano Jurisdiccional<\/span><\/p>\n<p align=\"JUSTIFY\"><span style=\"color: #000000\"><u>S \/ D<\/u><\/span><\/p>\n<p align=\"JUSTIFY\"><span style=\"color: #000000\">Para su conocimiento y notificaci\u00f3n a los dem\u00e1s integrantes de esa dependencia, me dirijo a Ud. a fin de comunicarle que por resoluci\u00f3n de la Secretar\u00eda de Gobierno de la Corte Suprema de Justicia de la Provincia de fecha 18.09.2025, ratificada por Acuerdo del Alto Tribunal celebrado el d\u00eda 23 de septiembre de 2025, Acta N\u00b0 36, punto 2, se ha dispuesto llamar a Concurso para la provisi\u00f3n del siguiente cargo:<\/span><\/p>\n<p align=\"JUSTIFY\"><span style=\"color: #000000\"><u><b>MEDICO FORENSE (CATEGORIA PRESUPUESTARIA DE FISCAL) PARA DESEMPE\u00d1ARSE EN LOS TRIBUNALES DE ROSARIO Y PARA TODA OTRA TAREA QUE LA CORTE SUPREMA DE JUSTICIA LES ENCOMIENDE EN LA MATERIA. <span style=\"font-family: Times New Roman, serif\"><span style=\"font-size: medium\"><span lang=\"es-AR\">(El mencionado llamado proceder\u00e1 a la cobertura del cargo vacante actual que no ha sido llamado a concurso, as\u00ed como aquellos cargos que se produzcan durante el llamado a concurso y el per\u00edodo que corresponda al cumplimiento de un a\u00f1o a contar desde la fecha en que el resultado del mismo derive en definitivo).<\/span><\/span><\/span><\/b><\/u><\/span><\/p>\n<p>&nbsp;<\/p>\n<p align=\"JUSTIFY\"><span style=\"color: #000000\"><u><b>Car\u00e1cter del concurso<\/b><\/u><\/span><span style=\"color: #000000\"><b>:<\/b><\/span><span style=\"color: #000000\"> \u00a0\u00a0\u00a0 \u00a0\u00a0\u00a0 A<\/span><span style=\"color: #000000\"><span style=\"font-family: Times New Roman, serif\"><span style=\"font-size: medium\">bierto, de antecedentes y en su caso de oposici\u00f3n<\/span><\/span><\/span><span style=\"color: #000000\"><span style=\"font-family: Times New Roman, serif\">.<\/span><\/span><\/p>\n<p align=\"JUSTIFY\"><span style=\"color: #000000\"><u><b>Requisitos:<\/b><\/u><\/span> <b> <\/b><span style=\"color: #000000\"><span style=\"font-family: Times New Roman, serif\"><b>\u00a0\u00a0\u00a0 \u00a0\u00a0\u00a0 \u00a0\u00a0\u00a0 \u00a0\u00a0\u00a0 \u00a0\u00a0\u00a0 \u00a0\u00a0\u00a0 \u00a0 a) <\/b><\/span><\/span><span style=\"color: #000000\"><span style=\"font-family: Times New Roman, serif\"> Poseer ciudadan\u00eda argentina; <\/span><\/span><\/p>\n<p align=\"JUSTIFY\"><span style=\"color: #000000\"><span style=\"font-family: Times New Roman, serif\"><b>b)<\/b><\/span><\/span><span style=\"color: #000000\"><span style=\"font-family: Times New Roman, serif\"> M<\/span><\/span><span style=\"color: #000000\"><span style=\"font-family: Times New Roman, serif\"><span style=\"font-size: medium\">ayor\u00eda de edad;<\/span><\/span><\/span><\/p>\n<p align=\"JUSTIFY\"><span style=\"color: #000000\"><span style=\"font-family: Times New Roman, serif\"><span style=\"font-size: medium\"><b>c)<\/b><\/span><\/span><\/span> <span style=\"color: #000000\"><span style=\"font-family: Times New Roman, serif\">T<\/span><\/span><span style=\"color: #000000\"><span style=\"font-family: Times New Roman, serif\"><span style=\"font-size: medium\">\u00edtulos de M\u00e9dico Legista y de especialidad en Psiquiatr\u00eda;<\/span><\/span><\/span><\/p>\n<p align=\"JUSTIFY\"><span style=\"color: #000000\"><span style=\"font-family: Times New Roman, serif\"><b>d) <\/b><\/span><\/span><span style=\"color: #000000\"><span style=\"font-family: Times New Roman, serif\">Dos a\u00f1os de residencia inmediata en la provincia si no hubieren nacido en ella; <\/span><\/span><\/p>\n<p align=\"JUSTIFY\"><span style=\"color: #000000\"><span style=\"font-family: Times New Roman, serif\"><b>e) <\/b><\/span><\/span><span style=\"color: #000000\"><span style=\"font-family: Times New Roman, serif\">Buenos antecedentes de conducta, acreditados con el Certificado respectivo otorgado por la Polic\u00eda de la Provincia;<\/span><\/span><\/p>\n<p align=\"JUSTIFY\"><span style=\"color: #000000\"><span style=\"font-family: Times New Roman, serif\"><b>f) <\/b><\/span><\/span><span style=\"color: #000000\"><span style=\"font-family: Times New Roman, serif\">Certificaci\u00f3n de la oficina judicial correspondiente de no hallarse incluido en el Registro de Deudores Alimentarios Morosos;<\/span><\/span><\/p>\n<p align=\"JUSTIFY\"><span style=\"color: #000000\"><span style=\"font-family: Times New Roman, serif\"><b>g) <\/b><\/span><\/span><span style=\"color: #000000\"><span style=\"font-family: Times New Roman, serif\"><span style=\"font-size: medium\"><span lang=\"es-AR\">Constancia del Colegio de M\u00e9dicos de no poseer sanciones en los \u00faltimos 10 a\u00f1os, para quienes no pertenezcan al Poder Judicial, <\/span><\/span><\/span><\/span><span style=\"color: #000000\"><span style=\"font-family: Times New Roman, serif\"><span style=\"font-size: medium\"><span lang=\"es-MX\">con emisi\u00f3n actualizada a la fecha de inscripci\u00f3n al llamado a concurso;<\/span><\/span><\/span><\/span><\/p>\n<p align=\"JUSTIFY\"><span style=\"color: #000000\"><span style=\"font-family: Times New Roman, serif\"><span style=\"font-size: medium\"><span lang=\"es-MX\"><b>h) <\/b><\/span><\/span><\/span><\/span><span style=\"color: #000000\"><span style=\"font-family: Times New Roman, serif\"><span style=\"font-size: medium\"><span lang=\"es-MX\">E<\/span><\/span><\/span><\/span><span style=\"color: #000000\"><span style=\"font-family: Times New Roman, serif\"><span style=\"font-size: medium\"><span lang=\"es-MX\">ncuadrarse en las exigencias e incompatibilidades de los arts. 168 y 197 de la Ley 10.160 (t.o. seg\u00fan Decreto 0046\/98), sin perjuicio de las que correspondieren como integrantes del Poder Judicial (vid. arts. 208 y 212 de la citada normativa), debiendo adem\u00e1s prestar funciones con dedicaci\u00f3n exclusiva al referido cargo.<\/span><\/span><\/span><\/span><\/p>\n<p align=\"JUSTIFY\"><span style=\"color: #000000\"><u><b>Per\u00edodo de inscripci\u00f3n:<\/b><\/u><\/span><span style=\"color: #000000\"> \u00a0\u00a0\u00a0 \u00a0\u00a0\u00a0 Del 13 al 24 de octubre de 2025, ambas fechas inclusive, debiendo los interesados presentar las respectivas solicitudes -en el formulario confeccionado al efecto-, ante la Secretar\u00eda Letrada de la Corte Suprema de Justicia en Rosario, mencionando y acompa\u00f1ando, en su caso, todos los antecedentes que estimen convenientes, los que deber\u00e1n ser retirados dentro del plazo de dos meses una vez resuelto el concurso.<\/span><\/p>\n<p align=\"JUSTIFY\"><span style=\"color: #000000\"><u><b>Ex\u00e1menes de oposici\u00f3n<\/b><\/u><\/span><span style=\"color: #000000\"><b>:<\/b><\/span> <span style=\"color: #000000\"><span style=\"font-family: Times New Roman, serif\"><span style=\"font-size: medium\"><span lang=\"es-AR\">\u00a0\u00a0\u00a0 En caso de as\u00ed disponerse, oportunamente se designar\u00e1n las fechas para los ex\u00e1menes de oposici\u00f3n a <\/span><\/span><\/span><\/span><span style=\"color: #000000\"><span style=\"font-family: Times New Roman, serif\"><span style=\"font-size: medium\"><span lang=\"es-AR\">los postulantes inscriptos que re\u00fanan las exigencias legales y reglamentarias, los que se llevar\u00e1n a cabo en base al programa aprobado por el Alto Cuerpo en Acuerdo del 30 de noviembre de 2016, Acta Nro. 51, punto 6.<\/span><\/span><\/span><\/span><\/p>\n<p align=\"JUSTIFY\"><span style=\"color: #000000\"><u><b>Entrevistas Personales<\/b><\/u><\/span><span style=\"color: #000000\"><b>:<\/b><\/span><span style=\"color: #000000\"> \u00a0\u00a0\u00a0 \u00a0\u00a0\u00a0 Asimismo, en su oportunidad se designar\u00e1 la fecha para la recepci\u00f3n de entrevistas personales a los postulantes inscriptos que re\u00fanan las exigencias legales y reglamentarias.<\/span><\/p>\n<p align=\"JUSTIFY\"><span style=\"color: #000000\">El concurso precedente se realizar\u00e1 de acuerdo a las prescripciones contenidas en el Reglamento vigente para la provisi\u00f3n de Cargos de Funcionarios en el Poder Judicial.<\/span><\/p>\n<p align=\"JUSTIFY\"><span style=\"color: #000000\">Saludo a Ud. atentamente.<\/span><\/p>\n<p align=\"JUSTIFY\">\n<p align=\"JUSTIFY\">Dr. Eduardo Bordas<\/p>\n<p align=\"JUSTIFY\">Secretario de Gobierno<\/p>\n<p align=\"JUSTIFY\">\n<p align=\"JUSTIFY\">Formulario de inscripci\u00f3n:\u00a0 <a href=\"https:\/\/www.justiciasantafe.gov.ar\/wp-content\/uploads\/2025\/09\/circ-85-25-anexo.pdf\" target=\"\" rel=\"attachment wp-att-54250 noopener\">circ-85-25 anexo<\/a><\/p>\n<div class=\"gsp_post_data\" data-post_type=\"circulares\" data-cat=\"\" data-modified=\"120\" data-title=\"Circular nro. 85. Llamado a concurso para cubrir un cargo de M\u00e9dico Forense para los Tribunales de Rosario, con especialidad en Psiquiatr\u00eda.\" data-home=\"https:\/\/www.justiciasantafe.gov.ar\"><\/div>","protected":false},"excerpt":{"rendered":"<p>Circular Nro. 85\/25.- Santa Fe, 25 de septiembre de 2025.- Se\u00f1or Titular del \u00d3rgano Jurisdiccional S \/ D Para su conocimiento y notificaci\u00f3n a los dem\u00e1s integrantes de esa dependencia, me dirijo a Ud. a fin de comunicarle que por resoluci\u00f3n de la Secretar\u00eda de Gobierno de la Corte Suprema de Justicia de la Provincia [&#8230;]\n","protected":false},"author":72,"featured_media":0,"menu_order":0,"template":"","format":"standard","meta":{"_acf_changed":false,"footnotes":""},"categories":[],"tags":[],"class_list":["post-54249","circulares","type-circulares","status-publish","format-standard","hentry"],"acf":{"i2t_anio":2025,"i2t_id_historico":"","i2t_autor_historico":""},"_links":{"self":[{"href":"https:\/\/www.justiciasantafe.gov.ar\/index.php\/wp-json\/wp\/v2\/circulares\/54249","targetHints":{"allow":["GET"]}}],"collection":[{"href":"https:\/\/www.justiciasantafe.gov.ar\/index.php\/wp-json\/wp\/v2\/circulares"}],"about":[{"href":"https:\/\/www.justiciasantafe.gov.ar\/index.php\/wp-json\/wp\/v2\/types\/circulares"}],"author":[{"embeddable":true,"href":"https:\/\/www.justiciasantafe.gov.ar\/index.php\/wp-json\/wp\/v2\/users\/72"}],"version-history":[{"count":0,"href":"https:\/\/www.justiciasantafe.gov.ar\/index.php\/wp-json\/wp\/v2\/circulares\/54249\/revisions"}],"wp:attachment":[{"href":"https:\/\/www.justiciasantafe.gov.ar\/index.php\/wp-json\/wp\/v2\/media?parent=54249"}],"wp:term":[{"taxonomy":"category","embeddable":true,"href":"https:\/\/www.justiciasantafe.gov.ar\/index.php\/wp-json\/wp\/v2\/categories?post=54249"},{"taxonomy":"post_tag","embeddable":true,"href":"https:\/\/www.justiciasantafe.gov.ar\/index.php\/wp-json\/wp\/v2\/tags?post=54249"}],"curies":[{"name":"wp","href":"https:\/\/api.w.org\/{rel}","templated":true}]}}

Circular nro. 85. Llamado a concurso para cubrir un cargo de Médico Forense para los Tribunales de Rosario, con especialidad en Psiquiatría.

<div class="pdfprnt-buttons pdfprnt-buttons-circulares pdfprnt-top-right"><a href="https://www.justiciasantafe.gov.ar/index.php/wp-json/wp/v2/circulares/54249?print=pdf" class="pdfprnt-button pdfprnt-button-pdf" target="_blank"><img decoding="async" src="https://www.justiciasantafe.gov.ar/wp-content/plugins/pdf-print-pro/images/pdf.png?357112440" alt="image_pdf" title="Ver PDF" /></a><a href="https://www.justiciasantafe.gov.ar/index.php/wp-json/wp/v2/circulares/54249?print=print" class="pdfprnt-button pdfprnt-button-print" target="_blank"><img decoding="async" src="https://www.justiciasantafe.gov.ar/wp-content/plugins/pdf-print-pro/images/print.png?1674575983" alt="image_print" title="Imprimir contenido" /></a></div><p align="RIGHT"><span style="color: #000000"><u><b>Circular Nro. 85/25.-</b></u></span></p>
<p align="CENTER">
<p align="RIGHT"><span style="color: #000000">Santa Fe, 25 de septiembre de 2025.-</span></p>
<p align="JUSTIFY"><span style="color: #000000">Señor</span></p>
<p align="JUSTIFY"><span style="color: #000000">Titular del Órgano Jurisdiccional</span></p>
<p align="JUSTIFY"><span style="color: #000000"><u>S / D</u></span></p>
<p align="JUSTIFY"><span style="color: #000000">Para su conocimiento y notificación a los demás integrantes de esa dependencia, me dirijo a Ud. a fin de comunicarle que por resolución de la Secretaría de Gobierno de la Corte Suprema de Justicia de la Provincia de fecha 18.09.2025, ratificada por Acuerdo del Alto Tribunal celebrado el día 23 de septiembre de 2025, Acta N° 36, punto 2, se ha dispuesto llamar a Concurso para la provisión del siguiente cargo:</span></p>
<p align="JUSTIFY"><span style="color: #000000"><u><b>MEDICO FORENSE (CATEGORIA PRESUPUESTARIA DE FISCAL) PARA DESEMPEÑARSE EN LOS TRIBUNALES DE ROSARIO Y PARA TODA OTRA TAREA QUE LA CORTE SUPREMA DE JUSTICIA LES ENCOMIENDE EN LA MATERIA. <span style="font-family: Times New Roman, serif"><span style="font-size: medium"><span lang="es-AR">(El mencionado llamado procederá a la cobertura del cargo vacante actual que no ha sido llamado a concurso, así como aquellos cargos que se produzcan durante el llamado a concurso y el período que corresponda al cumplimiento de un año a contar desde la fecha en que el resultado del mismo derive en definitivo).</span></span></span></b></u></span></p>
<p>&nbsp;</p>
<p align="JUSTIFY"><span style="color: #000000"><u><b>Carácter del concurso</b></u></span><span style="color: #000000"><b>:</b></span><span style="color: #000000">         A</span><span style="color: #000000"><span style="font-family: Times New Roman, serif"><span style="font-size: medium">bierto, de antecedentes y en su caso de oposición</span></span></span><span style="color: #000000"><span style="font-family: Times New Roman, serif">.</span></span></p>
<p align="JUSTIFY"><span style="color: #000000"><u><b>Requisitos:</b></u></span> <b> </b><span style="color: #000000"><span style="font-family: Times New Roman, serif"><b>                          a) </b></span></span><span style="color: #000000"><span style="font-family: Times New Roman, serif"> Poseer ciudadanía argentina; </span></span></p>
<p align="JUSTIFY"><span style="color: #000000"><span style="font-family: Times New Roman, serif"><b>b)</b></span></span><span style="color: #000000"><span style="font-family: Times New Roman, serif"> M</span></span><span style="color: #000000"><span style="font-family: Times New Roman, serif"><span style="font-size: medium">ayoría de edad;</span></span></span></p>
<p align="JUSTIFY"><span style="color: #000000"><span style="font-family: Times New Roman, serif"><span style="font-size: medium"><b>c)</b></span></span></span> <span style="color: #000000"><span style="font-family: Times New Roman, serif">T</span></span><span style="color: #000000"><span style="font-family: Times New Roman, serif"><span style="font-size: medium">ítulos de Médico Legista y de especialidad en Psiquiatría;</span></span></span></p>
<p align="JUSTIFY"><span style="color: #000000"><span style="font-family: Times New Roman, serif"><b>d) </b></span></span><span style="color: #000000"><span style="font-family: Times New Roman, serif">Dos años de residencia inmediata en la provincia si no hubieren nacido en ella; </span></span></p>
<p align="JUSTIFY"><span style="color: #000000"><span style="font-family: Times New Roman, serif"><b>e) </b></span></span><span style="color: #000000"><span style="font-family: Times New Roman, serif">Buenos antecedentes de conducta, acreditados con el Certificado respectivo otorgado por la Policía de la Provincia;</span></span></p>
<p align="JUSTIFY"><span style="color: #000000"><span style="font-family: Times New Roman, serif"><b>f) </b></span></span><span style="color: #000000"><span style="font-family: Times New Roman, serif">Certificación de la oficina judicial correspondiente de no hallarse incluido en el Registro de Deudores Alimentarios Morosos;</span></span></p>
<p align="JUSTIFY"><span style="color: #000000"><span style="font-family: Times New Roman, serif"><b>g) </b></span></span><span style="color: #000000"><span style="font-family: Times New Roman, serif"><span style="font-size: medium"><span lang="es-AR">Constancia del Colegio de Médicos de no poseer sanciones en los últimos 10 años, para quienes no pertenezcan al Poder Judicial, </span></span></span></span><span style="color: #000000"><span style="font-family: Times New Roman, serif"><span style="font-size: medium"><span lang="es-MX">con emisión actualizada a la fecha de inscripción al llamado a concurso;</span></span></span></span></p>
<p align="JUSTIFY"><span style="color: #000000"><span style="font-family: Times New Roman, serif"><span style="font-size: medium"><span lang="es-MX"><b>h) </b></span></span></span></span><span style="color: #000000"><span style="font-family: Times New Roman, serif"><span style="font-size: medium"><span lang="es-MX">E</span></span></span></span><span style="color: #000000"><span style="font-family: Times New Roman, serif"><span style="font-size: medium"><span lang="es-MX">ncuadrarse en las exigencias e incompatibilidades de los arts. 168 y 197 de la Ley 10.160 (t.o. según Decreto 0046/98), sin perjuicio de las que correspondieren como integrantes del Poder Judicial (vid. arts. 208 y 212 de la citada normativa), debiendo además prestar funciones con dedicación exclusiva al referido cargo.</span></span></span></span></p>
<p align="JUSTIFY"><span style="color: #000000"><u><b>Período de inscripción:</b></u></span><span style="color: #000000">         Del 13 al 24 de octubre de 2025, ambas fechas inclusive, debiendo los interesados presentar las respectivas solicitudes -en el formulario confeccionado al efecto-, ante la Secretaría Letrada de la Corte Suprema de Justicia en Rosario, mencionando y acompañando, en su caso, todos los antecedentes que estimen convenientes, los que deberán ser retirados dentro del plazo de dos meses una vez resuelto el concurso.</span></p>
<p align="JUSTIFY"><span style="color: #000000"><u><b>Exámenes de oposición</b></u></span><span style="color: #000000"><b>:</b></span> <span style="color: #000000"><span style="font-family: Times New Roman, serif"><span style="font-size: medium"><span lang="es-AR">    En caso de así disponerse, oportunamente se designarán las fechas para los exámenes de oposición a </span></span></span></span><span style="color: #000000"><span style="font-family: Times New Roman, serif"><span style="font-size: medium"><span lang="es-AR">los postulantes inscriptos que reúnan las exigencias legales y reglamentarias, los que se llevarán a cabo en base al programa aprobado por el Alto Cuerpo en Acuerdo del 30 de noviembre de 2016, Acta Nro. 51, punto 6.</span></span></span></span></p>
<p align="JUSTIFY"><span style="color: #000000"><u><b>Entrevistas Personales</b></u></span><span style="color: #000000"><b>:</b></span><span style="color: #000000">         Asimismo, en su oportunidad se designará la fecha para la recepción de entrevistas personales a los postulantes inscriptos que reúnan las exigencias legales y reglamentarias.</span></p>
<p align="JUSTIFY"><span style="color: #000000">El concurso precedente se realizará de acuerdo a las prescripciones contenidas en el Reglamento vigente para la provisión de Cargos de Funcionarios en el Poder Judicial.</span></p>
<p align="JUSTIFY"><span style="color: #000000">Saludo a Ud. atentamente.</span></p>
<p align="JUSTIFY">
<p align="JUSTIFY">Dr. Eduardo Bordas</p>
<p align="JUSTIFY">Secretario de Gobierno</p>
<p align="JUSTIFY">
<p align="JUSTIFY">Formulario de inscripción:  <a href="https://www.justiciasantafe.gov.ar/wp-content/uploads/2025/09/circ-85-25-anexo.pdf" target="" rel="attachment wp-att-54250 noopener">circ-85-25 anexo</a></p>
<div class="gsp_post_data" data-post_type="circulares" data-cat="" data-modified="120" data-title="Circular nro. 85. Llamado a concurso para cubrir un cargo de Médico Forense para los Tribunales de Rosario, con especialidad en Psiquiatría." data-home="https://www.justiciasantafe.gov.ar"></div>

<p>Circular Nro. 85/25.- Santa Fe, 25 de septiembre de 2025.- Señor Titular del Órgano Jurisdiccional S / D Para su conocimiento y notificación a los demás integrantes de esa dependencia, me dirijo a Ud. a fin de comunicarle que por resolución de la Secretaría de Gobierno de la Corte Suprema de Justicia de la Provincia [&#8230;]
