 {"id":55729,"date":"2025-10-21T07:10:39","date_gmt":"2025-10-21T10:10:39","guid":{"rendered":"https:\/\/www.justiciasantafe.gov.ar\/?post_type=circulares&#038;p=55729"},"modified":"2025-10-21T07:10:39","modified_gmt":"2025-10-21T10:10:39","slug":"circular-nro-101-llamado-a-concurso-para-cubrir-un-cargo-de-mayordomo-para-los-tribunales-de-casilda","status":"publish","type":"circulares","link":"https:\/\/www.justiciasantafe.gov.ar\/index.php\/circulares\/circular-nro-101-llamado-a-concurso-para-cubrir-un-cargo-de-mayordomo-para-los-tribunales-de-casilda\/","title":{"rendered":"Circular nro. 101. Llamado a concurso para cubrir un cargo de Mayordomo para los Tribunales de Casilda"},"content":{"rendered":"<div class=\"pdfprnt-buttons pdfprnt-buttons-circulares pdfprnt-top-right\"><a href=\"https:\/\/www.justiciasantafe.gov.ar\/index.php\/wp-json\/wp\/v2\/circulares\/55729?print=pdf\" class=\"pdfprnt-button pdfprnt-button-pdf\" target=\"_blank\"><img decoding=\"async\" src=\"https:\/\/www.justiciasantafe.gov.ar\/wp-content\/plugins\/pdf-print-pro\/images\/pdf.png?357112440\" alt=\"image_pdf\" title=\"Ver PDF\" \/><\/a><a href=\"https:\/\/www.justiciasantafe.gov.ar\/index.php\/wp-json\/wp\/v2\/circulares\/55729?print=print\" class=\"pdfprnt-button pdfprnt-button-print\" target=\"_blank\"><img decoding=\"async\" src=\"https:\/\/www.justiciasantafe.gov.ar\/wp-content\/plugins\/pdf-print-pro\/images\/print.png?1674575983\" alt=\"image_print\" title=\"Imprimir contenido\" \/><\/a><\/div><p align=\"RIGHT\"><span style=\"color: #000000\"><u><b>Circular N\u00b0101\/25.<\/b><\/u><\/span><\/p>\n<p align=\"CENTER\">\n<p align=\"CENTER\">\n<p align=\"RIGHT\"><span style=\"color: #000000\">Santa Fe, 20 de octubre de 2025.-<\/span><\/p>\n<p align=\"JUSTIFY\"><span style=\"color: #000000\">Se\u00f1or<\/span><\/p>\n<p align=\"JUSTIFY\"><span style=\"color: #000000\">Titular del \u00d3rgano Jurisdiccional<\/span><\/p>\n<p align=\"JUSTIFY\"><span style=\"color: #000000\"><u>S \/ D<\/u><\/span><\/p>\n<p align=\"JUSTIFY\"><span style=\"color: #000000\"><span style=\"font-family: Times New Roman, serif\">Para su conocimiento y notificaci\u00f3n a los dem\u00e1s integrantes de esa dependencia, me dirijo a Ud. a fin de comunicarle que por resoluci\u00f3n de la Secretar\u00eda de Gobierno de la Corte Suprema de Justicia de la Provincia de fecha 09.10.2025, ratificada por Acuerdo del Alto Tribunal celebrado el d\u00eda 14 de octubre de 2025, Acta N\u00b0 38, punto 3, se ha dispuesto llamar a Concurso para la provisi\u00f3n del siguiente cargo:<\/span><\/span><\/p>\n<p align=\"JUSTIFY\"><span style=\"color: #000000\"><span style=\"font-family: Times New Roman, serif\"><span style=\"font-size: medium\"><u><b>UN CARGO DE MAYORDOMO DE LOS TRIBUNALES DE CASILDA (CATEGORIA PRESUPUESTARIA DE AUXILIAR PRINCIPAL TECNICO), Y TODA OTRA TAREA QUE LA CORTE SUPREMA DE JUSTICIA LE ENCOMIENDE, CON DEDICACION HORARIA SEMANAL MINIMA DE 40 HORAS.-<\/b><\/u><\/span><\/span><\/span><\/p>\n<p align=\"JUSTIFY\"><span style=\"color: #000000\"><u><b>Car\u00e1cter del concurso<\/b><\/u><\/span><span style=\"color: #000000\"><b>:<\/b><\/span><span style=\"color: #000000\"> Abierto, de antecedentes y en su caso de oposici\u00f3n.<\/span><\/p>\n<p align=\"JUSTIFY\"><span style=\"color: #000000\"><u><b>Requisitos:<\/b><\/u><\/span> <span style=\"color: #000000\"><b> a)<\/b><\/span><span style=\"color: #000000\"> Poseer ciudadan\u00eda argentina; <\/span><\/p>\n<p align=\"JUSTIFY\"><span style=\"color: #000000\"><b>b)<\/b><\/span><span style=\"color: #000000\"> Mayor\u00eda de edad;<\/span><\/p>\n<p align=\"JUSTIFY\"><span style=\"color: #000000\"><b>c) <\/b><\/span><span style=\"color: #000000\"><span style=\"font-family: Times New Roman, serif\"><span style=\"font-size: medium\">Estudios secundarios completos. Se tendr\u00e1 en consideraci\u00f3n formaci\u00f3n acad\u00e9mica referida a mantenimiento industrial, edilicio o afines -no excluyente-<\/span><\/span><\/span><span style=\"color: #000000\"><span style=\"font-family: Times New Roman, serif\">; <\/span><\/span><\/p>\n<p align=\"JUSTIFY\"><span style=\"color: #000000\"><span style=\"font-family: Times New Roman, serif\"><b>d)<\/b><\/span><\/span> <span style=\"color: #000000\"><span style=\"font-family: Times New Roman, serif\"><span style=\"font-size: medium\">Residencia no menor de dos a\u00f1os en la Provincia si no hubiese nacido en ella, debiendo tener quien resulte seleccionado residencia efectiva en la sede del cargo concursado atento a la naturaleza del mismo<\/span><\/span><\/span><span style=\"color: #000000\"><span style=\"font-family: Times New Roman, serif\">; <\/span><\/span><\/p>\n<p align=\"JUSTIFY\"><span style=\"color: #000000\"><b>e) <\/b><\/span><span style=\"color: #000000\">Buenos antecedentes de conducta, acreditados con el certificado respectivo otorgado por la Polic\u00eda de la Provincia;<\/span><\/p>\n<p align=\"JUSTIFY\"><span style=\"color: #000000\"><b>f) <\/b><\/span><span style=\"color: #000000\">Certificado de la oficina judicial correspondiente de no <\/span><span style=\"color: #000000\"><span style=\"font-family: Times New Roman, serif\">hallarse incluido en el Registro de Deudores Alimentarios Morosos;<\/span><\/span><\/p>\n<p align=\"JUSTIFY\"><span style=\"color: #000000\"><span style=\"font-family: Times New Roman, serif\"><b>g)<\/b><\/span><\/span> <span style=\"color: #000000\"><span style=\"font-family: Times New Roman, serif\"><span style=\"font-size: medium\"><span lang=\"es-MX\">Buena presencia, trato amable y respetuoso;<\/span><\/span><\/span><\/span><\/p>\n<p align=\"JUSTIFY\"><span style=\"color: #000000\"><span style=\"font-family: Times New Roman, serif\"><span style=\"font-size: medium\"><span lang=\"es-MX\"><b>h) <\/b><\/span><\/span><\/span><\/span><span style=\"color: #000000\"><span style=\"font-family: Times New Roman, serif\"><span style=\"font-size: medium\"><span lang=\"es-MX\">Capacidad resolutiva de cuestiones inherentes al cargo y habilidad en la coordinaci\u00f3n y manejo de grupos de trabajo, lo cual deber\u00e1 acreditarse a trav\u00e9s de certificaciones correspondientes. <\/span><\/span><\/span><\/span><\/p>\n<p align=\"JUSTIFY\"><span style=\"color: #000000\"><span style=\"font-family: Times New Roman, serif\"><u><b>Per\u00edodo de inscripci\u00f3n:<\/b><\/u><\/span><\/span><span style=\"color: #000000\"><span style=\"font-family: Times New Roman, serif\"> Del 17 al 28 de noviembre de 2025, ambas fechas inclusive, debiendo los interesados presentar las respectivas solicitudes -en el formulario confeccionado al efecto-, ante la Secretar\u00eda Letrada de la Corte Suprema de Justicia en Rosario, mencionando y acompa\u00f1ando, en su caso, todos los antecedentes que estimen convenientes, los que deber\u00e1n ser retirados dentro del plazo de dos meses una vez resuelto el concurso.<\/span><\/span><\/p>\n<p align=\"JUSTIFY\"><span style=\"color: #000000\"><span style=\"font-family: Times New Roman, serif\"><u><b>Ex\u00e1menes de oposici\u00f3n<\/b><\/u><\/span><\/span><span style=\"color: #000000\"><span style=\"font-family: Times New Roman, serif\"><b>:<\/b><\/span><\/span><span style=\"color: #000000\"><span style=\"font-family: Times New Roman, serif\"> En caso de as\u00ed disponerse, oportunamente se designar\u00e1n las fechas para los ex\u00e1menes de oposici\u00f3n.<\/span><\/span><\/p>\n<p align=\"JUSTIFY\"><span style=\"color: #000000\"><span style=\"font-family: Times New Roman, serif\"><u><b>Entrevistas Personales<\/b><\/u><\/span><\/span><span style=\"color: #000000\"><span style=\"font-family: Times New Roman, serif\"><b>:<\/b><\/span><\/span><span style=\"color: #000000\"><span style=\"font-family: Times New Roman, serif\"> Asimismo, en su oportunidad se designar\u00e1 la fecha para la recepci\u00f3n de entrevistas personales a los postulantes inscriptos que re\u00fanan las exigencias legales y reglamentarias.<\/span><\/span><\/p>\n<p align=\"JUSTIFY\"><span style=\"color: #000000\"><span style=\"font-family: Times New Roman, serif\">El concurso precedente se realizar\u00e1 <\/span><\/span><span style=\"color: #000000\"><span style=\"font-family: Times New Roman, serif\"><span style=\"font-size: medium\"> conforme las pautas Reglamentarias vigentes<\/span><\/span><\/span><span style=\"color: #000000\"><span style=\"font-family: Times New Roman, serif\">.<\/span><\/span><\/p>\n<p align=\"JUSTIFY\"><span style=\"color: #000000\"><span style=\"font-family: Times New Roman, serif\">Saludo a Ud. atentamente.<\/span><\/span><\/p>\n<p align=\"JUSTIFY\">\n<p align=\"JUSTIFY\">\n<p align=\"JUSTIFY\">Dr, Eduardo Bordas<\/p>\n<p align=\"JUSTIFY\">Secretario de Gobierno<\/p>\n<p align=\"JUSTIFY\">\n<p align=\"JUSTIFY\">Formulario de inscripci\u00f3n:\u00a0 <a href=\"https:\/\/www.justiciasantafe.gov.ar\/wp-content\/uploads\/2025\/10\/CIRC-101-25-ANEXO.pdf\" target=\"\" rel=\"attachment wp-att-55870 noopener\">CIRC-101-25 ANEXO<\/a><\/p>\n<div class=\"gsp_post_data\" data-post_type=\"circulares\" data-cat=\"\" data-modified=\"120\" data-title=\"Circular nro. 101. Llamado a concurso para cubrir un cargo de Mayordomo para los Tribunales de Casilda\" data-home=\"https:\/\/www.justiciasantafe.gov.ar\"><\/div>","protected":false},"excerpt":{"rendered":"<p>Circular N\u00b0101\/25. Santa Fe, 20 de octubre de 2025.- Se\u00f1or Titular del \u00d3rgano Jurisdiccional S \/ D Para su conocimiento y notificaci\u00f3n a los dem\u00e1s integrantes de esa dependencia, me dirijo a Ud. a fin de comunicarle que por resoluci\u00f3n de la Secretar\u00eda de Gobierno de la Corte Suprema de Justicia de la Provincia de [&#8230;]\n","protected":false},"author":72,"featured_media":0,"menu_order":0,"template":"","format":"standard","meta":{"_acf_changed":false,"footnotes":""},"categories":[],"tags":[],"class_list":["post-55729","circulares","type-circulares","status-publish","format-standard","hentry"],"acf":{"i2t_anio":2025,"i2t_id_historico":"","i2t_autor_historico":""},"_links":{"self":[{"href":"https:\/\/www.justiciasantafe.gov.ar\/index.php\/wp-json\/wp\/v2\/circulares\/55729","targetHints":{"allow":["GET"]}}],"collection":[{"href":"https:\/\/www.justiciasantafe.gov.ar\/index.php\/wp-json\/wp\/v2\/circulares"}],"about":[{"href":"https:\/\/www.justiciasantafe.gov.ar\/index.php\/wp-json\/wp\/v2\/types\/circulares"}],"author":[{"embeddable":true,"href":"https:\/\/www.justiciasantafe.gov.ar\/index.php\/wp-json\/wp\/v2\/users\/72"}],"version-history":[{"count":0,"href":"https:\/\/www.justiciasantafe.gov.ar\/index.php\/wp-json\/wp\/v2\/circulares\/55729\/revisions"}],"wp:attachment":[{"href":"https:\/\/www.justiciasantafe.gov.ar\/index.php\/wp-json\/wp\/v2\/media?parent=55729"}],"wp:term":[{"taxonomy":"category","embeddable":true,"href":"https:\/\/www.justiciasantafe.gov.ar\/index.php\/wp-json\/wp\/v2\/categories?post=55729"},{"taxonomy":"post_tag","embeddable":true,"href":"https:\/\/www.justiciasantafe.gov.ar\/index.php\/wp-json\/wp\/v2\/tags?post=55729"}],"curies":[{"name":"wp","href":"https:\/\/api.w.org\/{rel}","templated":true}]}}

<div class="pdfprnt-buttons pdfprnt-buttons-circulares pdfprnt-top-right"><a href="https://www.justiciasantafe.gov.ar/index.php/wp-json/wp/v2/circulares/55729?print=pdf" class="pdfprnt-button pdfprnt-button-pdf" target="_blank"><img decoding="async" src="https://www.justiciasantafe.gov.ar/wp-content/plugins/pdf-print-pro/images/pdf.png?357112440" alt="image_pdf" title="Ver PDF" /></a><a href="https://www.justiciasantafe.gov.ar/index.php/wp-json/wp/v2/circulares/55729?print=print" class="pdfprnt-button pdfprnt-button-print" target="_blank"><img decoding="async" src="https://www.justiciasantafe.gov.ar/wp-content/plugins/pdf-print-pro/images/print.png?1674575983" alt="image_print" title="Imprimir contenido" /></a></div><p align="RIGHT"><span style="color: #000000"><u><b>Circular N°101/25.</b></u></span></p>
<p align="CENTER">
<p align="CENTER">
<p align="RIGHT"><span style="color: #000000">Santa Fe, 20 de octubre de 2025.-</span></p>
<p align="JUSTIFY"><span style="color: #000000">Señor</span></p>
<p align="JUSTIFY"><span style="color: #000000">Titular del Órgano Jurisdiccional</span></p>
<p align="JUSTIFY"><span style="color: #000000"><u>S / D</u></span></p>
<p align="JUSTIFY"><span style="color: #000000"><span style="font-family: Times New Roman, serif">Para su conocimiento y notificación a los demás integrantes de esa dependencia, me dirijo a Ud. a fin de comunicarle que por resolución de la Secretaría de Gobierno de la Corte Suprema de Justicia de la Provincia de fecha 09.10.2025, ratificada por Acuerdo del Alto Tribunal celebrado el día 14 de octubre de 2025, Acta N° 38, punto 3, se ha dispuesto llamar a Concurso para la provisión del siguiente cargo:</span></span></p>
<p align="JUSTIFY"><span style="color: #000000"><span style="font-family: Times New Roman, serif"><span style="font-size: medium"><u><b>UN CARGO DE MAYORDOMO DE LOS TRIBUNALES DE CASILDA (CATEGORIA PRESUPUESTARIA DE AUXILIAR PRINCIPAL TECNICO), Y TODA OTRA TAREA QUE LA CORTE SUPREMA DE JUSTICIA LE ENCOMIENDE, CON DEDICACION HORARIA SEMANAL MINIMA DE 40 HORAS.-</b></u></span></span></span></p>
<p align="JUSTIFY"><span style="color: #000000"><u><b>Carácter del concurso</b></u></span><span style="color: #000000"><b>:</b></span><span style="color: #000000"> Abierto, de antecedentes y en su caso de oposición.</span></p>
<p align="JUSTIFY"><span style="color: #000000"><u><b>Requisitos:</b></u></span> <span style="color: #000000"><b> a)</b></span><span style="color: #000000"> Poseer ciudadanía argentina; </span></p>
<p align="JUSTIFY"><span style="color: #000000"><b>b)</b></span><span style="color: #000000"> Mayoría de edad;</span></p>
<p align="JUSTIFY"><span style="color: #000000"><b>c) </b></span><span style="color: #000000"><span style="font-family: Times New Roman, serif"><span style="font-size: medium">Estudios secundarios completos. Se tendrá en consideración formación académica referida a mantenimiento industrial, edilicio o afines -no excluyente-</span></span></span><span style="color: #000000"><span style="font-family: Times New Roman, serif">; </span></span></p>
<p align="JUSTIFY"><span style="color: #000000"><span style="font-family: Times New Roman, serif"><b>d)</b></span></span> <span style="color: #000000"><span style="font-family: Times New Roman, serif"><span style="font-size: medium">Residencia no menor de dos años en la Provincia si no hubiese nacido en ella, debiendo tener quien resulte seleccionado residencia efectiva en la sede del cargo concursado atento a la naturaleza del mismo</span></span></span><span style="color: #000000"><span style="font-family: Times New Roman, serif">; </span></span></p>
<p align="JUSTIFY"><span style="color: #000000"><b>e) </b></span><span style="color: #000000">Buenos antecedentes de conducta, acreditados con el certificado respectivo otorgado por la Policía de la Provincia;</span></p>
<p align="JUSTIFY"><span style="color: #000000"><b>f) </b></span><span style="color: #000000">Certificado de la oficina judicial correspondiente de no </span><span style="color: #000000"><span style="font-family: Times New Roman, serif">hallarse incluido en el Registro de Deudores Alimentarios Morosos;</span></span></p>
<p align="JUSTIFY"><span style="color: #000000"><span style="font-family: Times New Roman, serif"><b>g)</b></span></span> <span style="color: #000000"><span style="font-family: Times New Roman, serif"><span style="font-size: medium"><span lang="es-MX">Buena presencia, trato amable y respetuoso;</span></span></span></span></p>
<p align="JUSTIFY"><span style="color: #000000"><span style="font-family: Times New Roman, serif"><span style="font-size: medium"><span lang="es-MX"><b>h) </b></span></span></span></span><span style="color: #000000"><span style="font-family: Times New Roman, serif"><span style="font-size: medium"><span lang="es-MX">Capacidad resolutiva de cuestiones inherentes al cargo y habilidad en la coordinación y manejo de grupos de trabajo, lo cual deberá acreditarse a través de certificaciones correspondientes. </span></span></span></span></p>
<p align="JUSTIFY"><span style="color: #000000"><span style="font-family: Times New Roman, serif"><u><b>Período de inscripción:</b></u></span></span><span style="color: #000000"><span style="font-family: Times New Roman, serif"> Del 17 al 28 de noviembre de 2025, ambas fechas inclusive, debiendo los interesados presentar las respectivas solicitudes -en el formulario confeccionado al efecto-, ante la Secretaría Letrada de la Corte Suprema de Justicia en Rosario, mencionando y acompañando, en su caso, todos los antecedentes que estimen convenientes, los que deberán ser retirados dentro del plazo de dos meses una vez resuelto el concurso.</span></span></p>
<p align="JUSTIFY"><span style="color: #000000"><span style="font-family: Times New Roman, serif"><u><b>Exámenes de oposición</b></u></span></span><span style="color: #000000"><span style="font-family: Times New Roman, serif"><b>:</b></span></span><span style="color: #000000"><span style="font-family: Times New Roman, serif"> En caso de así disponerse, oportunamente se designarán las fechas para los exámenes de oposición.</span></span></p>
<p align="JUSTIFY"><span style="color: #000000"><span style="font-family: Times New Roman, serif"><u><b>Entrevistas Personales</b></u></span></span><span style="color: #000000"><span style="font-family: Times New Roman, serif"><b>:</b></span></span><span style="color: #000000"><span style="font-family: Times New Roman, serif"> Asimismo, en su oportunidad se designará la fecha para la recepción de entrevistas personales a los postulantes inscriptos que reúnan las exigencias legales y reglamentarias.</span></span></p>
<p align="JUSTIFY"><span style="color: #000000"><span style="font-family: Times New Roman, serif">El concurso precedente se realizará </span></span><span style="color: #000000"><span style="font-family: Times New Roman, serif"><span style="font-size: medium"> conforme las pautas Reglamentarias vigentes</span></span></span><span style="color: #000000"><span style="font-family: Times New Roman, serif">.</span></span></p>
<p align="JUSTIFY"><span style="color: #000000"><span style="font-family: Times New Roman, serif">Saludo a Ud. atentamente.</span></span></p>
<p align="JUSTIFY">
<p align="JUSTIFY">
<p align="JUSTIFY">Dr, Eduardo Bordas</p>
<p align="JUSTIFY">Secretario de Gobierno</p>
<p align="JUSTIFY">
<p align="JUSTIFY">Formulario de inscripción:  <a href="https://www.justiciasantafe.gov.ar/wp-content/uploads/2025/10/CIRC-101-25-ANEXO.pdf" target="" rel="attachment wp-att-55870 noopener">CIRC-101-25 ANEXO</a></p>
<div class="gsp_post_data" data-post_type="circulares" data-cat="" data-modified="120" data-title="Circular nro. 101. Llamado a concurso para cubrir un cargo de Mayordomo para los Tribunales de Casilda" data-home="https://www.justiciasantafe.gov.ar"></div>

<p>Circular N°101/25. Santa Fe, 20 de octubre de 2025.- Señor Titular del Órgano Jurisdiccional S / D Para su conocimiento y notificación a los demás integrantes de esa dependencia, me dirijo a Ud. a fin de comunicarle que por resolución de la Secretaría de Gobierno de la Corte Suprema de Justicia de la Provincia de [&#8230;]
