 {"id":65392,"date":"2026-04-16T07:13:12","date_gmt":"2026-04-16T10:13:12","guid":{"rendered":"https:\/\/www.justiciasantafe.gov.ar\/?post_type=circulares&#038;p=65392"},"modified":"2026-04-16T07:13:12","modified_gmt":"2026-04-16T10:13:12","slug":"circular-nro-36-aprobacion-reglamento-para-la-provision-de-cargos-de-secretarios-de-juzgados-comunitarios-de-pequenas-causas-en-el-poder-judicial","status":"publish","type":"circulares","link":"https:\/\/www.justiciasantafe.gov.ar\/index.php\/circulares\/circular-nro-36-aprobacion-reglamento-para-la-provision-de-cargos-de-secretarios-de-juzgados-comunitarios-de-pequenas-causas-en-el-poder-judicial\/","title":{"rendered":"Circular nro. 36. Aprobaci\u00f3n Reglamento para la Provisi\u00f3n de Cargos de Secretarios de Juzgados Comunitarios de Peque\u00f1as Causas en el Poder Judicial"},"content":{"rendered":"<div class=\"pdfprnt-buttons pdfprnt-buttons-circulares pdfprnt-top-right\"><a href=\"https:\/\/www.justiciasantafe.gov.ar\/index.php\/wp-json\/wp\/v2\/circulares\/65392?print=pdf\" class=\"pdfprnt-button pdfprnt-button-pdf\" target=\"_blank\"><img decoding=\"async\" src=\"https:\/\/www.justiciasantafe.gov.ar\/wp-content\/plugins\/pdf-print-pro\/images\/pdf.png?357112440\" alt=\"image_pdf\" title=\"Ver PDF\" \/><\/a><a href=\"https:\/\/www.justiciasantafe.gov.ar\/index.php\/wp-json\/wp\/v2\/circulares\/65392?print=print\" class=\"pdfprnt-button pdfprnt-button-print\" target=\"_blank\"><img decoding=\"async\" src=\"https:\/\/www.justiciasantafe.gov.ar\/wp-content\/plugins\/pdf-print-pro\/images\/print.png?1674575983\" alt=\"image_print\" title=\"Imprimir contenido\" \/><\/a><\/div><p style=\"text-align: right\"><span style=\"color: #000000\"><span style=\"font-family: CG Times, Times New Roman, serif\"><span style=\"font-size: medium\"><u><b>&#8220;Circular Nro. 36\/26.-<\/b><\/u><\/span><\/span><\/span><\/p>\n<p style=\"text-align: right\"><span style=\"color: #000000\"> <span style=\"font-family: CG Times, Times New Roman, serif\"><span style=\"font-size: medium\">Santa Fe, 15 de abril de 2026.-<\/span><\/span><\/span><\/p>\n<p><span style=\"color: #000000\"><span style=\"font-family: Times New Roman, serif\"><span style=\"font-size: medium\">Se\u00f1or <\/span><\/span><\/span><\/p>\n<p><span style=\"color: #000000\"><span style=\"font-family: Times New Roman, serif\"><span style=\"font-size: medium\">Titular del \u00d3rgano Jurisdiccional<\/span><\/span><\/span><\/p>\n<p><span style=\"font-family: Times New Roman, serif\"><span style=\"font-size: medium\"><span style=\"color: #000000\"><u>S \/ D<\/u><\/span> <\/span><\/span><\/p>\n<p><span style=\"color: #000000\"><span style=\"font-family: CG Times, Times New Roman, serif\"><span style=\"font-family: Times New Roman, serif\"><span style=\"font-size: medium\"><span lang=\"es-ES\">\u00a0 \u00a0 \u00a0 \u00a0 \u00a0 \u00a0 \u00a0 Me dirijo a Ud. a fin de comunicarle, para su conocimiento y notificaci\u00f3n a todos los integrantes de ese \u00f3rgano jurisdiccional, que en el Acuerdo celebrado el d\u00eda 14.4.2026, Acta Nro. 11, pto. 17, la Corte Suprema de Justicia de la Provincia de Santa Fe, adopt\u00f3 el siguiente decisorio<\/span><\/span><\/span><span style=\"font-size: medium\">: <\/span><\/span><\/span><\/p>\n<p><span style=\"color: #000000\">\u201c<span style=\"font-family: Times New Roman, serif\"><span style=\"font-size: medium\"><span lang=\"es-AR\"><u>REGLAMENTO PARA LA PROVISI\u00d3N DE CARGOS DE SECRETARIOS COMUNITARIOS DE LAS PEQUE\u00d1AS CAUSAS<\/u><\/span><span lang=\"es-AR\">. Atento a la necesidad de Reglamentar debidamente la forma en que se llevar\u00e1n a cabo, en lo sucesivo, los Concursos para proveer cargos de Secretarios de los Juzgados Comunitarios de las Peque\u00f1as Causas de la Provincia con categor\u00eda, dentro del escalaf\u00f3n de los agentes del Poder Judicial, de Oficial Mayor; y conforme lo dispuesto en el art\u00edculo 128 inc. 3 y 5 de la Constituci\u00f3n de la Provincia, y las disposiciones pertinentes de la ley N\u00b0 10.160 y sus modificatorias; luego de un intercambio de opiniones, <\/span><span lang=\"es-AR\"><u>SE RESUELVE<\/u><\/span><span lang=\"es-AR\">: Aprobar el Reglamento para la Provisi\u00f3n de cargos de Secretarios Comunitarios de las Peque\u00f1as Causas, que se agrega al final de la presente y como parte integrante del acta. <\/span><span lang=\"es-AR\">FDO.: GUTI\u00c9RREZ. BACLINI. ERBETTA. FALISTOCCO. WEDER. ZABALZA. BORDAS (SECRETARIO)\u201d.&#8212;&#8212;&#8212;&#8212;&#8212;&#8212;&#8212;&#8212;&#8212;&#8212;<\/span><\/span><\/span><\/span><\/p>\n<p><span style=\"color: #000000\"><span style=\"font-family: Times New Roman, serif\"><span style=\"font-size: medium\"><span lang=\"es-AR\">\u00a0 \u00a0 \u00a0 \u00a0 \u00a0 \u00a0 \u00a0 Se adjunta a la presente copia del referido Reglamento.<\/span> <\/span><\/span><\/span><\/p>\n<p><span style=\"font-family: Times New Roman, serif\"><span style=\"font-size: medium\"><span style=\"color: #000000\">\u00a0 \u00a0 \u00a0 \u00a0 \u00a0 \u00a0 \u00a0 Sin otro particular, saludo a Ud. atentamente.<\/span><\/span><\/span><\/p>\n<p><span style=\"font-family: Times New Roman, serif\"><span style=\"font-size: medium\"><span style=\"color: #000000\">\u00a0 \u00a0 \u00a0 \u00a0 \u00a0 \u00a0 \u00a0 Fdo: Dr. Eduardo Bordas<\/span><\/span><\/span><\/p>\n<p><span style=\"font-family: Times New Roman, serif\"><span style=\"font-size: medium\"><span style=\"color: #000000\">\u00a0 \u00a0 \u00a0 \u00a0 \u00a0 \u00a0 \u00a0 (Secretario de Gobierno)&#8221;<\/span><\/span><\/span><\/p>\n<p>&nbsp;<\/p>\n<p><a href=\"https:\/\/www.justiciasantafe.gov.ar\/wp-content\/uploads\/2026\/04\/CIRC-36-26-ANEXO-1.pdf\"><span style=\"font-family: Times New Roman, serif\"><span style=\"font-size: medium\"><span style=\"color: #000000\">Anexo &#8211; Reglamento para la Provisi\u00f3n de Cargos de los Juzgados Comunitarios de las Peque\u00f1as Causas<\/span><\/span><\/span><\/a><\/p>\n<div class=\"gsp_post_data\" data-post_type=\"circulares\" data-cat=\"\" data-modified=\"120\" data-title=\"Circular nro. 36. Aprobaci\u00f3n Reglamento para la Provisi\u00f3n de Cargos de Secretarios de Juzgados Comunitarios de Peque\u00f1as Causas en el Poder Judicial\" data-home=\"https:\/\/www.justiciasantafe.gov.ar\"><\/div>","protected":false},"excerpt":{"rendered":"<p>&#8220;Circular Nro. 36\/26.- Santa Fe, 15 de abril de 2026.- Se\u00f1or Titular del \u00d3rgano Jurisdiccional S \/ D \u00a0 \u00a0 \u00a0 \u00a0 \u00a0 \u00a0 \u00a0 Me dirijo a Ud. a fin de comunicarle, para su conocimiento y notificaci\u00f3n a todos los integrantes de ese \u00f3rgano jurisdiccional, que en el Acuerdo celebrado el d\u00eda 14.4.2026, Acta [&#8230;]\n","protected":false},"author":52,"featured_media":0,"menu_order":0,"template":"","format":"standard","meta":{"_acf_changed":false,"footnotes":""},"categories":[],"tags":[],"class_list":["post-65392","circulares","type-circulares","status-publish","format-standard","hentry"],"acf":{"i2t_anio":2026,"i2t_id_historico":"","i2t_autor_historico":""},"_links":{"self":[{"href":"https:\/\/www.justiciasantafe.gov.ar\/index.php\/wp-json\/wp\/v2\/circulares\/65392","targetHints":{"allow":["GET"]}}],"collection":[{"href":"https:\/\/www.justiciasantafe.gov.ar\/index.php\/wp-json\/wp\/v2\/circulares"}],"about":[{"href":"https:\/\/www.justiciasantafe.gov.ar\/index.php\/wp-json\/wp\/v2\/types\/circulares"}],"author":[{"embeddable":true,"href":"https:\/\/www.justiciasantafe.gov.ar\/index.php\/wp-json\/wp\/v2\/users\/52"}],"version-history":[{"count":5,"href":"https:\/\/www.justiciasantafe.gov.ar\/index.php\/wp-json\/wp\/v2\/circulares\/65392\/revisions"}],"predecessor-version":[{"id":65399,"href":"https:\/\/www.justiciasantafe.gov.ar\/index.php\/wp-json\/wp\/v2\/circulares\/65392\/revisions\/65399"}],"wp:attachment":[{"href":"https:\/\/www.justiciasantafe.gov.ar\/index.php\/wp-json\/wp\/v2\/media?parent=65392"}],"wp:term":[{"taxonomy":"category","embeddable":true,"href":"https:\/\/www.justiciasantafe.gov.ar\/index.php\/wp-json\/wp\/v2\/categories?post=65392"},{"taxonomy":"post_tag","embeddable":true,"href":"https:\/\/www.justiciasantafe.gov.ar\/index.php\/wp-json\/wp\/v2\/tags?post=65392"}],"curies":[{"name":"wp","href":"https:\/\/api.w.org\/{rel}","templated":true}]}}

Circular nro. 36. Aprobación Reglamento para la Provisión de Cargos de Secretarios de Juzgados Comunitarios de Pequeñas Causas en el Poder Judicial

<div class="pdfprnt-buttons pdfprnt-buttons-circulares pdfprnt-top-right"><a href="https://www.justiciasantafe.gov.ar/index.php/wp-json/wp/v2/circulares/65392?print=pdf" class="pdfprnt-button pdfprnt-button-pdf" target="_blank"><img decoding="async" src="https://www.justiciasantafe.gov.ar/wp-content/plugins/pdf-print-pro/images/pdf.png?357112440" alt="image_pdf" title="Ver PDF" /></a><a href="https://www.justiciasantafe.gov.ar/index.php/wp-json/wp/v2/circulares/65392?print=print" class="pdfprnt-button pdfprnt-button-print" target="_blank"><img decoding="async" src="https://www.justiciasantafe.gov.ar/wp-content/plugins/pdf-print-pro/images/print.png?1674575983" alt="image_print" title="Imprimir contenido" /></a></div><p style="text-align: right"><span style="color: #000000"><span style="font-family: CG Times, Times New Roman, serif"><span style="font-size: medium"><u><b>&#8220;Circular Nro. 36/26.-</b></u></span></span></span></p>
<p style="text-align: right"><span style="color: #000000"> <span style="font-family: CG Times, Times New Roman, serif"><span style="font-size: medium">Santa Fe, 15 de abril de 2026.-</span></span></span></p>
<p><span style="color: #000000"><span style="font-family: Times New Roman, serif"><span style="font-size: medium">Señor </span></span></span></p>
<p><span style="color: #000000"><span style="font-family: Times New Roman, serif"><span style="font-size: medium">Titular del Órgano Jurisdiccional</span></span></span></p>
<p><span style="font-family: Times New Roman, serif"><span style="font-size: medium"><span style="color: #000000"><u>S / D</u></span> </span></span></p>
<p><span style="color: #000000"><span style="font-family: CG Times, Times New Roman, serif"><span style="font-family: Times New Roman, serif"><span style="font-size: medium"><span lang="es-ES">              Me dirijo a Ud. a fin de comunicarle, para su conocimiento y notificación a todos los integrantes de ese órgano jurisdiccional, que en el Acuerdo celebrado el día 14.4.2026, Acta Nro. 11, pto. 17, la Corte Suprema de Justicia de la Provincia de Santa Fe, adoptó el siguiente decisorio</span></span></span><span style="font-size: medium">: </span></span></span></p>
<p><span style="color: #000000">“<span style="font-family: Times New Roman, serif"><span style="font-size: medium"><span lang="es-AR"><u>REGLAMENTO PARA LA PROVISIÓN DE CARGOS DE SECRETARIOS COMUNITARIOS DE LAS PEQUEÑAS CAUSAS</u></span><span lang="es-AR">. Atento a la necesidad de Reglamentar debidamente la forma en que se llevarán a cabo, en lo sucesivo, los Concursos para proveer cargos de Secretarios de los Juzgados Comunitarios de las Pequeñas Causas de la Provincia con categoría, dentro del escalafón de los agentes del Poder Judicial, de Oficial Mayor; y conforme lo dispuesto en el artículo 128 inc. 3 y 5 de la Constitución de la Provincia, y las disposiciones pertinentes de la ley N° 10.160 y sus modificatorias; luego de un intercambio de opiniones, </span><span lang="es-AR"><u>SE RESUELVE</u></span><span lang="es-AR">: Aprobar el Reglamento para la Provisión de cargos de Secretarios Comunitarios de las Pequeñas Causas, que se agrega al final de la presente y como parte integrante del acta. </span><span lang="es-AR">FDO.: GUTIÉRREZ. BACLINI. ERBETTA. FALISTOCCO. WEDER. ZABALZA. BORDAS (SECRETARIO)”.&#8212;&#8212;&#8212;&#8212;&#8212;&#8212;&#8212;&#8212;&#8212;&#8212;</span></span></span></span></p>
<p><span style="color: #000000"><span style="font-family: Times New Roman, serif"><span style="font-size: medium"><span lang="es-AR">              Se adjunta a la presente copia del referido Reglamento.</span> </span></span></span></p>
<p><span style="font-family: Times New Roman, serif"><span style="font-size: medium"><span style="color: #000000">              Sin otro particular, saludo a Ud. atentamente.</span></span></span></p>
<p><span style="font-family: Times New Roman, serif"><span style="font-size: medium"><span style="color: #000000">              Fdo: Dr. Eduardo Bordas</span></span></span></p>
<p><span style="font-family: Times New Roman, serif"><span style="font-size: medium"><span style="color: #000000">              (Secretario de Gobierno)&#8221;</span></span></span></p>
<p>&nbsp;</p>
<p><a href="https://www.justiciasantafe.gov.ar/wp-content/uploads/2026/04/CIRC-36-26-ANEXO-1.pdf"><span style="font-family: Times New Roman, serif"><span style="font-size: medium"><span style="color: #000000">Anexo &#8211; Reglamento para la Provisión de Cargos de los Juzgados Comunitarios de las Pequeñas Causas</span></span></span></a></p>
<div class="gsp_post_data" data-post_type="circulares" data-cat="" data-modified="120" data-title="Circular nro. 36. Aprobación Reglamento para la Provisión de Cargos de Secretarios de Juzgados Comunitarios de Pequeñas Causas en el Poder Judicial" data-home="https://www.justiciasantafe.gov.ar"></div>

<p>&#8220;Circular Nro. 36/26.- Santa Fe, 15 de abril de 2026.- Señor Titular del Órgano Jurisdiccional S / D               Me dirijo a Ud. a fin de comunicarle, para su conocimiento y notificación a todos los integrantes de ese órgano jurisdiccional, que en el Acuerdo celebrado el día 14.4.2026, Acta [&#8230;]
