 {"id":66070,"date":"2026-04-24T07:08:17","date_gmt":"2026-04-24T10:08:17","guid":{"rendered":"https:\/\/www.justiciasantafe.gov.ar\/?post_type=circulares&#038;p=66070"},"modified":"2026-04-24T07:08:17","modified_gmt":"2026-04-24T10:08:17","slug":"circular-nro-40-llamado-a-concurso-para-cubrir-un-cargo-de-secretario-comunitario-de-las-pequenas-causas-categoria-presupuestaria-de-oficial-mayor-para-el-juzgado-comunitario-de-las-pequenas-causas","status":"publish","type":"circulares","link":"https:\/\/www.justiciasantafe.gov.ar\/index.php\/circulares\/circular-nro-40-llamado-a-concurso-para-cubrir-un-cargo-de-secretario-comunitario-de-las-pequenas-causas-categoria-presupuestaria-de-oficial-mayor-para-el-juzgado-comunitario-de-las-pequenas-causas\/","title":{"rendered":"Circular nro.40.Llamado a concurso para cubrir un cargo de Secretario Comunitario de las Peque\u00f1as Causas (categor\u00eda presupuestaria de Oficial Mayor) para el Juzgado Comunitario de las Peque\u00f1as Causas de la localidad de San Ger\u00f3nimo Norte"},"content":{"rendered":"<div class=\"pdfprnt-buttons pdfprnt-buttons-circulares pdfprnt-top-right\"><a href=\"https:\/\/www.justiciasantafe.gov.ar\/index.php\/wp-json\/wp\/v2\/circulares\/66070?print=pdf\" class=\"pdfprnt-button pdfprnt-button-pdf\" target=\"_blank\"><img decoding=\"async\" src=\"https:\/\/www.justiciasantafe.gov.ar\/wp-content\/plugins\/pdf-print-pro\/images\/pdf.png?357112440\" alt=\"image_pdf\" title=\"Ver PDF\" \/><\/a><a href=\"https:\/\/www.justiciasantafe.gov.ar\/index.php\/wp-json\/wp\/v2\/circulares\/66070?print=print\" class=\"pdfprnt-button pdfprnt-button-print\" target=\"_blank\"><img decoding=\"async\" src=\"https:\/\/www.justiciasantafe.gov.ar\/wp-content\/plugins\/pdf-print-pro\/images\/print.png?1674575983\" alt=\"image_print\" title=\"Imprimir contenido\" \/><\/a><\/div><p align=\"RIGHT\"><span style=\"color: #000000\"><u><b>&#8220;Circular Nro. 40\/26.-<\/b><\/u><\/span><\/p>\n<p align=\"CENTER\">\n<p align=\"RIGHT\"><span style=\"color: #000000\">Santa Fe, 23 de abril de 2026.-<\/span><\/p>\n<p align=\"JUSTIFY\"><span style=\"color: #000000\">Se\u00f1or<\/span><\/p>\n<p align=\"JUSTIFY\"><span style=\"color: #000000\">Titular del \u00d3rgano Jurisdiccional<\/span><\/p>\n<p align=\"JUSTIFY\"><span style=\"color: #000000\"><u>S \/ D<\/u><\/span><\/p>\n<p align=\"JUSTIFY\"><span style=\"color: #000000\">\u00a0 \u00a0 Para su conocimiento y notificaci\u00f3n a los dem\u00e1s integrantes de esa dependencia, me dirijo a Ud. a fin de comunicarle que por resoluci\u00f3n de la Secretar\u00eda de Gobierno de fecha 20.4.2026, ratificada por Acuerdo de la Corte Suprema de Justicia de la Provincia celebrado el d\u00eda 21.4.2026, Acta N\u00b0 12, punto 3, se ha dispuesto llamar a Concurso Cerrado para la provisi\u00f3n del siguiente cargo:<\/span><\/p>\n<p align=\"JUSTIFY\"><span style=\"color: #000000\"><u><b>UN CARGO DE SECRETARIO COMUNITARIO DE LAS PEQUE\u00d1AS CAUSAS (CATEGOR\u00cdA PRESUPUESTARIA DE OFICIAL MAYOR) PARA EL JUZGADO COMUNITARIO DE LAS PEQUE\u00d1AS CAUSAS DE LA LOCALIDAD DE SAN GER\u00d3NIMO NORTE<\/b><\/u><b>.<\/b><\/span><\/p>\n<p align=\"JUSTIFY\"><span style=\"color: #000000\"><u><b>Car\u00e1cter del concurso<\/b><\/u><\/span><span style=\"color: #000000\"><b>:<\/b><\/span><span style=\"color: #000000\"> Cerrado entre los integrantes titulares del Poder Judicial, de antecedentes y en su caso de oposici\u00f3n.<\/span><\/p>\n<p align=\"JUSTIFY\"><span style=\"color: #000000\"><u><b>Requisitos:<\/b><\/u><\/span> <span style=\"color: #000000\"><b> a)<\/b><\/span> <span style=\"color: #000000\">Certificaci\u00f3n de la Oficina Judicial correspondiente de no hallarse incluido en el Registro de Deudores Alimentarios Morosos<\/span><span style=\"color: #000000\">; <\/span><\/p>\n<p align=\"JUSTIFY\"><span style=\"color: #000000\"><b>b)<\/b><\/span><span style=\"color: #000000\"> Tener dos a\u00f1os como empleados titulares administrativos previos a la fecha del llamado a concurso;<\/span><b> <\/b><\/p>\n<p align=\"JUSTIFY\"><span style=\"color: #000000\"><u><b>Per\u00edodo de inscripci\u00f3n:<\/b><\/u><\/span><span style=\"color: #000000\"> Del 27 de abril al 8 de mayo del corriente a\u00f1o, ambas fechas inclusive, en horario de atenci\u00f3n al p\u00fablico de 7:15 a 12:45 horas, debiendo los interesados presentar las respectivas solicitudes -en el formulario confeccionado al efecto-, ante la Secretar\u00eda de Gobierno de la Corte Suprema de Justicia en Santa Fe, mencionando y acompa\u00f1ando, en su caso, todos los antecedentes que estimen convenientes, los que deber\u00e1n ser retirados dentro del plazo de dos meses una vez resuelto el concurso.<\/span><\/p>\n<p align=\"JUSTIFY\"><span style=\"color: #000000\"><u><b>Ex\u00e1menes de oposici\u00f3n<\/b><\/u><\/span><span style=\"color: #000000\"><b>:<\/b><\/span><span style=\"color: #000000\"> En caso de as\u00ed disponerse, oportunamente se designar\u00e1n las fechas para los ex\u00e1menes de oposici\u00f3n.<\/span><\/p>\n<p align=\"JUSTIFY\"><span style=\"color: #000000\"><u><b>Entrevistas Personales<\/b><\/u><\/span><span style=\"color: #000000\"><b>:<\/b><\/span><span style=\"color: #000000\"> Igualmente, en su oportunidad se designar\u00e1n las fechas para la recepci\u00f3n de entrevistas personales a los postulantes inscriptos que re\u00fanan las exigencias legales y reglamentarias.<\/span><\/p>\n<p align=\"JUSTIFY\"><span style=\"color: #000000\">El concurso precedente se realizar\u00e1 de acuerdo a las prescripciones contenidas en el Reglamento aprobado para la provisi\u00f3n de Cargos de Secretarios Comunitarios de las Peque\u00f1as Causas y las reglamentaciones y criterios vigentes en materia de concursos.<\/span><\/p>\n<p align=\"JUSTIFY\">\u00a0 \u00a0 Saludo a Ud. atentamente.<\/p>\n<p align=\"JUSTIFY\">\u00a0 \u00a0 Fdo: Dr. Eduardo Bordas<\/p>\n<p align=\"JUSTIFY\">\u00a0 \u00a0 (Secretario de Gobierno)&#8221;<\/p>\n<p lang=\"es-ES\" align=\"JUSTIFY\">\n<p lang=\"es-ES\" align=\"JUSTIFY\">\n<p lang=\"es-ES\" align=\"JUSTIFY\"><a href=\"https:\/\/www.justiciasantafe.gov.ar\/wp-content\/uploads\/2026\/04\/CIRC-40-26-ANEXO.pdf\">Formulario de Inscripci\u00f3n &#8211; ANEXO CIR. 40-26<\/a><\/p>\n<div class=\"gsp_post_data\" data-post_type=\"circulares\" data-cat=\"\" data-modified=\"120\" data-title=\"Circular nro.40.Llamado a concurso para cubrir un cargo de Secretario Comunitario de las Peque\u00f1as Causas (categor\u00eda presupuestaria de Oficial Mayor) para el Juzgado Comunitario de las Peque\u00f1as Causas de la localidad de San Ger\u00f3nimo Norte\" data-home=\"https:\/\/www.justiciasantafe.gov.ar\"><\/div>","protected":false},"excerpt":{"rendered":"<p>&#8220;Circular Nro. 40\/26.- Santa Fe, 23 de abril de 2026.- Se\u00f1or Titular del \u00d3rgano Jurisdiccional S \/ D \u00a0 \u00a0 Para su conocimiento y notificaci\u00f3n a los dem\u00e1s integrantes de esa dependencia, me dirijo a Ud. a fin de comunicarle que por resoluci\u00f3n de la Secretar\u00eda de Gobierno de fecha 20.4.2026, ratificada por Acuerdo de [&#8230;]\n","protected":false},"author":52,"featured_media":0,"menu_order":0,"template":"","format":"standard","meta":{"_acf_changed":false,"footnotes":""},"categories":[],"tags":[],"class_list":["post-66070","circulares","type-circulares","status-publish","format-standard","hentry"],"acf":{"i2t_anio":2026,"i2t_id_historico":"","i2t_autor_historico":""},"_links":{"self":[{"href":"https:\/\/www.justiciasantafe.gov.ar\/index.php\/wp-json\/wp\/v2\/circulares\/66070","targetHints":{"allow":["GET"]}}],"collection":[{"href":"https:\/\/www.justiciasantafe.gov.ar\/index.php\/wp-json\/wp\/v2\/circulares"}],"about":[{"href":"https:\/\/www.justiciasantafe.gov.ar\/index.php\/wp-json\/wp\/v2\/types\/circulares"}],"author":[{"embeddable":true,"href":"https:\/\/www.justiciasantafe.gov.ar\/index.php\/wp-json\/wp\/v2\/users\/52"}],"version-history":[{"count":2,"href":"https:\/\/www.justiciasantafe.gov.ar\/index.php\/wp-json\/wp\/v2\/circulares\/66070\/revisions"}],"predecessor-version":[{"id":66073,"href":"https:\/\/www.justiciasantafe.gov.ar\/index.php\/wp-json\/wp\/v2\/circulares\/66070\/revisions\/66073"}],"wp:attachment":[{"href":"https:\/\/www.justiciasantafe.gov.ar\/index.php\/wp-json\/wp\/v2\/media?parent=66070"}],"wp:term":[{"taxonomy":"category","embeddable":true,"href":"https:\/\/www.justiciasantafe.gov.ar\/index.php\/wp-json\/wp\/v2\/categories?post=66070"},{"taxonomy":"post_tag","embeddable":true,"href":"https:\/\/www.justiciasantafe.gov.ar\/index.php\/wp-json\/wp\/v2\/tags?post=66070"}],"curies":[{"name":"wp","href":"https:\/\/api.w.org\/{rel}","templated":true}]}}

Circular nro.40.Llamado a concurso para cubrir un cargo de Secretario Comunitario de las Pequeñas Causas (categoría presupuestaria de Oficial Mayor) para el Juzgado Comunitario de las Pequeñas Causas de la localidad de San Gerónimo Norte

<div class="pdfprnt-buttons pdfprnt-buttons-circulares pdfprnt-top-right"><a href="https://www.justiciasantafe.gov.ar/index.php/wp-json/wp/v2/circulares/66070?print=pdf" class="pdfprnt-button pdfprnt-button-pdf" target="_blank"><img decoding="async" src="https://www.justiciasantafe.gov.ar/wp-content/plugins/pdf-print-pro/images/pdf.png?357112440" alt="image_pdf" title="Ver PDF" /></a><a href="https://www.justiciasantafe.gov.ar/index.php/wp-json/wp/v2/circulares/66070?print=print" class="pdfprnt-button pdfprnt-button-print" target="_blank"><img decoding="async" src="https://www.justiciasantafe.gov.ar/wp-content/plugins/pdf-print-pro/images/print.png?1674575983" alt="image_print" title="Imprimir contenido" /></a></div><p align="RIGHT"><span style="color: #000000"><u><b>&#8220;Circular Nro. 40/26.-</b></u></span></p>
<p align="CENTER">
<p align="RIGHT"><span style="color: #000000">Santa Fe, 23 de abril de 2026.-</span></p>
<p align="JUSTIFY"><span style="color: #000000">Señor</span></p>
<p align="JUSTIFY"><span style="color: #000000">Titular del Órgano Jurisdiccional</span></p>
<p align="JUSTIFY"><span style="color: #000000"><u>S / D</u></span></p>
<p align="JUSTIFY"><span style="color: #000000">    Para su conocimiento y notificación a los demás integrantes de esa dependencia, me dirijo a Ud. a fin de comunicarle que por resolución de la Secretaría de Gobierno de fecha 20.4.2026, ratificada por Acuerdo de la Corte Suprema de Justicia de la Provincia celebrado el día 21.4.2026, Acta N° 12, punto 3, se ha dispuesto llamar a Concurso Cerrado para la provisión del siguiente cargo:</span></p>
<p align="JUSTIFY"><span style="color: #000000"><u><b>UN CARGO DE SECRETARIO COMUNITARIO DE LAS PEQUEÑAS CAUSAS (CATEGORÍA PRESUPUESTARIA DE OFICIAL MAYOR) PARA EL JUZGADO COMUNITARIO DE LAS PEQUEÑAS CAUSAS DE LA LOCALIDAD DE SAN GERÓNIMO NORTE</b></u><b>.</b></span></p>
<p align="JUSTIFY"><span style="color: #000000"><u><b>Carácter del concurso</b></u></span><span style="color: #000000"><b>:</b></span><span style="color: #000000"> Cerrado entre los integrantes titulares del Poder Judicial, de antecedentes y en su caso de oposición.</span></p>
<p align="JUSTIFY"><span style="color: #000000"><u><b>Requisitos:</b></u></span> <span style="color: #000000"><b> a)</b></span> <span style="color: #000000">Certificación de la Oficina Judicial correspondiente de no hallarse incluido en el Registro de Deudores Alimentarios Morosos</span><span style="color: #000000">; </span></p>
<p align="JUSTIFY"><span style="color: #000000"><b>b)</b></span><span style="color: #000000"> Tener dos años como empleados titulares administrativos previos a la fecha del llamado a concurso;</span><b> </b></p>
<p align="JUSTIFY"><span style="color: #000000"><u><b>Período de inscripción:</b></u></span><span style="color: #000000"> Del 27 de abril al 8 de mayo del corriente año, ambas fechas inclusive, en horario de atención al público de 7:15 a 12:45 horas, debiendo los interesados presentar las respectivas solicitudes -en el formulario confeccionado al efecto-, ante la Secretaría de Gobierno de la Corte Suprema de Justicia en Santa Fe, mencionando y acompañando, en su caso, todos los antecedentes que estimen convenientes, los que deberán ser retirados dentro del plazo de dos meses una vez resuelto el concurso.</span></p>
<p align="JUSTIFY"><span style="color: #000000"><u><b>Exámenes de oposición</b></u></span><span style="color: #000000"><b>:</b></span><span style="color: #000000"> En caso de así disponerse, oportunamente se designarán las fechas para los exámenes de oposición.</span></p>
<p align="JUSTIFY"><span style="color: #000000"><u><b>Entrevistas Personales</b></u></span><span style="color: #000000"><b>:</b></span><span style="color: #000000"> Igualmente, en su oportunidad se designarán las fechas para la recepción de entrevistas personales a los postulantes inscriptos que reúnan las exigencias legales y reglamentarias.</span></p>
<p align="JUSTIFY"><span style="color: #000000">El concurso precedente se realizará de acuerdo a las prescripciones contenidas en el Reglamento aprobado para la provisión de Cargos de Secretarios Comunitarios de las Pequeñas Causas y las reglamentaciones y criterios vigentes en materia de concursos.</span></p>
<p align="JUSTIFY">    Saludo a Ud. atentamente.</p>
<p align="JUSTIFY">    Fdo: Dr. Eduardo Bordas</p>
<p align="JUSTIFY">    (Secretario de Gobierno)&#8221;</p>
<p lang="es-ES" align="JUSTIFY">
<p lang="es-ES" align="JUSTIFY">
<p lang="es-ES" align="JUSTIFY"><a href="https://www.justiciasantafe.gov.ar/wp-content/uploads/2026/04/CIRC-40-26-ANEXO.pdf">Formulario de Inscripción &#8211; ANEXO CIR. 40-26</a></p>
<div class="gsp_post_data" data-post_type="circulares" data-cat="" data-modified="120" data-title="Circular nro.40.Llamado a concurso para cubrir un cargo de Secretario Comunitario de las Pequeñas Causas (categoría presupuestaria de Oficial Mayor) para el Juzgado Comunitario de las Pequeñas Causas de la localidad de San Gerónimo Norte" data-home="https://www.justiciasantafe.gov.ar"></div>

<p>&#8220;Circular Nro. 40/26.- Santa Fe, 23 de abril de 2026.- Señor Titular del Órgano Jurisdiccional S / D     Para su conocimiento y notificación a los demás integrantes de esa dependencia, me dirijo a Ud. a fin de comunicarle que por resolución de la Secretaría de Gobierno de fecha 20.4.2026, ratificada por Acuerdo de [&#8230;]
