 {"id":66602,"date":"2026-04-30T11:31:21","date_gmt":"2026-04-30T14:31:21","guid":{"rendered":"https:\/\/www.justiciasantafe.gov.ar\/?post_type=circulares&#038;p=66602"},"modified":"2026-04-30T11:56:30","modified_gmt":"2026-04-30T14:56:30","slug":"circular-nro-43-llamado-a-concurso-para-cubrir-2-cargos-de-oficial-de-justicia-para-cumplir-funciones-en-la-secretaria-letrada-de-presidencia-de-la-csj-en-los-tribunales-de-santa-fe","status":"publish","type":"circulares","link":"https:\/\/www.justiciasantafe.gov.ar\/index.php\/circulares\/circular-nro-43-llamado-a-concurso-para-cubrir-2-cargos-de-oficial-de-justicia-para-cumplir-funciones-en-la-secretaria-letrada-de-presidencia-de-la-csj-en-los-tribunales-de-santa-fe\/","title":{"rendered":"Circular nro. 43. Llamado a concurso para cubrir 2 cargos de Oficial de Justicia para cumplir funciones en la Secretar\u00eda Letrada De Presidencia de la CSJ en los Tribunales De Santa Fe"},"content":{"rendered":"<div class=\"pdfprnt-buttons pdfprnt-buttons-circulares pdfprnt-top-right\"><a href=\"https:\/\/www.justiciasantafe.gov.ar\/index.php\/wp-json\/wp\/v2\/circulares\/66602?print=pdf\" class=\"pdfprnt-button pdfprnt-button-pdf\" target=\"_blank\"><img decoding=\"async\" src=\"https:\/\/www.justiciasantafe.gov.ar\/wp-content\/plugins\/pdf-print-pro\/images\/pdf.png?357112440\" alt=\"image_pdf\" title=\"Ver PDF\" \/><\/a><a href=\"https:\/\/www.justiciasantafe.gov.ar\/index.php\/wp-json\/wp\/v2\/circulares\/66602?print=print\" class=\"pdfprnt-button pdfprnt-button-print\" target=\"_blank\"><img decoding=\"async\" src=\"https:\/\/www.justiciasantafe.gov.ar\/wp-content\/plugins\/pdf-print-pro\/images\/print.png?1674575983\" alt=\"image_print\" title=\"Imprimir contenido\" \/><\/a><\/div><p align=\"RIGHT\"><span style=\"color: #000000\"><u><b>Circular Nro. 43\/26.-<\/b><\/u><\/span><\/p>\n<p align=\"RIGHT\"><span style=\"color: #000000\">Santa Fe, 30 de abril de 2026.-<\/span><\/p>\n<p align=\"JUSTIFY\"><span style=\"color: #000000\">Se\u00f1or<\/span><\/p>\n<p align=\"JUSTIFY\"><span style=\"color: #000000\">Titular del \u00d3rgano Jurisdiccional<\/span><\/p>\n<p align=\"JUSTIFY\"><span style=\"color: #000000\"><u>S \/ D<\/u><\/span><\/p>\n<p align=\"JUSTIFY\"><span style=\"color: #000000\">Para su conocimiento y notificaci\u00f3n a los dem\u00e1s integrantes de esa dependencia, me dirijo a Ud. a fin de comunicarle que por resoluci\u00f3n de la Secretar\u00eda de Gobierno de fecha 28.4.2026, ratificada por Acuerdo de la Corte Suprema de Justicia de la Provincia celebrado el d\u00eda 28.4.2026, Acta N\u00b0 13, punto 3, se ha dispuesto llamar a Concurso cerrado para la provisi\u00f3n de los siguientes cargos:<\/span><\/p>\n<p align=\"JUSTIFY\"><span style=\"color: #000000\"><u><b>DOS CARGOS DE OFICIAL DE JUSTICIA PARA CUMPLIR FUNCIONES EN LA SECRETAR\u00cdA LETRADA DE PRESIDENCIA DE LA CORTE SUPREMA DE JUSTICIA EN LOS TRIBUNALES DE SANTA FE Y TODA OTRA TAREA QUE EL M\u00c1XIMO TRIBUNAL LE ENCOMIENDE, CON DEDICACI\u00d3N SEMANAL M\u00cdNIMA DE 45 HORAS<\/b><\/u><b>.<\/b><\/span><\/p>\n<p align=\"JUSTIFY\"><span style=\"color: #000000\"><u><b>Car\u00e1cter del concurso<\/b><\/u><\/span><span style=\"color: #000000\"><b>:<\/b><\/span><span style=\"color: #000000\"> Cerrado, de antecedentes y en su caso de oposici\u00f3n.<\/span><\/p>\n<p align=\"JUSTIFY\"><span style=\"color: #000000\"><u><b>Requisitos:<\/b><\/u><\/span> <span style=\"color: #000000\"><b> a)<\/b><\/span><span style=\"color: #000000\"> T\u00edtulo de Abogado o Procurador o cinco a\u00f1os de desempe\u00f1o de tareas en el Poder Judicial como empleado administrativo titular;<\/span><\/p>\n<p align=\"JUSTIFY\"><span style=\"color: #000000\"><b>b)<\/b><\/span><span style=\"color: #000000\"> Certificaci\u00f3n de la Oficina Judicial correspondiente de no hallarse incluido en el Registro de Deudores Alimentarios Morosos.<\/span><\/p>\n<p align=\"JUSTIFY\"><span style=\"color: #000000\"><u><b>Per\u00edodo de inscripci\u00f3n:<\/b><\/u><\/span><span style=\"color: #000000\"> Del 4 al 15 de mayo del corriente a\u00f1o, ambas fechas inclusive, en horario de atenci\u00f3n al p\u00fablico de 7:15 a 12:45 horas, debiendo los interesados presentar las respectivas solicitudes -en el formulario confeccionado al efecto-, ante la Secretar\u00eda de Gobierno de la Corte Suprema de Justicia en Santa Fe, mencionando y acompa\u00f1ando, en su caso, todos los antecedentes que estimen convenientes, los que deber\u00e1n ser retirados dentro del plazo de dos meses una vez resuelto el concurso.<\/span><\/p>\n<p align=\"JUSTIFY\"><span style=\"color: #000000\"><u><b>Ex\u00e1menes de oposici\u00f3n<\/b><\/u><\/span><span style=\"color: #000000\"><b>:<\/b><\/span><span style=\"color: #000000\"> En caso de as\u00ed disponerse, oportunamente se designar\u00e1n las fechas para los ex\u00e1menes de oposici\u00f3n.<\/span><\/p>\n<p align=\"JUSTIFY\"><span style=\"color: #000000\"><u><b>Entrevistas Personales<\/b><\/u><\/span><span style=\"color: #000000\"><b>:<\/b><\/span><span style=\"color: #000000\"> Igualmente, en su oportunidad se designar\u00e1n las fechas para la recepci\u00f3n de entrevistas personales a los postulantes inscriptos que re\u00fanan las exigencias legales y reglamentarias.<\/span><\/p>\n<p align=\"JUSTIFY\"><span style=\"color: #000000\">El concurso precedente se realizar\u00e1 de acuerdo a las prescripciones contenidas en el Reglamento vigente para la provisi\u00f3n de Cargos de Funcionarios en el Poder Judicial.<\/span><\/p>\n<p align=\"JUSTIFY\"><span style=\"color: #000000\">Saludo a Ud. atentamente.<\/span><\/p>\n<p align=\"JUSTIFY\">Dr. Eduardo Bordas<\/p>\n<p align=\"JUSTIFY\">Secretario de Gobierno<\/p>\n<p align=\"JUSTIFY\">Formulario de inscripci\u00f3n:\u00a0 <a href=\"https:\/\/www.justiciasantafe.gov.ar\/wp-content\/uploads\/2026\/04\/CIRC-43-26-ANEXO.pdf\" target=\"\" rel=\"attachment wp-att-66616\">CIRC-43-26 ANEXO<\/a><\/p>\n<div class=\"gsp_post_data\" data-post_type=\"circulares\" data-cat=\"\" data-modified=\"120\" data-title=\"Circular nro. 43. Llamado a concurso para cubrir 2 cargos de Oficial de Justicia para cumplir funciones en la Secretar\u00eda Letrada De Presidencia de la CSJ en los Tribunales De Santa Fe\" data-home=\"https:\/\/www.justiciasantafe.gov.ar\"><\/div>","protected":false},"excerpt":{"rendered":"<p>Circular Nro. 43\/26.- Santa Fe, 30 de abril de 2026.- Se\u00f1or Titular del \u00d3rgano Jurisdiccional S \/ D Para su conocimiento y notificaci\u00f3n a los dem\u00e1s integrantes de esa dependencia, me dirijo a Ud. a fin de comunicarle que por resoluci\u00f3n de la Secretar\u00eda de Gobierno de fecha 28.4.2026, ratificada por Acuerdo de la Corte [&#8230;]\n","protected":false},"author":72,"featured_media":0,"menu_order":0,"template":"","format":"standard","meta":{"_acf_changed":false,"footnotes":""},"categories":[],"tags":[],"class_list":["post-66602","circulares","type-circulares","status-publish","format-standard","hentry"],"acf":{"i2t_anio":2026,"i2t_id_historico":"","i2t_autor_historico":""},"_links":{"self":[{"href":"https:\/\/www.justiciasantafe.gov.ar\/index.php\/wp-json\/wp\/v2\/circulares\/66602","targetHints":{"allow":["GET"]}}],"collection":[{"href":"https:\/\/www.justiciasantafe.gov.ar\/index.php\/wp-json\/wp\/v2\/circulares"}],"about":[{"href":"https:\/\/www.justiciasantafe.gov.ar\/index.php\/wp-json\/wp\/v2\/types\/circulares"}],"author":[{"embeddable":true,"href":"https:\/\/www.justiciasantafe.gov.ar\/index.php\/wp-json\/wp\/v2\/users\/72"}],"version-history":[{"count":3,"href":"https:\/\/www.justiciasantafe.gov.ar\/index.php\/wp-json\/wp\/v2\/circulares\/66602\/revisions"}],"predecessor-version":[{"id":66647,"href":"https:\/\/www.justiciasantafe.gov.ar\/index.php\/wp-json\/wp\/v2\/circulares\/66602\/revisions\/66647"}],"wp:attachment":[{"href":"https:\/\/www.justiciasantafe.gov.ar\/index.php\/wp-json\/wp\/v2\/media?parent=66602"}],"wp:term":[{"taxonomy":"category","embeddable":true,"href":"https:\/\/www.justiciasantafe.gov.ar\/index.php\/wp-json\/wp\/v2\/categories?post=66602"},{"taxonomy":"post_tag","embeddable":true,"href":"https:\/\/www.justiciasantafe.gov.ar\/index.php\/wp-json\/wp\/v2\/tags?post=66602"}],"curies":[{"name":"wp","href":"https:\/\/api.w.org\/{rel}","templated":true}]}}

Circular nro. 43. Llamado a concurso para cubrir 2 cargos de Oficial de Justicia para cumplir funciones en la Secretaría Letrada De Presidencia de la CSJ en los Tribunales De Santa Fe

<div class="pdfprnt-buttons pdfprnt-buttons-circulares pdfprnt-top-right"><a href="https://www.justiciasantafe.gov.ar/index.php/wp-json/wp/v2/circulares/66602?print=pdf" class="pdfprnt-button pdfprnt-button-pdf" target="_blank"><img decoding="async" src="https://www.justiciasantafe.gov.ar/wp-content/plugins/pdf-print-pro/images/pdf.png?357112440" alt="image_pdf" title="Ver PDF" /></a><a href="https://www.justiciasantafe.gov.ar/index.php/wp-json/wp/v2/circulares/66602?print=print" class="pdfprnt-button pdfprnt-button-print" target="_blank"><img decoding="async" src="https://www.justiciasantafe.gov.ar/wp-content/plugins/pdf-print-pro/images/print.png?1674575983" alt="image_print" title="Imprimir contenido" /></a></div><p align="RIGHT"><span style="color: #000000"><u><b>Circular Nro. 43/26.-</b></u></span></p>
<p align="RIGHT"><span style="color: #000000">Santa Fe, 30 de abril de 2026.-</span></p>
<p align="JUSTIFY"><span style="color: #000000">Señor</span></p>
<p align="JUSTIFY"><span style="color: #000000">Titular del Órgano Jurisdiccional</span></p>
<p align="JUSTIFY"><span style="color: #000000"><u>S / D</u></span></p>
<p align="JUSTIFY"><span style="color: #000000">Para su conocimiento y notificación a los demás integrantes de esa dependencia, me dirijo a Ud. a fin de comunicarle que por resolución de la Secretaría de Gobierno de fecha 28.4.2026, ratificada por Acuerdo de la Corte Suprema de Justicia de la Provincia celebrado el día 28.4.2026, Acta N° 13, punto 3, se ha dispuesto llamar a Concurso cerrado para la provisión de los siguientes cargos:</span></p>
<p align="JUSTIFY"><span style="color: #000000"><u><b>DOS CARGOS DE OFICIAL DE JUSTICIA PARA CUMPLIR FUNCIONES EN LA SECRETARÍA LETRADA DE PRESIDENCIA DE LA CORTE SUPREMA DE JUSTICIA EN LOS TRIBUNALES DE SANTA FE Y TODA OTRA TAREA QUE EL MÁXIMO TRIBUNAL LE ENCOMIENDE, CON DEDICACIÓN SEMANAL MÍNIMA DE 45 HORAS</b></u><b>.</b></span></p>
<p align="JUSTIFY"><span style="color: #000000"><u><b>Carácter del concurso</b></u></span><span style="color: #000000"><b>:</b></span><span style="color: #000000"> Cerrado, de antecedentes y en su caso de oposición.</span></p>
<p align="JUSTIFY"><span style="color: #000000"><u><b>Requisitos:</b></u></span> <span style="color: #000000"><b> a)</b></span><span style="color: #000000"> Título de Abogado o Procurador o cinco años de desempeño de tareas en el Poder Judicial como empleado administrativo titular;</span></p>
<p align="JUSTIFY"><span style="color: #000000"><b>b)</b></span><span style="color: #000000"> Certificación de la Oficina Judicial correspondiente de no hallarse incluido en el Registro de Deudores Alimentarios Morosos.</span></p>
<p align="JUSTIFY"><span style="color: #000000"><u><b>Período de inscripción:</b></u></span><span style="color: #000000"> Del 4 al 15 de mayo del corriente año, ambas fechas inclusive, en horario de atención al público de 7:15 a 12:45 horas, debiendo los interesados presentar las respectivas solicitudes -en el formulario confeccionado al efecto-, ante la Secretaría de Gobierno de la Corte Suprema de Justicia en Santa Fe, mencionando y acompañando, en su caso, todos los antecedentes que estimen convenientes, los que deberán ser retirados dentro del plazo de dos meses una vez resuelto el concurso.</span></p>
<p align="JUSTIFY"><span style="color: #000000"><u><b>Exámenes de oposición</b></u></span><span style="color: #000000"><b>:</b></span><span style="color: #000000"> En caso de así disponerse, oportunamente se designarán las fechas para los exámenes de oposición.</span></p>
<p align="JUSTIFY"><span style="color: #000000"><u><b>Entrevistas Personales</b></u></span><span style="color: #000000"><b>:</b></span><span style="color: #000000"> Igualmente, en su oportunidad se designarán las fechas para la recepción de entrevistas personales a los postulantes inscriptos que reúnan las exigencias legales y reglamentarias.</span></p>
<p align="JUSTIFY"><span style="color: #000000">El concurso precedente se realizará de acuerdo a las prescripciones contenidas en el Reglamento vigente para la provisión de Cargos de Funcionarios en el Poder Judicial.</span></p>
<p align="JUSTIFY"><span style="color: #000000">Saludo a Ud. atentamente.</span></p>
<p align="JUSTIFY">Dr. Eduardo Bordas</p>
<p align="JUSTIFY">Secretario de Gobierno</p>
<p align="JUSTIFY">Formulario de inscripción:  <a href="https://www.justiciasantafe.gov.ar/wp-content/uploads/2026/04/CIRC-43-26-ANEXO.pdf" target="" rel="attachment wp-att-66616">CIRC-43-26 ANEXO</a></p>
<div class="gsp_post_data" data-post_type="circulares" data-cat="" data-modified="120" data-title="Circular nro. 43. Llamado a concurso para cubrir 2 cargos de Oficial de Justicia para cumplir funciones en la Secretaría Letrada De Presidencia de la CSJ en los Tribunales De Santa Fe" data-home="https://www.justiciasantafe.gov.ar"></div>

<p>Circular Nro. 43/26.- Santa Fe, 30 de abril de 2026.- Señor Titular del Órgano Jurisdiccional S / D Para su conocimiento y notificación a los demás integrantes de esa dependencia, me dirijo a Ud. a fin de comunicarle que por resolución de la Secretaría de Gobierno de fecha 28.4.2026, ratificada por Acuerdo de la Corte [&#8230;]
