 {"id":66606,"date":"2026-04-30T11:31:22","date_gmt":"2026-04-30T14:31:22","guid":{"rendered":"https:\/\/www.justiciasantafe.gov.ar\/?post_type=circulares&#038;p=66606"},"modified":"2026-04-30T11:56:30","modified_gmt":"2026-04-30T14:56:30","slug":"circular-nro-44-llamado-a-concurso-para-cubrir-un-cargo-de-jefe-de-la-oficina-de-mediacion-judicial-de-la-csj-de-los-tribunales-de-santa-fe","status":"publish","type":"circulares","link":"https:\/\/www.justiciasantafe.gov.ar\/index.php\/circulares\/circular-nro-44-llamado-a-concurso-para-cubrir-un-cargo-de-jefe-de-la-oficina-de-mediacion-judicial-de-la-csj-de-los-tribunales-de-santa-fe\/","title":{"rendered":"Circular nro. 44. Llamado a concurso para cubrir un cargo de Jefe de la Oficina de Mediaci\u00f3n Judicial de la CSJ de los Tribunales de Santa Fe."},"content":{"rendered":"<div class=\"pdfprnt-buttons pdfprnt-buttons-circulares pdfprnt-top-right\"><a href=\"https:\/\/www.justiciasantafe.gov.ar\/index.php\/wp-json\/wp\/v2\/circulares\/66606?print=pdf\" class=\"pdfprnt-button pdfprnt-button-pdf\" target=\"_blank\"><img decoding=\"async\" src=\"https:\/\/www.justiciasantafe.gov.ar\/wp-content\/plugins\/pdf-print-pro\/images\/pdf.png?357112440\" alt=\"image_pdf\" title=\"Ver PDF\" \/><\/a><a href=\"https:\/\/www.justiciasantafe.gov.ar\/index.php\/wp-json\/wp\/v2\/circulares\/66606?print=print\" class=\"pdfprnt-button pdfprnt-button-print\" target=\"_blank\"><img decoding=\"async\" src=\"https:\/\/www.justiciasantafe.gov.ar\/wp-content\/plugins\/pdf-print-pro\/images\/print.png?1674575983\" alt=\"image_print\" title=\"Imprimir contenido\" \/><\/a><\/div><p align=\"RIGHT\"><span style=\"color: #000000\"><u><b>Circular Nro. 44\/26.-<\/b><\/u><\/span><\/p>\n<p align=\"RIGHT\"><span style=\"color: #000000\">Santa Fe, 30 de abril de 2026.-<\/span><\/p>\n<p align=\"JUSTIFY\"><span style=\"color: #000000\">Se\u00f1or<\/span><\/p>\n<p align=\"JUSTIFY\"><span style=\"color: #000000\">Titular del \u00d3rgano Jurisdiccional<\/span><\/p>\n<p align=\"JUSTIFY\"><span style=\"color: #000000\"><u>S \/ D<\/u><\/span><\/p>\n<p align=\"JUSTIFY\"><span style=\"color: #000000\">Para su conocimiento y notificaci\u00f3n a los dem\u00e1s integrantes de esa dependencia, me dirijo a Ud. a fin de comunicarle que por resoluci\u00f3n de la Secretar\u00eda de Gobierno de fecha 28.4.2026, ratificada por Acuerdo de la Corte Suprema de Justicia de la Provincia celebrado el d\u00eda 28.4.2026, Acta N\u00b0 13, punto 3, se ha dispuesto llamar a Concurso cerrado para la provisi\u00f3n del siguiente cargo:<\/span><\/p>\n<p align=\"JUSTIFY\"><span style=\"color: #000000\"><u><b>UN CARGO DE JEFE DE LA OFICINA DE MEDIACI\u00d3N JUDICIAL DE LA CORTE SUPREMA DE JUSTICIA EN LOS TRIBUNALES DE SANTA FE (CATEGOR\u00cdA PRESUPUESTARIA DE SECRETARIO DE PRIMERA INSTANCIA DE DISTRITO), Y TODA OTRA TAREA QUE EL ALTO CUERPO LE ENCOMIENDE, CON DEDICACI\u00d3N SEMANAL M\u00cdNIMA DE 45 HORAS.<\/b><\/u><\/span><\/p>\n<p align=\"JUSTIFY\"><span style=\"color: #000000\"><u><b>Car\u00e1cter del concurso<\/b><\/u><\/span><span style=\"color: #000000\"><b>:<\/b><\/span><span style=\"color: #000000\"> Cerrado, entre los integrantes titulares del Poder Judicial, de antecedentes y en su caso de oposici\u00f3n.<\/span><\/p>\n<p align=\"JUSTIFY\"><span style=\"color: #000000\"><u><b>Requisitos:<\/b><\/u><\/span> <span style=\"color: #000000\"><b> a)<\/b><\/span><span style=\"color: #000000\"> Ser mediador del Poder Judicial de la Provincia de Santa Fe,<\/span><\/p>\n<p align=\"JUSTIFY\"><span style=\"color: #000000\">con una antig\u00fcedad no menor de cinco a\u00f1os, previos a la fecha del llamado a concurso;<\/span><\/p>\n<p align=\"JUSTIFY\"><span style=\"color: #000000\"><b>b)<\/b><\/span><span style=\"color: #000000\"> T\u00edtulo de abogado;<\/span><\/p>\n<p align=\"JUSTIFY\"><span style=\"color: #000000\"><b>c)<\/b><\/span><span style=\"color: #000000\"> Acreditar conocimiento y experiencia que tuviere en relaci\u00f3n con el objeto del llamado a concurso, a cuyo efecto deber\u00e1 acompa\u00f1ar a su solicitud de inscripci\u00f3n, todo antecedente debidamente certificado;<\/span><\/p>\n<p align=\"JUSTIFY\"><span style=\"color: #000000\"><b>d) <\/b><\/span><span style=\"color: #000000\">Certificaci\u00f3n de la Oficina Judicial correspondiente de no hallarse incluido en el Registro de Deudores Alimentarios Morosos.<\/span><\/p>\n<p align=\"JUSTIFY\"><span style=\"color: #000000\"><u><b>Per\u00edodo de inscripci\u00f3n:<\/b><\/u><\/span><span style=\"color: #000000\"> Del 4 al 15 de mayo del corriente a\u00f1o, ambas fechas inclusive, en horario de atenci\u00f3n al p\u00fablico de 7:15 a 12:45 horas, debiendo los interesados presentar las respectivas solicitudes -en el formulario confeccionado al efecto-, ante la Secretar\u00eda de Gobierno de la Corte Suprema de Justicia en Santa Fe, mencionando y acompa\u00f1ando, en su caso, todos los antecedentes que estimen convenientes, los que deber\u00e1n ser retirados dentro del plazo de dos meses una vez resuelto el concurso.<\/span><\/p>\n<p align=\"JUSTIFY\"><span style=\"color: #000000\"><u><b>Ex\u00e1menes de oposici\u00f3n<\/b><\/u><\/span><span style=\"color: #000000\"><b>:<\/b><\/span><span style=\"color: #000000\"> En caso de as\u00ed disponerse, oportunamente se designar\u00e1n las fechas para los ex\u00e1menes de oposici\u00f3n.<\/span><\/p>\n<p align=\"JUSTIFY\"><span style=\"color: #000000\"><u><b>Entrevistas Personales<\/b><\/u><\/span><span style=\"color: #000000\"><b>:<\/b><\/span><span style=\"color: #000000\"> Igualmente, en su oportunidad se designar\u00e1n las fechas para la recepci\u00f3n de entrevistas personales a los postulantes inscriptos que re\u00fanan las exigencias legales y reglamentarias.<\/span><\/p>\n<p align=\"JUSTIFY\"><span style=\"color: #000000\">El concurso precedente se realizar\u00e1 de acuerdo a las prescripciones contenidas en el Reglamento vigente para la provisi\u00f3n de Cargos de Funcionarios en el Poder Judicial.<\/span><\/p>\n<p align=\"JUSTIFY\"><span style=\"color: #000000\">Saludo a Ud. atentamente.<\/span><\/p>\n<p align=\"JUSTIFY\">Dr. Eduardo Bordas<\/p>\n<p align=\"JUSTIFY\">Secretario de Gobierno<\/p>\n<p align=\"JUSTIFY\">Formulario de inscripci\u00f3n:\u00a0 <a href=\"https:\/\/www.justiciasantafe.gov.ar\/wp-content\/uploads\/2026\/04\/CIRC-44-26-ANEXO.pdf\" target=\"\" rel=\"attachment wp-att-66620\">CIRC-44-26 ANEXO<\/a><\/p>\n<div class=\"gsp_post_data\" data-post_type=\"circulares\" data-cat=\"\" data-modified=\"120\" data-title=\"Circular nro. 44. Llamado a concurso para cubrir un cargo de Jefe de la Oficina de Mediaci\u00f3n Judicial de la CSJ de los Tribunales de Santa Fe.\" data-home=\"https:\/\/www.justiciasantafe.gov.ar\"><\/div>","protected":false},"excerpt":{"rendered":"<p>Circular Nro. 44\/26.- Santa Fe, 30 de abril de 2026.- Se\u00f1or Titular del \u00d3rgano Jurisdiccional S \/ D Para su conocimiento y notificaci\u00f3n a los dem\u00e1s integrantes de esa dependencia, me dirijo a Ud. a fin de comunicarle que por resoluci\u00f3n de la Secretar\u00eda de Gobierno de fecha 28.4.2026, ratificada por Acuerdo de la Corte [&#8230;]\n","protected":false},"author":72,"featured_media":0,"menu_order":0,"template":"","format":"standard","meta":{"_acf_changed":false,"footnotes":""},"categories":[],"tags":[],"class_list":["post-66606","circulares","type-circulares","status-publish","format-standard","hentry"],"acf":{"i2t_anio":2026,"i2t_id_historico":"","i2t_autor_historico":""},"_links":{"self":[{"href":"https:\/\/www.justiciasantafe.gov.ar\/index.php\/wp-json\/wp\/v2\/circulares\/66606","targetHints":{"allow":["GET"]}}],"collection":[{"href":"https:\/\/www.justiciasantafe.gov.ar\/index.php\/wp-json\/wp\/v2\/circulares"}],"about":[{"href":"https:\/\/www.justiciasantafe.gov.ar\/index.php\/wp-json\/wp\/v2\/types\/circulares"}],"author":[{"embeddable":true,"href":"https:\/\/www.justiciasantafe.gov.ar\/index.php\/wp-json\/wp\/v2\/users\/72"}],"version-history":[{"count":2,"href":"https:\/\/www.justiciasantafe.gov.ar\/index.php\/wp-json\/wp\/v2\/circulares\/66606\/revisions"}],"predecessor-version":[{"id":66646,"href":"https:\/\/www.justiciasantafe.gov.ar\/index.php\/wp-json\/wp\/v2\/circulares\/66606\/revisions\/66646"}],"wp:attachment":[{"href":"https:\/\/www.justiciasantafe.gov.ar\/index.php\/wp-json\/wp\/v2\/media?parent=66606"}],"wp:term":[{"taxonomy":"category","embeddable":true,"href":"https:\/\/www.justiciasantafe.gov.ar\/index.php\/wp-json\/wp\/v2\/categories?post=66606"},{"taxonomy":"post_tag","embeddable":true,"href":"https:\/\/www.justiciasantafe.gov.ar\/index.php\/wp-json\/wp\/v2\/tags?post=66606"}],"curies":[{"name":"wp","href":"https:\/\/api.w.org\/{rel}","templated":true}]}}

Circular nro. 44. Llamado a concurso para cubrir un cargo de Jefe de la Oficina de Mediación Judicial de la CSJ de los Tribunales de Santa Fe.

<div class="pdfprnt-buttons pdfprnt-buttons-circulares pdfprnt-top-right"><a href="https://www.justiciasantafe.gov.ar/index.php/wp-json/wp/v2/circulares/66606?print=pdf" class="pdfprnt-button pdfprnt-button-pdf" target="_blank"><img decoding="async" src="https://www.justiciasantafe.gov.ar/wp-content/plugins/pdf-print-pro/images/pdf.png?357112440" alt="image_pdf" title="Ver PDF" /></a><a href="https://www.justiciasantafe.gov.ar/index.php/wp-json/wp/v2/circulares/66606?print=print" class="pdfprnt-button pdfprnt-button-print" target="_blank"><img decoding="async" src="https://www.justiciasantafe.gov.ar/wp-content/plugins/pdf-print-pro/images/print.png?1674575983" alt="image_print" title="Imprimir contenido" /></a></div><p align="RIGHT"><span style="color: #000000"><u><b>Circular Nro. 44/26.-</b></u></span></p>
<p align="RIGHT"><span style="color: #000000">Santa Fe, 30 de abril de 2026.-</span></p>
<p align="JUSTIFY"><span style="color: #000000">Señor</span></p>
<p align="JUSTIFY"><span style="color: #000000">Titular del Órgano Jurisdiccional</span></p>
<p align="JUSTIFY"><span style="color: #000000"><u>S / D</u></span></p>
<p align="JUSTIFY"><span style="color: #000000">Para su conocimiento y notificación a los demás integrantes de esa dependencia, me dirijo a Ud. a fin de comunicarle que por resolución de la Secretaría de Gobierno de fecha 28.4.2026, ratificada por Acuerdo de la Corte Suprema de Justicia de la Provincia celebrado el día 28.4.2026, Acta N° 13, punto 3, se ha dispuesto llamar a Concurso cerrado para la provisión del siguiente cargo:</span></p>
<p align="JUSTIFY"><span style="color: #000000"><u><b>UN CARGO DE JEFE DE LA OFICINA DE MEDIACIÓN JUDICIAL DE LA CORTE SUPREMA DE JUSTICIA EN LOS TRIBUNALES DE SANTA FE (CATEGORÍA PRESUPUESTARIA DE SECRETARIO DE PRIMERA INSTANCIA DE DISTRITO), Y TODA OTRA TAREA QUE EL ALTO CUERPO LE ENCOMIENDE, CON DEDICACIÓN SEMANAL MÍNIMA DE 45 HORAS.</b></u></span></p>
<p align="JUSTIFY"><span style="color: #000000"><u><b>Carácter del concurso</b></u></span><span style="color: #000000"><b>:</b></span><span style="color: #000000"> Cerrado, entre los integrantes titulares del Poder Judicial, de antecedentes y en su caso de oposición.</span></p>
<p align="JUSTIFY"><span style="color: #000000"><u><b>Requisitos:</b></u></span> <span style="color: #000000"><b> a)</b></span><span style="color: #000000"> Ser mediador del Poder Judicial de la Provincia de Santa Fe,</span></p>
<p align="JUSTIFY"><span style="color: #000000">con una antigüedad no menor de cinco años, previos a la fecha del llamado a concurso;</span></p>
<p align="JUSTIFY"><span style="color: #000000"><b>b)</b></span><span style="color: #000000"> Título de abogado;</span></p>
<p align="JUSTIFY"><span style="color: #000000"><b>c)</b></span><span style="color: #000000"> Acreditar conocimiento y experiencia que tuviere en relación con el objeto del llamado a concurso, a cuyo efecto deberá acompañar a su solicitud de inscripción, todo antecedente debidamente certificado;</span></p>
<p align="JUSTIFY"><span style="color: #000000"><b>d) </b></span><span style="color: #000000">Certificación de la Oficina Judicial correspondiente de no hallarse incluido en el Registro de Deudores Alimentarios Morosos.</span></p>
<p align="JUSTIFY"><span style="color: #000000"><u><b>Período de inscripción:</b></u></span><span style="color: #000000"> Del 4 al 15 de mayo del corriente año, ambas fechas inclusive, en horario de atención al público de 7:15 a 12:45 horas, debiendo los interesados presentar las respectivas solicitudes -en el formulario confeccionado al efecto-, ante la Secretaría de Gobierno de la Corte Suprema de Justicia en Santa Fe, mencionando y acompañando, en su caso, todos los antecedentes que estimen convenientes, los que deberán ser retirados dentro del plazo de dos meses una vez resuelto el concurso.</span></p>
<p align="JUSTIFY"><span style="color: #000000"><u><b>Exámenes de oposición</b></u></span><span style="color: #000000"><b>:</b></span><span style="color: #000000"> En caso de así disponerse, oportunamente se designarán las fechas para los exámenes de oposición.</span></p>
<p align="JUSTIFY"><span style="color: #000000"><u><b>Entrevistas Personales</b></u></span><span style="color: #000000"><b>:</b></span><span style="color: #000000"> Igualmente, en su oportunidad se designarán las fechas para la recepción de entrevistas personales a los postulantes inscriptos que reúnan las exigencias legales y reglamentarias.</span></p>
<p align="JUSTIFY"><span style="color: #000000">El concurso precedente se realizará de acuerdo a las prescripciones contenidas en el Reglamento vigente para la provisión de Cargos de Funcionarios en el Poder Judicial.</span></p>
<p align="JUSTIFY"><span style="color: #000000">Saludo a Ud. atentamente.</span></p>
<p align="JUSTIFY">Dr. Eduardo Bordas</p>
<p align="JUSTIFY">Secretario de Gobierno</p>
<p align="JUSTIFY">Formulario de inscripción:  <a href="https://www.justiciasantafe.gov.ar/wp-content/uploads/2026/04/CIRC-44-26-ANEXO.pdf" target="" rel="attachment wp-att-66620">CIRC-44-26 ANEXO</a></p>
<div class="gsp_post_data" data-post_type="circulares" data-cat="" data-modified="120" data-title="Circular nro. 44. Llamado a concurso para cubrir un cargo de Jefe de la Oficina de Mediación Judicial de la CSJ de los Tribunales de Santa Fe." data-home="https://www.justiciasantafe.gov.ar"></div>

<p>Circular Nro. 44/26.- Santa Fe, 30 de abril de 2026.- Señor Titular del Órgano Jurisdiccional S / D Para su conocimiento y notificación a los demás integrantes de esa dependencia, me dirijo a Ud. a fin de comunicarle que por resolución de la Secretaría de Gobierno de fecha 28.4.2026, ratificada por Acuerdo de la Corte [&#8230;]
