 {"id":31142,"date":"2023-01-09T16:30:19","date_gmt":"2023-01-09T19:30:19","guid":{"rendered":"https:\/\/www.justiciasantafe.gov.ar\/?post_type=compras&#038;p=31142"},"modified":"2023-01-09T16:30:19","modified_gmt":"2023-01-09T19:30:19","slug":"licitacion-privada-n-16-21","status":"publish","type":"compras","link":"https:\/\/www.justiciasantafe.gov.ar\/index.php\/compras\/licitacion-privada-n-16-21\/","title":{"rendered":"Licitaci\u00f3n privada N\u00b0 16\/21"},"content":{"rendered":"<p>&#8220;Iluminaci\u00f3n perimetral a instalar en el edificio Anexo de los Tribunales de Justicia de la ciudad de Santa Fe&#8221;<\/p>\n<p><strong>CAMBIO DE FECHA &#8211; VISITA DE OBRA<\/strong>: 26 de mayo del corriente a\u00f1o a las 10 hs. en el hall del Palacio de Justicia de Santa Fe, San Jer\u00f3nimo 1551 de Santa Fe (por el feriado del d\u00eda 24\/05 se pasa al d\u00eda 26\/05)..<\/p>\n<p>&nbsp;<\/p>\n<p><a href=\"https:\/\/www.justiciasantafe.gov.ar\/wp-content\/uploads\/2023\/01\/4395.pdf\" target=\"_blank\" rel=\"noopener\">Plano 2<\/a><\/p>\n<p><a href=\"https:\/\/www.justiciasantafe.gov.ar\/wp-content\/uploads\/2023\/01\/4394.pdf\" target=\"_blank\" rel=\"noopener\">Plano 1<\/a><\/p>\n<p><a href=\"https:\/\/www.justiciasantafe.gov.ar\/wp-content\/uploads\/2023\/01\/4393.pdf\" target=\"_blank\" rel=\"noopener\">Plano posici\u00f3n columnas de iluminaci\u00f3n<\/a><\/p>\n<div class=\"gsp_post_data\" data-post_type=\"compras\" data-cat=\"licitacion-privada\" data-modified=\"120\" data-title=\"Licitaci\u00f3n privada N\u00b0 16\/21\" data-home=\"https:\/\/www.justiciasantafe.gov.ar\"><\/div>","protected":false},"excerpt":{"rendered":"<p>&#8220;Iluminaci\u00f3n perimetral a instalar en el edificio Anexo de los Tribunales de Justicia de la ciudad de Santa Fe&#8221; CAMBIO DE FECHA &#8211; VISITA DE OBRA: 26 de mayo del corriente a\u00f1o a las 10 hs. en el hall del Palacio de Justicia de Santa Fe, San Jer\u00f3nimo 1551 de Santa Fe (por el feriado [&#8230;]\n","protected":false},"author":12,"featured_media":0,"template":"","format":"standard","meta":{"_acf_changed":false,"footnotes":""},"categories":[26],"tags":[],"class_list":["post-31142","compras","type-compras","status-publish","format-standard","hentry","category-licitacion-privada"],"acf":{"i2t_fecha_apertura":"20210528","i2t_estado_compra":"3","i2t_pliego":31146,"i2t_acta_de_apertura":31147,"i2t_resolucion_compra":31148,"i2t_anio":2021,"i2t_id_historico":"","i2t_autor_historico":""},"_links":{"self":[{"href":"https:\/\/www.justiciasantafe.gov.ar\/index.php\/wp-json\/wp\/v2\/compras\/31142","targetHints":{"allow":["GET"]}}],"collection":[{"href":"https:\/\/www.justiciasantafe.gov.ar\/index.php\/wp-json\/wp\/v2\/compras"}],"about":[{"href":"https:\/\/www.justiciasantafe.gov.ar\/index.php\/wp-json\/wp\/v2\/types\/compras"}],"author":[{"embeddable":true,"href":"https:\/\/www.justiciasantafe.gov.ar\/index.php\/wp-json\/wp\/v2\/users\/12"}],"version-history":[{"count":0,"href":"https:\/\/www.justiciasantafe.gov.ar\/index.php\/wp-json\/wp\/v2\/compras\/31142\/revisions"}],"wp:attachment":[{"href":"https:\/\/www.justiciasantafe.gov.ar\/index.php\/wp-json\/wp\/v2\/media?parent=31142"}],"wp:term":[{"taxonomy":"category","embeddable":true,"href":"https:\/\/www.justiciasantafe.gov.ar\/index.php\/wp-json\/wp\/v2\/categories?post=31142"},{"taxonomy":"post_tag","embeddable":true,"href":"https:\/\/www.justiciasantafe.gov.ar\/index.php\/wp-json\/wp\/v2\/tags?post=31142"}],"curies":[{"name":"wp","href":"https:\/\/api.w.org\/{rel}","templated":true}]}}

Licitación privada N° 16/21

<p>&#8220;Iluminación perimetral a instalar en el edificio Anexo de los Tribunales de Justicia de la ciudad de Santa Fe&#8221;</p>
<p><strong>CAMBIO DE FECHA &#8211; VISITA DE OBRA</strong>: 26 de mayo del corriente año a las 10 hs. en el hall del Palacio de Justicia de Santa Fe, San Jerónimo 1551 de Santa Fe (por el feriado del día 24/05 se pasa al día 26/05)..</p>
<p>&nbsp;</p>
<p><a href="https://www.justiciasantafe.gov.ar/wp-content/uploads/2023/01/4395.pdf" target="_blank" rel="noopener">Plano 2</a></p>
<p><a href="https://www.justiciasantafe.gov.ar/wp-content/uploads/2023/01/4394.pdf" target="_blank" rel="noopener">Plano 1</a></p>
<p><a href="https://www.justiciasantafe.gov.ar/wp-content/uploads/2023/01/4393.pdf" target="_blank" rel="noopener">Plano posición columnas de iluminación</a></p>
<div class="gsp_post_data" data-post_type="compras" data-cat="licitacion-privada" data-modified="120" data-title="Licitación privada N° 16/21" data-home="https://www.justiciasantafe.gov.ar"></div>

<p>&#8220;Iluminación perimetral a instalar en el edificio Anexo de los Tribunales de Justicia de la ciudad de Santa Fe&#8221; CAMBIO DE FECHA &#8211; VISITA DE OBRA: 26 de mayo del corriente año a las 10 hs. en el hall del Palacio de Justicia de Santa Fe, San Jerónimo 1551 de Santa Fe (por el feriado [&#8230;]
