 {"id":31156,"date":"2023-01-09T16:38:30","date_gmt":"2023-01-09T19:38:30","guid":{"rendered":"https:\/\/www.justiciasantafe.gov.ar\/?post_type=compras&#038;p=31156"},"modified":"2023-01-09T16:38:30","modified_gmt":"2023-01-09T19:38:30","slug":"licitacion-privada-n-17-21","status":"publish","type":"compras","link":"https:\/\/www.justiciasantafe.gov.ar\/index.php\/compras\/licitacion-privada-n-17-21\/","title":{"rendered":"Licitaci\u00f3n Privada N\u00b0 17\/21"},"content":{"rendered":"<p>&#8220;Confecci\u00f3n y provisi\u00f3n de mobiliario para el Juzgado de Primera Instancia de Distrito ne lo Laboral 5 Nominaci\u00f3n del Poder Judicial de Santa Fe&#8221;<\/p>\n<p>ACLARATORIA SIN CONSULTA<\/p>\n<p>&nbsp;<\/p>\n<p><a href=\"https:\/\/www.justiciasantafe.gov.ar\/wp-content\/uploads\/2023\/01\/4412.pdf\" target=\"_blank\" rel=\"noopener\">05 bis MOBILIARIO LABORAL 5-1<\/a><\/p>\n<p><a href=\"https:\/\/www.justiciasantafe.gov.ar\/wp-content\/uploads\/2023\/01\/4411.pdf\" target=\"_blank\" rel=\"noopener\">Aclaratoria licitaci\u00f3n privada 17-21 sin consulta<\/a><\/p>\n<p><a href=\"https:\/\/www.justiciasantafe.gov.ar\/wp-content\/uploads\/2023\/01\/4408.pdf\" target=\"_blank\" rel=\"noopener\">PLANILLA MOBILIARIO LABORAL 5 pdf<\/a><\/p>\n<p><a href=\"https:\/\/www.justiciasantafe.gov.ar\/wp-content\/uploads\/2023\/01\/4407.pdf\" target=\"_blank\" rel=\"noopener\">06 MOBILIARIO LABORAL 5<\/a><\/p>\n<p><a href=\"https:\/\/www.justiciasantafe.gov.ar\/wp-content\/uploads\/2023\/01\/4406.pdf\" target=\"_blank\" rel=\"noopener\">05 MOBILIARIO LABORAL 5<\/a><\/p>\n<p><a href=\"https:\/\/www.justiciasantafe.gov.ar\/wp-content\/uploads\/2023\/01\/4405.pdf\" target=\"_blank\" rel=\"noopener\">04 MOBILIARIO LABORAL 5-1<\/a><\/p>\n<p><a href=\"https:\/\/www.justiciasantafe.gov.ar\/wp-content\/uploads\/2023\/01\/4404.pdf\" target=\"_blank\" rel=\"noopener\">03 MOBILIARIO LABORAL 5<\/a><\/p>\n<p><a href=\"https:\/\/www.justiciasantafe.gov.ar\/wp-content\/uploads\/2023\/01\/4403.pdf\" target=\"_blank\" rel=\"noopener\">02 MOBILIARIO LABORAL 5<\/a><\/p>\n<p><a href=\"https:\/\/www.justiciasantafe.gov.ar\/wp-content\/uploads\/2023\/01\/4402.pdf\" target=\"_blank\" rel=\"noopener\">01 MOBILIARIO LABORAL 5<\/a><\/p>\n<p><a href=\"https:\/\/www.justiciasantafe.gov.ar\/wp-content\/uploads\/2023\/01\/4401.pdf\" target=\"_blank\" rel=\"noopener\">PLIEGO MOBILIARIO LABORAL 5<\/a><\/p>\n<div class=\"gsp_post_data\" data-post_type=\"compras\" data-cat=\"licitacion-privada\" data-modified=\"120\" data-title=\"Licitaci\u00f3n Privada N\u00b0 17\/21\" data-home=\"https:\/\/www.justiciasantafe.gov.ar\"><\/div>","protected":false},"excerpt":{"rendered":"<p>&#8220;Confecci\u00f3n y provisi\u00f3n de mobiliario para el Juzgado de Primera Instancia de Distrito ne lo Laboral 5 Nominaci\u00f3n del Poder Judicial de Santa Fe&#8221; ACLARATORIA SIN CONSULTA &nbsp; 05 bis MOBILIARIO LABORAL 5-1 Aclaratoria licitaci\u00f3n privada 17-21 sin consulta PLANILLA MOBILIARIO LABORAL 5 pdf 06 MOBILIARIO LABORAL 5 05 MOBILIARIO LABORAL 5 04 MOBILIARIO LABORAL [&#8230;]\n","protected":false},"author":12,"featured_media":0,"template":"","format":"standard","meta":{"_acf_changed":false,"footnotes":""},"categories":[26],"tags":[],"class_list":["post-31156","compras","type-compras","status-publish","format-standard","hentry","category-licitacion-privada"],"acf":{"i2t_fecha_apertura":"20210601","i2t_estado_compra":"3","i2t_pliego":31157,"i2t_acta_de_apertura":31168,"i2t_resolucion_compra":31169,"i2t_anio":2021,"i2t_id_historico":"","i2t_autor_historico":""},"_links":{"self":[{"href":"https:\/\/www.justiciasantafe.gov.ar\/index.php\/wp-json\/wp\/v2\/compras\/31156","targetHints":{"allow":["GET"]}}],"collection":[{"href":"https:\/\/www.justiciasantafe.gov.ar\/index.php\/wp-json\/wp\/v2\/compras"}],"about":[{"href":"https:\/\/www.justiciasantafe.gov.ar\/index.php\/wp-json\/wp\/v2\/types\/compras"}],"author":[{"embeddable":true,"href":"https:\/\/www.justiciasantafe.gov.ar\/index.php\/wp-json\/wp\/v2\/users\/12"}],"version-history":[{"count":0,"href":"https:\/\/www.justiciasantafe.gov.ar\/index.php\/wp-json\/wp\/v2\/compras\/31156\/revisions"}],"wp:attachment":[{"href":"https:\/\/www.justiciasantafe.gov.ar\/index.php\/wp-json\/wp\/v2\/media?parent=31156"}],"wp:term":[{"taxonomy":"category","embeddable":true,"href":"https:\/\/www.justiciasantafe.gov.ar\/index.php\/wp-json\/wp\/v2\/categories?post=31156"},{"taxonomy":"post_tag","embeddable":true,"href":"https:\/\/www.justiciasantafe.gov.ar\/index.php\/wp-json\/wp\/v2\/tags?post=31156"}],"curies":[{"name":"wp","href":"https:\/\/api.w.org\/{rel}","templated":true}]}}

Licitación Privada N° 17/21

<p>&#8220;Confección y provisión de mobiliario para el Juzgado de Primera Instancia de Distrito ne lo Laboral 5 Nominación del Poder Judicial de Santa Fe&#8221;</p>
<p>ACLARATORIA SIN CONSULTA</p>
<p>&nbsp;</p>
<p><a href="https://www.justiciasantafe.gov.ar/wp-content/uploads/2023/01/4412.pdf" target="_blank" rel="noopener">05 bis MOBILIARIO LABORAL 5-1</a></p>
<p><a href="https://www.justiciasantafe.gov.ar/wp-content/uploads/2023/01/4411.pdf" target="_blank" rel="noopener">Aclaratoria licitación privada 17-21 sin consulta</a></p>
<p><a href="https://www.justiciasantafe.gov.ar/wp-content/uploads/2023/01/4408.pdf" target="_blank" rel="noopener">PLANILLA MOBILIARIO LABORAL 5 pdf</a></p>
<p><a href="https://www.justiciasantafe.gov.ar/wp-content/uploads/2023/01/4407.pdf" target="_blank" rel="noopener">06 MOBILIARIO LABORAL 5</a></p>
<p><a href="https://www.justiciasantafe.gov.ar/wp-content/uploads/2023/01/4406.pdf" target="_blank" rel="noopener">05 MOBILIARIO LABORAL 5</a></p>
<p><a href="https://www.justiciasantafe.gov.ar/wp-content/uploads/2023/01/4405.pdf" target="_blank" rel="noopener">04 MOBILIARIO LABORAL 5-1</a></p>
<p><a href="https://www.justiciasantafe.gov.ar/wp-content/uploads/2023/01/4404.pdf" target="_blank" rel="noopener">03 MOBILIARIO LABORAL 5</a></p>
<p><a href="https://www.justiciasantafe.gov.ar/wp-content/uploads/2023/01/4403.pdf" target="_blank" rel="noopener">02 MOBILIARIO LABORAL 5</a></p>
<p><a href="https://www.justiciasantafe.gov.ar/wp-content/uploads/2023/01/4402.pdf" target="_blank" rel="noopener">01 MOBILIARIO LABORAL 5</a></p>
<p><a href="https://www.justiciasantafe.gov.ar/wp-content/uploads/2023/01/4401.pdf" target="_blank" rel="noopener">PLIEGO MOBILIARIO LABORAL 5</a></p>
<div class="gsp_post_data" data-post_type="compras" data-cat="licitacion-privada" data-modified="120" data-title="Licitación Privada N° 17/21" data-home="https://www.justiciasantafe.gov.ar"></div>

<p>&#8220;Confección y provisión de mobiliario para el Juzgado de Primera Instancia de Distrito ne lo Laboral 5 Nominación del Poder Judicial de Santa Fe&#8221; ACLARATORIA SIN CONSULTA &nbsp; 05 bis MOBILIARIO LABORAL 5-1 Aclaratoria licitación privada 17-21 sin consulta PLANILLA MOBILIARIO LABORAL 5 pdf 06 MOBILIARIO LABORAL 5 05 MOBILIARIO LABORAL 5 04 MOBILIARIO LABORAL [&#8230;]
