 {"id":31360,"date":"2023-01-10T16:06:57","date_gmt":"2023-01-10T19:06:57","guid":{"rendered":"https:\/\/www.justiciasantafe.gov.ar\/?post_type=compras&#038;p=31360"},"modified":"2023-01-10T16:06:57","modified_gmt":"2023-01-10T19:06:57","slug":"licitacion-privada-n-27-21","status":"publish","type":"compras","link":"https:\/\/www.justiciasantafe.gov.ar\/index.php\/compras\/licitacion-privada-n-27-21\/","title":{"rendered":"Licitaci\u00f3n privada N\u00b0 27\/21"},"content":{"rendered":"<p>&#8220;Instalaci\u00f3n de un nuevo cableado estructurado de voz y datos en los nuevos Tribunales de Reconquista para el \u00e1rea disponible del primer piso sector norte&#8221;<\/p>\n<p>&nbsp;<\/p>\n<p><a href=\"http:\/\/original.justiciasantafe.gov.ar\/ckfinder\/userfiles\/files\/compra\/4524.pdf\" target=\"_blank\" rel=\"noopener\">Reconquista 1er norte TELEFON\u00cdA plano<\/a><\/p>\n<p><a href=\"https:\/\/www.justiciasantafe.gov.ar\/wp-content\/uploads\/2023\/01\/4523-scaled.jpg\" target=\"_blank\" rel=\"noopener\">20210628_104313<\/a><\/p>\n<p><a href=\"https:\/\/www.justiciasantafe.gov.ar\/wp-content\/uploads\/2023\/01\/4522-scaled.jpg\" target=\"_blank\" rel=\"noopener\">20210628_102313<\/a><\/p>\n<div class=\"gsp_post_data\" data-post_type=\"compras\" data-cat=\"licitacion-privada\" data-modified=\"120\" data-title=\"Licitaci\u00f3n privada N\u00b0 27\/21\" data-home=\"https:\/\/www.justiciasantafe.gov.ar\"><\/div>","protected":false},"excerpt":{"rendered":"<p>&#8220;Instalaci\u00f3n de un nuevo cableado estructurado de voz y datos en los nuevos Tribunales de Reconquista para el \u00e1rea disponible del primer piso sector norte&#8221; &nbsp; Reconquista 1er norte TELEFON\u00cdA plano 20210628_104313 20210628_102313<\/p>\n","protected":false},"author":12,"featured_media":0,"template":"","format":"standard","meta":{"_acf_changed":false,"footnotes":""},"categories":[26],"tags":[],"class_list":["post-31360","compras","type-compras","status-publish","format-standard","hentry","category-licitacion-privada"],"acf":{"i2t_fecha_apertura":"20210813","i2t_estado_compra":"3","i2t_pliego":31361,"i2t_acta_de_apertura":31365,"i2t_resolucion_compra":31366,"i2t_anio":2021,"i2t_id_historico":"","i2t_autor_historico":""},"_links":{"self":[{"href":"https:\/\/www.justiciasantafe.gov.ar\/index.php\/wp-json\/wp\/v2\/compras\/31360","targetHints":{"allow":["GET"]}}],"collection":[{"href":"https:\/\/www.justiciasantafe.gov.ar\/index.php\/wp-json\/wp\/v2\/compras"}],"about":[{"href":"https:\/\/www.justiciasantafe.gov.ar\/index.php\/wp-json\/wp\/v2\/types\/compras"}],"author":[{"embeddable":true,"href":"https:\/\/www.justiciasantafe.gov.ar\/index.php\/wp-json\/wp\/v2\/users\/12"}],"version-history":[{"count":0,"href":"https:\/\/www.justiciasantafe.gov.ar\/index.php\/wp-json\/wp\/v2\/compras\/31360\/revisions"}],"wp:attachment":[{"href":"https:\/\/www.justiciasantafe.gov.ar\/index.php\/wp-json\/wp\/v2\/media?parent=31360"}],"wp:term":[{"taxonomy":"category","embeddable":true,"href":"https:\/\/www.justiciasantafe.gov.ar\/index.php\/wp-json\/wp\/v2\/categories?post=31360"},{"taxonomy":"post_tag","embeddable":true,"href":"https:\/\/www.justiciasantafe.gov.ar\/index.php\/wp-json\/wp\/v2\/tags?post=31360"}],"curies":[{"name":"wp","href":"https:\/\/api.w.org\/{rel}","templated":true}]}}

Licitación privada N° 27/21

<p>&#8220;Instalación de un nuevo cableado estructurado de voz y datos en los nuevos Tribunales de Reconquista para el área disponible del primer piso sector norte&#8221;</p>
<p>&nbsp;</p>
<p><a href="http://original.justiciasantafe.gov.ar/ckfinder/userfiles/files/compra/4524.pdf" target="_blank" rel="noopener">Reconquista 1er norte TELEFONÍA plano</a></p>
<p><a href="https://www.justiciasantafe.gov.ar/wp-content/uploads/2023/01/4523-scaled.jpg" target="_blank" rel="noopener">20210628_104313</a></p>
<p><a href="https://www.justiciasantafe.gov.ar/wp-content/uploads/2023/01/4522-scaled.jpg" target="_blank" rel="noopener">20210628_102313</a></p>
<div class="gsp_post_data" data-post_type="compras" data-cat="licitacion-privada" data-modified="120" data-title="Licitación privada N° 27/21" data-home="https://www.justiciasantafe.gov.ar"></div>

<p>&#8220;Instalación de un nuevo cableado estructurado de voz y datos en los nuevos Tribunales de Reconquista para el área disponible del primer piso sector norte&#8221; &nbsp; Reconquista 1er norte TELEFONÍA plano 20210628_104313 20210628_102313</p>
