 {"id":31387,"date":"2023-01-10T16:19:13","date_gmt":"2023-01-10T19:19:13","guid":{"rendered":"https:\/\/www.justiciasantafe.gov.ar\/?post_type=compras&#038;p=31387"},"modified":"2023-01-10T16:19:13","modified_gmt":"2023-01-10T19:19:13","slug":"licitacion-privada-n-31-21","status":"publish","type":"compras","link":"https:\/\/www.justiciasantafe.gov.ar\/index.php\/compras\/licitacion-privada-n-31-21\/","title":{"rendered":"Licitaci\u00f3n privada N\u00b0 31\/21"},"content":{"rendered":"<p>&#8220;Adquisici\u00f3n de dispositivo (ata: adaptadores anal\u00f3gicos telef\u00f3nicos) IP&#8221;<\/p>\n<div class=\"gsp_post_data\" data-post_type=\"compras\" data-cat=\"licitacion-privada\" data-modified=\"120\" data-title=\"Licitaci\u00f3n privada N\u00b0 31\/21\" data-home=\"https:\/\/www.justiciasantafe.gov.ar\"><\/div>","protected":false},"excerpt":{"rendered":"<p>&#8220;Adquisici\u00f3n de dispositivo (ata: adaptadores anal\u00f3gicos telef\u00f3nicos) IP&#8221;<\/p>\n","protected":false},"author":12,"featured_media":0,"template":"","format":"standard","meta":{"_acf_changed":false,"footnotes":""},"categories":[26],"tags":[],"class_list":["post-31387","compras","type-compras","status-publish","format-standard","hentry","category-licitacion-privada"],"acf":{"i2t_fecha_apertura":"20210907","i2t_estado_compra":"3","i2t_pliego":31388,"i2t_acta_de_apertura":31389,"i2t_resolucion_compra":31390,"i2t_anio":2021,"i2t_id_historico":"","i2t_autor_historico":""},"_links":{"self":[{"href":"https:\/\/www.justiciasantafe.gov.ar\/index.php\/wp-json\/wp\/v2\/compras\/31387","targetHints":{"allow":["GET"]}}],"collection":[{"href":"https:\/\/www.justiciasantafe.gov.ar\/index.php\/wp-json\/wp\/v2\/compras"}],"about":[{"href":"https:\/\/www.justiciasantafe.gov.ar\/index.php\/wp-json\/wp\/v2\/types\/compras"}],"author":[{"embeddable":true,"href":"https:\/\/www.justiciasantafe.gov.ar\/index.php\/wp-json\/wp\/v2\/users\/12"}],"version-history":[{"count":0,"href":"https:\/\/www.justiciasantafe.gov.ar\/index.php\/wp-json\/wp\/v2\/compras\/31387\/revisions"}],"wp:attachment":[{"href":"https:\/\/www.justiciasantafe.gov.ar\/index.php\/wp-json\/wp\/v2\/media?parent=31387"}],"wp:term":[{"taxonomy":"category","embeddable":true,"href":"https:\/\/www.justiciasantafe.gov.ar\/index.php\/wp-json\/wp\/v2\/categories?post=31387"},{"taxonomy":"post_tag","embeddable":true,"href":"https:\/\/www.justiciasantafe.gov.ar\/index.php\/wp-json\/wp\/v2\/tags?post=31387"}],"curies":[{"name":"wp","href":"https:\/\/api.w.org\/{rel}","templated":true}]}}

Licitación privada N° 31/21

<p>&#8220;Adquisición de dispositivo (ata: adaptadores analógicos telefónicos) IP&#8221;</p>
<div class="gsp_post_data" data-post_type="compras" data-cat="licitacion-privada" data-modified="120" data-title="Licitación privada N° 31/21" data-home="https://www.justiciasantafe.gov.ar"></div>

<p>&#8220;Adquisición de dispositivo (ata: adaptadores analógicos telefónicos) IP&#8221;</p>
