 {"id":31412,"date":"2023-01-10T16:29:25","date_gmt":"2023-01-10T19:29:25","guid":{"rendered":"https:\/\/www.justiciasantafe.gov.ar\/?post_type=compras&#038;p=31412"},"modified":"2023-01-10T16:29:25","modified_gmt":"2023-01-10T19:29:25","slug":"licitacion-privada-28-21","status":"publish","type":"compras","link":"https:\/\/www.justiciasantafe.gov.ar\/index.php\/compras\/licitacion-privada-28-21\/","title":{"rendered":"Licitaci\u00f3n Privada 28\/21"},"content":{"rendered":"<p>Provisi\u00f3n de un Sistema de Monitoreo de Temparatura de C\u00e1mara de Conservaci\u00f3n Instituto M\u00e9dico Legal Rosario<\/p>\n<p>&nbsp;<\/p>\n<p><a href=\"https:\/\/www.justiciasantafe.gov.ar\/wp-content\/uploads\/2023\/01\/4586.pdf\" target=\"_blank\" rel=\"noopener\">NOTA ACLARACION<\/a><\/p>\n<p><a href=\"https:\/\/www.justiciasantafe.gov.ar\/wp-content\/uploads\/2023\/01\/4549.pdf\" target=\"_blank\" rel=\"noopener\">Tabla de costos mano de obra y materiales<\/a><\/p>\n<div class=\"gsp_post_data\" data-post_type=\"compras\" data-cat=\"licitacion-privada\" data-modified=\"120\" data-title=\"Licitaci\u00f3n Privada 28\/21\" data-home=\"https:\/\/www.justiciasantafe.gov.ar\"><\/div>","protected":false},"excerpt":{"rendered":"<p>Provisi\u00f3n de un Sistema de Monitoreo de Temparatura de C\u00e1mara de Conservaci\u00f3n Instituto M\u00e9dico Legal Rosario &nbsp; NOTA ACLARACION Tabla de costos mano de obra y materiales<\/p>\n","protected":false},"author":12,"featured_media":0,"template":"","format":"standard","meta":{"_acf_changed":false,"footnotes":""},"categories":[26],"tags":[],"class_list":["post-31412","compras","type-compras","status-publish","format-standard","hentry","category-licitacion-privada"],"acf":{"i2t_fecha_apertura":"20210914","i2t_estado_compra":"3","i2t_pliego":31413,"i2t_acta_de_apertura":31416,"i2t_resolucion_compra":31417,"i2t_anio":2021,"i2t_id_historico":"","i2t_autor_historico":""},"_links":{"self":[{"href":"https:\/\/www.justiciasantafe.gov.ar\/index.php\/wp-json\/wp\/v2\/compras\/31412","targetHints":{"allow":["GET"]}}],"collection":[{"href":"https:\/\/www.justiciasantafe.gov.ar\/index.php\/wp-json\/wp\/v2\/compras"}],"about":[{"href":"https:\/\/www.justiciasantafe.gov.ar\/index.php\/wp-json\/wp\/v2\/types\/compras"}],"author":[{"embeddable":true,"href":"https:\/\/www.justiciasantafe.gov.ar\/index.php\/wp-json\/wp\/v2\/users\/12"}],"version-history":[{"count":0,"href":"https:\/\/www.justiciasantafe.gov.ar\/index.php\/wp-json\/wp\/v2\/compras\/31412\/revisions"}],"wp:attachment":[{"href":"https:\/\/www.justiciasantafe.gov.ar\/index.php\/wp-json\/wp\/v2\/media?parent=31412"}],"wp:term":[{"taxonomy":"category","embeddable":true,"href":"https:\/\/www.justiciasantafe.gov.ar\/index.php\/wp-json\/wp\/v2\/categories?post=31412"},{"taxonomy":"post_tag","embeddable":true,"href":"https:\/\/www.justiciasantafe.gov.ar\/index.php\/wp-json\/wp\/v2\/tags?post=31412"}],"curies":[{"name":"wp","href":"https:\/\/api.w.org\/{rel}","templated":true}]}}

Licitación Privada 28/21

<p>Provisión de un Sistema de Monitoreo de Temparatura de Cámara de Conservación Instituto Médico Legal Rosario</p>
<p>&nbsp;</p>
<p><a href="https://www.justiciasantafe.gov.ar/wp-content/uploads/2023/01/4586.pdf" target="_blank" rel="noopener">NOTA ACLARACION</a></p>
<p><a href="https://www.justiciasantafe.gov.ar/wp-content/uploads/2023/01/4549.pdf" target="_blank" rel="noopener">Tabla de costos mano de obra y materiales</a></p>
<div class="gsp_post_data" data-post_type="compras" data-cat="licitacion-privada" data-modified="120" data-title="Licitación Privada 28/21" data-home="https://www.justiciasantafe.gov.ar"></div>

<p>Provisión de un Sistema de Monitoreo de Temparatura de Cámara de Conservación Instituto Médico Legal Rosario &nbsp; NOTA ACLARACION Tabla de costos mano de obra y materiales</p>
