 {"id":31612,"date":"2023-02-06T17:01:08","date_gmt":"2023-02-06T20:01:08","guid":{"rendered":"https:\/\/www.justiciasantafe.gov.ar\/?post_type=compras&#038;p=31612"},"modified":"2023-02-06T17:16:14","modified_gmt":"2023-02-06T20:16:14","slug":"licitacion-privada-n-39-21","status":"publish","type":"compras","link":"https:\/\/www.justiciasantafe.gov.ar\/index.php\/compras\/licitacion-privada-n-39-21\/","title":{"rendered":"Licitaci\u00f3n privada N\u00b0 39\/21"},"content":{"rendered":"<p>&#8220;Confecci\u00f3n y provisi\u00f3n de mobiliario para la C\u00e1mara de Apelaci\u00f3n en lo Civil, Comercial y Laboral de los Tribunales de Rafaela&#8221;<\/p>\n<p>&nbsp;<\/p>\n<p><a href=\"https:\/\/www.justiciasantafe.gov.ar\/wp-content\/uploads\/2023\/02\/4659.pdf\" target=\"_blank\" rel=\"noopener\">08 CAMARA RAFAELA<\/a><\/p>\n<p><a href=\"https:\/\/www.justiciasantafe.gov.ar\/wp-content\/uploads\/2023\/02\/4658.pdf\" target=\"_blank\" rel=\"noopener\">07 CAMARA RAFAELA<\/a><\/p>\n<p><a href=\"https:\/\/www.justiciasantafe.gov.ar\/wp-content\/uploads\/2023\/02\/4657.pdf\" target=\"_blank\" rel=\"noopener\">06 CAMARA RAFAELA<\/a><\/p>\n<p><a href=\"https:\/\/www.justiciasantafe.gov.ar\/wp-content\/uploads\/2023\/02\/4656.pdf\" target=\"_blank\" rel=\"noopener\">05 CAMARA RAFAELA<\/a><\/p>\n<p><a href=\"https:\/\/www.justiciasantafe.gov.ar\/wp-content\/uploads\/2023\/02\/4655.pdf\" target=\"_blank\" rel=\"noopener\">04 CAMARA RAFAELA<\/a><\/p>\n<p><a href=\"https:\/\/www.justiciasantafe.gov.ar\/wp-content\/uploads\/2023\/02\/4654.pdf\" target=\"_blank\" rel=\"noopener\">03 CAMARA RAFAELA<\/a><\/p>\n<p><a href=\"https:\/\/www.justiciasantafe.gov.ar\/wp-content\/uploads\/2023\/02\/4653.pdf\" target=\"_blank\" rel=\"noopener\">02 CAMARA RAFAELA<\/a><\/p>\n<p><a href=\"https:\/\/www.justiciasantafe.gov.ar\/wp-content\/uploads\/2023\/02\/4652.pdf\" target=\"_blank\" rel=\"noopener\">01 CAMARA RAFAELA<\/a><\/p>\n<p><a href=\"http:\/\/original.justiciasantafe.gov.ar\/ckfinder\/userfiles\/files\/compra\/4651.ods\" target=\"_blank\" rel=\"noopener\">PLANILLA MOBILIARIO CAMARA RAFAELA VACIO<\/a><\/p>\n<p><a href=\"https:\/\/www.justiciasantafe.gov.ar\/wp-content\/uploads\/2023\/02\/4650.pdf\" target=\"_blank\" rel=\"noopener\">PETP EXTRACONTRACTUAL 4<\/a><\/p>\n<div class=\"gsp_post_data\" data-post_type=\"compras\" data-cat=\"licitacion-privada\" data-modified=\"120\" data-title=\"Licitaci\u00f3n privada N\u00b0 39\/21\" data-home=\"https:\/\/www.justiciasantafe.gov.ar\"><\/div>","protected":false},"excerpt":{"rendered":"<p>&#8220;Confecci\u00f3n y provisi\u00f3n de mobiliario para la C\u00e1mara de Apelaci\u00f3n en lo Civil, Comercial y Laboral de los Tribunales de Rafaela&#8221; &nbsp; 08 CAMARA RAFAELA 07 CAMARA RAFAELA 06 CAMARA RAFAELA 05 CAMARA RAFAELA 04 CAMARA RAFAELA 03 CAMARA RAFAELA 02 CAMARA RAFAELA 01 CAMARA RAFAELA PLANILLA MOBILIARIO CAMARA RAFAELA VACIO PETP EXTRACONTRACTUAL 4<\/p>\n","protected":false},"author":12,"featured_media":0,"template":"","format":"standard","meta":{"_acf_changed":false,"footnotes":""},"categories":[26],"tags":[],"class_list":["post-31612","compras","type-compras","status-publish","format-standard","hentry","category-licitacion-privada"],"acf":{"i2t_fecha_apertura":"20211007","i2t_estado_compra":"3","i2t_pliego":31613,"i2t_acta_de_apertura":31623,"i2t_resolucion_compra":31624,"i2t_anio":2021,"i2t_id_historico":"","i2t_autor_historico":""},"_links":{"self":[{"href":"https:\/\/www.justiciasantafe.gov.ar\/index.php\/wp-json\/wp\/v2\/compras\/31612","targetHints":{"allow":["GET"]}}],"collection":[{"href":"https:\/\/www.justiciasantafe.gov.ar\/index.php\/wp-json\/wp\/v2\/compras"}],"about":[{"href":"https:\/\/www.justiciasantafe.gov.ar\/index.php\/wp-json\/wp\/v2\/types\/compras"}],"author":[{"embeddable":true,"href":"https:\/\/www.justiciasantafe.gov.ar\/index.php\/wp-json\/wp\/v2\/users\/12"}],"version-history":[{"count":0,"href":"https:\/\/www.justiciasantafe.gov.ar\/index.php\/wp-json\/wp\/v2\/compras\/31612\/revisions"}],"wp:attachment":[{"href":"https:\/\/www.justiciasantafe.gov.ar\/index.php\/wp-json\/wp\/v2\/media?parent=31612"}],"wp:term":[{"taxonomy":"category","embeddable":true,"href":"https:\/\/www.justiciasantafe.gov.ar\/index.php\/wp-json\/wp\/v2\/categories?post=31612"},{"taxonomy":"post_tag","embeddable":true,"href":"https:\/\/www.justiciasantafe.gov.ar\/index.php\/wp-json\/wp\/v2\/tags?post=31612"}],"curies":[{"name":"wp","href":"https:\/\/api.w.org\/{rel}","templated":true}]}}

Licitación privada N° 39/21

<p>&#8220;Confección y provisión de mobiliario para la Cámara de Apelación en lo Civil, Comercial y Laboral de los Tribunales de Rafaela&#8221;</p>
<p>&nbsp;</p>
<p><a href="https://www.justiciasantafe.gov.ar/wp-content/uploads/2023/02/4659.pdf" target="_blank" rel="noopener">08 CAMARA RAFAELA</a></p>
<p><a href="https://www.justiciasantafe.gov.ar/wp-content/uploads/2023/02/4658.pdf" target="_blank" rel="noopener">07 CAMARA RAFAELA</a></p>
<p><a href="https://www.justiciasantafe.gov.ar/wp-content/uploads/2023/02/4657.pdf" target="_blank" rel="noopener">06 CAMARA RAFAELA</a></p>
<p><a href="https://www.justiciasantafe.gov.ar/wp-content/uploads/2023/02/4656.pdf" target="_blank" rel="noopener">05 CAMARA RAFAELA</a></p>
<p><a href="https://www.justiciasantafe.gov.ar/wp-content/uploads/2023/02/4655.pdf" target="_blank" rel="noopener">04 CAMARA RAFAELA</a></p>
<p><a href="https://www.justiciasantafe.gov.ar/wp-content/uploads/2023/02/4654.pdf" target="_blank" rel="noopener">03 CAMARA RAFAELA</a></p>
<p><a href="https://www.justiciasantafe.gov.ar/wp-content/uploads/2023/02/4653.pdf" target="_blank" rel="noopener">02 CAMARA RAFAELA</a></p>
<p><a href="https://www.justiciasantafe.gov.ar/wp-content/uploads/2023/02/4652.pdf" target="_blank" rel="noopener">01 CAMARA RAFAELA</a></p>
<p><a href="http://original.justiciasantafe.gov.ar/ckfinder/userfiles/files/compra/4651.ods" target="_blank" rel="noopener">PLANILLA MOBILIARIO CAMARA RAFAELA VACIO</a></p>
<p><a href="https://www.justiciasantafe.gov.ar/wp-content/uploads/2023/02/4650.pdf" target="_blank" rel="noopener">PETP EXTRACONTRACTUAL 4</a></p>
<div class="gsp_post_data" data-post_type="compras" data-cat="licitacion-privada" data-modified="120" data-title="Licitación privada N° 39/21" data-home="https://www.justiciasantafe.gov.ar"></div>

<p>&#8220;Confección y provisión de mobiliario para la Cámara de Apelación en lo Civil, Comercial y Laboral de los Tribunales de Rafaela&#8221; &nbsp; 08 CAMARA RAFAELA 07 CAMARA RAFAELA 06 CAMARA RAFAELA 05 CAMARA RAFAELA 04 CAMARA RAFAELA 03 CAMARA RAFAELA 02 CAMARA RAFAELA 01 CAMARA RAFAELA PLANILLA MOBILIARIO CAMARA RAFAELA VACIO PETP EXTRACONTRACTUAL 4</p>
