 {"id":31667,"date":"2023-02-07T14:51:18","date_gmt":"2023-02-07T17:51:18","guid":{"rendered":"https:\/\/www.justiciasantafe.gov.ar\/?post_type=compras&#038;p=31667"},"modified":"2023-04-17T14:37:22","modified_gmt":"2023-04-17T17:37:22","slug":"licitacion-publica-n-20-19","status":"publish","type":"compras","link":"https:\/\/www.justiciasantafe.gov.ar\/index.php\/compras\/licitacion-publica-n-20-19\/","title":{"rendered":"Licitaci\u00f3n P\u00fablica N\u00b0 20\/19"},"content":{"rendered":"<p>&#8220;Alimentaci\u00f3n 13, 2KV, Cabina de Medici\u00f3n y Maniobra y Subestaci\u00f3n Transformadora de 1000KVA para el Palacio de Justicia de Reconquista&#8221;<\/p>\n<p>NOTA ACLARATORIA<\/p>\n<p><a href=\"https:\/\/www.justiciasantafe.gov.ar\/wp-content\/uploads\/2023\/02\/3848.pdf\" target=\"\" rel=\"attachment wp-att-31689 noopener\">Aclaraci\u00f3n con consulta licitaci\u00f3n p\u00fablica 20-19<\/a><\/p>\n<p><a href=\"https:\/\/www.justiciasantafe.gov.ar\/wp-content\/uploads\/2023\/02\/3811.pdf\" target=\"\" rel=\"attachment wp-att-31688 noopener\">ETN 160 &#8211; Condiciones para el calculo y dise\u00f1o de lineas de media y alta tension (03-14) (1)<\/a><\/p>\n<p><a href=\"https:\/\/www.justiciasantafe.gov.ar\/wp-content\/uploads\/2023\/02\/3810.pdf\" target=\"\" rel=\"attachment wp-att-31687 noopener\">ETN 100 &#8211; Construccion de lineas aereas de media tension 13,2 y 33 kV (10-14) (1)<\/a><\/p>\n<p><a href=\"https:\/\/www.justiciasantafe.gov.ar\/wp-content\/uploads\/2023\/02\/3809.pdf\" target=\"\" rel=\"attachment wp-att-31686 noopener\">ETN 098 &#8211; Tendido subterraneo de baja, media y alta tension (08-17) (1)<\/a><\/p>\n<p><a href=\"https:\/\/www.justiciasantafe.gov.ar\/wp-content\/uploads\/2023\/02\/3808.pdf\" target=\"\" rel=\"attachment wp-att-31685 noopener\">ETN 047 &#8211; Celdas para Distribucion secundaria, tipo interior para 13,2 y 33 kV (07-18)<\/a><\/p>\n<p><a href=\"https:\/\/www.justiciasantafe.gov.ar\/wp-content\/uploads\/2023\/02\/3807.odt\" rel=\"attachment wp-att-31691\">01<\/a><\/p>\n<p><a href=\"https:\/\/www.justiciasantafe.gov.ar\/wp-content\/uploads\/2023\/02\/3806.pdf\" target=\"\" rel=\"attachment wp-att-31684 noopener\">pliego complementario esp tecnicas<\/a><\/p>\n<p><a href=\"https:\/\/www.justiciasantafe.gov.ar\/wp-content\/uploads\/2023\/02\/3805.pdf\" target=\"\" rel=\"attachment wp-att-31683 noopener\">006_Obra interna<\/a><\/p>\n<p><a href=\"https:\/\/www.justiciasantafe.gov.ar\/wp-content\/uploads\/2023\/02\/3804.pdf\" target=\"\" rel=\"attachment wp-att-31682 noopener\">005_Obra interna<\/a><\/p>\n<p><a href=\"https:\/\/www.justiciasantafe.gov.ar\/wp-content\/uploads\/2023\/02\/3803.pdf\" target=\"\" rel=\"attachment wp-att-31681 noopener\">004_Obra interna<\/a><\/p>\n<p><a href=\"https:\/\/www.justiciasantafe.gov.ar\/wp-content\/uploads\/2023\/02\/3802.pdf\" target=\"\" rel=\"attachment wp-att-31680 noopener\">003_Obra interna<\/a><\/p>\n<p><a href=\"https:\/\/www.justiciasantafe.gov.ar\/wp-content\/uploads\/2023\/02\/3801.pdf\" target=\"\" rel=\"attachment wp-att-31679 noopener\">002_Obra interna<\/a><\/p>\n<p><a href=\"https:\/\/www.justiciasantafe.gov.ar\/wp-content\/uploads\/2023\/02\/3800.pdf\" target=\"\" rel=\"attachment wp-att-31678 noopener\">001_Obra interna<\/a><\/p>\n<p><a href=\"https:\/\/www.justiciasantafe.gov.ar\/wp-content\/uploads\/2023\/02\/3799.pdf\" target=\"\" rel=\"attachment wp-att-31677 noopener\">007_Obra externa<\/a><\/p>\n<p><a href=\"https:\/\/www.justiciasantafe.gov.ar\/wp-content\/uploads\/2023\/02\/3798.pdf\" target=\"\" rel=\"attachment wp-att-31676 noopener\">006_Obra externa<\/a><\/p>\n<p><a href=\"https:\/\/www.justiciasantafe.gov.ar\/wp-content\/uploads\/2023\/02\/3797.pdf\" target=\"\" rel=\"attachment wp-att-31675 noopener\">005_Obra externa<\/a><\/p>\n<p><a href=\"https:\/\/www.justiciasantafe.gov.ar\/wp-content\/uploads\/2023\/02\/3796.pdf\" target=\"\" rel=\"attachment wp-att-31674 noopener\">004_Obra externa<\/a><\/p>\n<p><a href=\"https:\/\/www.justiciasantafe.gov.ar\/wp-content\/uploads\/2023\/02\/3795.pdf\" target=\"\" rel=\"attachment wp-att-31673 noopener\">003_Obra externa<\/a><\/p>\n<p><a href=\"https:\/\/www.justiciasantafe.gov.ar\/wp-content\/uploads\/2023\/02\/3794.pdf\" target=\"\" rel=\"attachment wp-att-31672 noopener\">002_Obra externa<\/a><\/p>\n<p><a href=\"https:\/\/www.justiciasantafe.gov.ar\/wp-content\/uploads\/2023\/02\/3793.pdf\" target=\"\" rel=\"attachment wp-att-31671 noopener\">001_Obra externa<\/a><\/p>\n<p><a href=\"https:\/\/www.justiciasantafe.gov.ar\/wp-content\/uploads\/2023\/02\/3792.pdf\" target=\"\" rel=\"attachment wp-att-31670 noopener\">Redet<\/a><\/p>\n<p><a href=\"https:\/\/www.justiciasantafe.gov.ar\/wp-content\/uploads\/2023\/02\/3791.pdf\" target=\"\" rel=\"attachment wp-att-31669 noopener\">PETP SET FINAL<\/a><\/p>\n<p>&nbsp;<\/p>\n<p>&nbsp;<\/p>\n<p>&nbsp;<\/p>\n<div class=\"gsp_post_data\" data-post_type=\"compras\" data-cat=\"licitacion-publica\" data-modified=\"120\" data-title=\"Licitaci\u00f3n P\u00fablica N\u00b0 20\/19\" data-home=\"https:\/\/www.justiciasantafe.gov.ar\"><\/div>","protected":false},"excerpt":{"rendered":"<p>&#8220;Alimentaci\u00f3n 13, 2KV, Cabina de Medici\u00f3n y Maniobra y Subestaci\u00f3n Transformadora de 1000KVA para el Palacio de Justicia de Reconquista&#8221; NOTA ACLARATORIA Aclaraci\u00f3n con consulta licitaci\u00f3n p\u00fablica 20-19 ETN 160 &#8211; Condiciones para el calculo y dise\u00f1o de lineas de media y alta tension (03-14) (1) ETN 100 &#8211; Construccion de lineas aereas de media [&#8230;]\n","protected":false},"author":105,"featured_media":0,"template":"","format":"standard","meta":{"_acf_changed":false,"footnotes":""},"categories":[27],"tags":[],"class_list":["post-31667","compras","type-compras","status-publish","format-standard","hentry","category-licitacion-publica"],"acf":{"i2t_fecha_apertura":"20200212","i2t_estado_compra":"3","i2t_pliego":31668,"i2t_acta_de_apertura":31690,"i2t_resolucion_compra":31692,"i2t_anio":2019,"i2t_id_historico":"","i2t_autor_historico":""},"_links":{"self":[{"href":"https:\/\/www.justiciasantafe.gov.ar\/index.php\/wp-json\/wp\/v2\/compras\/31667","targetHints":{"allow":["GET"]}}],"collection":[{"href":"https:\/\/www.justiciasantafe.gov.ar\/index.php\/wp-json\/wp\/v2\/compras"}],"about":[{"href":"https:\/\/www.justiciasantafe.gov.ar\/index.php\/wp-json\/wp\/v2\/types\/compras"}],"author":[{"embeddable":true,"href":"https:\/\/www.justiciasantafe.gov.ar\/index.php\/wp-json\/wp\/v2\/users\/105"}],"version-history":[{"count":0,"href":"https:\/\/www.justiciasantafe.gov.ar\/index.php\/wp-json\/wp\/v2\/compras\/31667\/revisions"}],"wp:attachment":[{"href":"https:\/\/www.justiciasantafe.gov.ar\/index.php\/wp-json\/wp\/v2\/media?parent=31667"}],"wp:term":[{"taxonomy":"category","embeddable":true,"href":"https:\/\/www.justiciasantafe.gov.ar\/index.php\/wp-json\/wp\/v2\/categories?post=31667"},{"taxonomy":"post_tag","embeddable":true,"href":"https:\/\/www.justiciasantafe.gov.ar\/index.php\/wp-json\/wp\/v2\/tags?post=31667"}],"curies":[{"name":"wp","href":"https:\/\/api.w.org\/{rel}","templated":true}]}}

Licitación Pública N° 20/19

<p>&#8220;Alimentación 13, 2KV, Cabina de Medición y Maniobra y Subestación Transformadora de 1000KVA para el Palacio de Justicia de Reconquista&#8221;</p>
<p>NOTA ACLARATORIA</p>
<p><a href="https://www.justiciasantafe.gov.ar/wp-content/uploads/2023/02/3848.pdf" target="" rel="attachment wp-att-31689 noopener">Aclaración con consulta licitación pública 20-19</a></p>
<p><a href="https://www.justiciasantafe.gov.ar/wp-content/uploads/2023/02/3811.pdf" target="" rel="attachment wp-att-31688 noopener">ETN 160 &#8211; Condiciones para el calculo y diseño de lineas de media y alta tension (03-14) (1)</a></p>
<p><a href="https://www.justiciasantafe.gov.ar/wp-content/uploads/2023/02/3810.pdf" target="" rel="attachment wp-att-31687 noopener">ETN 100 &#8211; Construccion de lineas aereas de media tension 13,2 y 33 kV (10-14) (1)</a></p>
<p><a href="https://www.justiciasantafe.gov.ar/wp-content/uploads/2023/02/3809.pdf" target="" rel="attachment wp-att-31686 noopener">ETN 098 &#8211; Tendido subterraneo de baja, media y alta tension (08-17) (1)</a></p>
<p><a href="https://www.justiciasantafe.gov.ar/wp-content/uploads/2023/02/3808.pdf" target="" rel="attachment wp-att-31685 noopener">ETN 047 &#8211; Celdas para Distribucion secundaria, tipo interior para 13,2 y 33 kV (07-18)</a></p>
<p><a href="https://www.justiciasantafe.gov.ar/wp-content/uploads/2023/02/3807.odt" rel="attachment wp-att-31691">01</a></p>
<p><a href="https://www.justiciasantafe.gov.ar/wp-content/uploads/2023/02/3806.pdf" target="" rel="attachment wp-att-31684 noopener">pliego complementario esp tecnicas</a></p>
<p><a href="https://www.justiciasantafe.gov.ar/wp-content/uploads/2023/02/3805.pdf" target="" rel="attachment wp-att-31683 noopener">006_Obra interna</a></p>
<p><a href="https://www.justiciasantafe.gov.ar/wp-content/uploads/2023/02/3804.pdf" target="" rel="attachment wp-att-31682 noopener">005_Obra interna</a></p>
<p><a href="https://www.justiciasantafe.gov.ar/wp-content/uploads/2023/02/3803.pdf" target="" rel="attachment wp-att-31681 noopener">004_Obra interna</a></p>
<p><a href="https://www.justiciasantafe.gov.ar/wp-content/uploads/2023/02/3802.pdf" target="" rel="attachment wp-att-31680 noopener">003_Obra interna</a></p>
<p><a href="https://www.justiciasantafe.gov.ar/wp-content/uploads/2023/02/3801.pdf" target="" rel="attachment wp-att-31679 noopener">002_Obra interna</a></p>
<p><a href="https://www.justiciasantafe.gov.ar/wp-content/uploads/2023/02/3800.pdf" target="" rel="attachment wp-att-31678 noopener">001_Obra interna</a></p>
<p><a href="https://www.justiciasantafe.gov.ar/wp-content/uploads/2023/02/3799.pdf" target="" rel="attachment wp-att-31677 noopener">007_Obra externa</a></p>
<p><a href="https://www.justiciasantafe.gov.ar/wp-content/uploads/2023/02/3798.pdf" target="" rel="attachment wp-att-31676 noopener">006_Obra externa</a></p>
<p><a href="https://www.justiciasantafe.gov.ar/wp-content/uploads/2023/02/3797.pdf" target="" rel="attachment wp-att-31675 noopener">005_Obra externa</a></p>
<p><a href="https://www.justiciasantafe.gov.ar/wp-content/uploads/2023/02/3796.pdf" target="" rel="attachment wp-att-31674 noopener">004_Obra externa</a></p>
<p><a href="https://www.justiciasantafe.gov.ar/wp-content/uploads/2023/02/3795.pdf" target="" rel="attachment wp-att-31673 noopener">003_Obra externa</a></p>
<p><a href="https://www.justiciasantafe.gov.ar/wp-content/uploads/2023/02/3794.pdf" target="" rel="attachment wp-att-31672 noopener">002_Obra externa</a></p>
<p><a href="https://www.justiciasantafe.gov.ar/wp-content/uploads/2023/02/3793.pdf" target="" rel="attachment wp-att-31671 noopener">001_Obra externa</a></p>
<p><a href="https://www.justiciasantafe.gov.ar/wp-content/uploads/2023/02/3792.pdf" target="" rel="attachment wp-att-31670 noopener">Redet</a></p>
<p><a href="https://www.justiciasantafe.gov.ar/wp-content/uploads/2023/02/3791.pdf" target="" rel="attachment wp-att-31669 noopener">PETP SET FINAL</a></p>
<p>&nbsp;</p>
<p>&nbsp;</p>
<p>&nbsp;</p>
<div class="gsp_post_data" data-post_type="compras" data-cat="licitacion-publica" data-modified="120" data-title="Licitación Pública N° 20/19" data-home="https://www.justiciasantafe.gov.ar"></div>

<p>&#8220;Alimentación 13, 2KV, Cabina de Medición y Maniobra y Subestación Transformadora de 1000KVA para el Palacio de Justicia de Reconquista&#8221; NOTA ACLARATORIA Aclaración con consulta licitación pública 20-19 ETN 160 &#8211; Condiciones para el calculo y diseño de lineas de media y alta tension (03-14) (1) ETN 100 &#8211; Construccion de lineas aereas de media [&#8230;]
