 {"id":31699,"date":"2023-02-07T15:14:13","date_gmt":"2023-02-07T18:14:13","guid":{"rendered":"https:\/\/www.justiciasantafe.gov.ar\/?post_type=compras&#038;p=31699"},"modified":"2023-04-17T14:37:32","modified_gmt":"2023-04-17T17:37:32","slug":"licitacion-publica-n-21-19","status":"publish","type":"compras","link":"https:\/\/www.justiciasantafe.gov.ar\/index.php\/compras\/licitacion-publica-n-21-19\/","title":{"rendered":"Licitaci\u00f3n p\u00fablica N\u00b0 21\/19"},"content":{"rendered":"<p>&#8221; Instalaci\u00f3n de Ascensores en el Palacio de Justicia de Rafaela&#8221;<\/p>\n<p><a href=\"https:\/\/www.justiciasantafe.gov.ar\/wp-content\/uploads\/2023\/02\/3851.pdf\" target=\"\" rel=\"attachment wp-att-31708 noopener\">Aclaraci\u00f3n con consulta licitaci\u00f3n p\u00fablica 21-19<\/a><\/p>\n<p><a href=\"https:\/\/www.justiciasantafe.gov.ar\/wp-content\/uploads\/2023\/02\/3846.pdf\" target=\"\" rel=\"attachment wp-att-31707 noopener\">Licitaci\u00f3n p\u00fablica 21PETP_IE<\/a><\/p>\n<p><a href=\"https:\/\/www.justiciasantafe.gov.ar\/wp-content\/uploads\/2023\/02\/3845.pdf\" target=\"\" rel=\"attachment wp-att-31706 noopener\">Planilla redeterminaci\u00f3n licitaci\u00f3n p\u00fablica 21-19<\/a><\/p>\n<p><a href=\"https:\/\/www.justiciasantafe.gov.ar\/wp-content\/uploads\/2023\/02\/3844.pdf\" target=\"\" rel=\"attachment wp-att-31705 noopener\">D 03<\/a><\/p>\n<p><a href=\"https:\/\/www.justiciasantafe.gov.ar\/wp-content\/uploads\/2023\/02\/3843.pdf\" target=\"\" rel=\"attachment wp-att-31704 noopener\">D 02<\/a><\/p>\n<p><a href=\"https:\/\/www.justiciasantafe.gov.ar\/wp-content\/uploads\/2023\/02\/3842.pdf\" target=\"\" rel=\"attachment wp-att-31703 noopener\">D 01<\/a><\/p>\n<p><a href=\"https:\/\/www.justiciasantafe.gov.ar\/wp-content\/uploads\/2023\/02\/3841.pdf\" target=\"\" rel=\"attachment wp-att-31702 noopener\">Planos p\u00fablica 21<\/a><\/p>\n<p><a href=\"https:\/\/www.justiciasantafe.gov.ar\/wp-content\/uploads\/2023\/02\/3840.pdf\" target=\"\" rel=\"attachment wp-att-31701 noopener\">Licitaci\u00f3n p\u00fablica 21PETyP ascensores Rafaela<\/a><\/p>\n<p>&nbsp;<\/p>\n<div class=\"gsp_post_data\" data-post_type=\"compras\" data-cat=\"licitacion-publica\" data-modified=\"120\" data-title=\"Licitaci\u00f3n p\u00fablica N\u00b0 21\/19\" data-home=\"https:\/\/www.justiciasantafe.gov.ar\"><\/div>","protected":false},"excerpt":{"rendered":"<p>&#8221; Instalaci\u00f3n de Ascensores en el Palacio de Justicia de Rafaela&#8221; Aclaraci\u00f3n con consulta licitaci\u00f3n p\u00fablica 21-19 Licitaci\u00f3n p\u00fablica 21PETP_IE Planilla redeterminaci\u00f3n licitaci\u00f3n p\u00fablica 21-19 D 03 D 02 D 01 Planos p\u00fablica 21 Licitaci\u00f3n p\u00fablica 21PETyP ascensores Rafaela &nbsp;<\/p>\n","protected":false},"author":105,"featured_media":0,"template":"","format":"standard","meta":{"_acf_changed":false,"footnotes":""},"categories":[27],"tags":[],"class_list":["post-31699","compras","type-compras","status-publish","format-standard","hentry","category-licitacion-publica"],"acf":{"i2t_fecha_apertura":"20200219","i2t_estado_compra":"3","i2t_pliego":31700,"i2t_acta_de_apertura":31709,"i2t_resolucion_compra":31710,"i2t_anio":2019,"i2t_id_historico":"","i2t_autor_historico":""},"_links":{"self":[{"href":"https:\/\/www.justiciasantafe.gov.ar\/index.php\/wp-json\/wp\/v2\/compras\/31699","targetHints":{"allow":["GET"]}}],"collection":[{"href":"https:\/\/www.justiciasantafe.gov.ar\/index.php\/wp-json\/wp\/v2\/compras"}],"about":[{"href":"https:\/\/www.justiciasantafe.gov.ar\/index.php\/wp-json\/wp\/v2\/types\/compras"}],"author":[{"embeddable":true,"href":"https:\/\/www.justiciasantafe.gov.ar\/index.php\/wp-json\/wp\/v2\/users\/105"}],"version-history":[{"count":0,"href":"https:\/\/www.justiciasantafe.gov.ar\/index.php\/wp-json\/wp\/v2\/compras\/31699\/revisions"}],"wp:attachment":[{"href":"https:\/\/www.justiciasantafe.gov.ar\/index.php\/wp-json\/wp\/v2\/media?parent=31699"}],"wp:term":[{"taxonomy":"category","embeddable":true,"href":"https:\/\/www.justiciasantafe.gov.ar\/index.php\/wp-json\/wp\/v2\/categories?post=31699"},{"taxonomy":"post_tag","embeddable":true,"href":"https:\/\/www.justiciasantafe.gov.ar\/index.php\/wp-json\/wp\/v2\/tags?post=31699"}],"curies":[{"name":"wp","href":"https:\/\/api.w.org\/{rel}","templated":true}]}}

Licitación pública N° 21/19

<p>&#8221; Instalación de Ascensores en el Palacio de Justicia de Rafaela&#8221;</p>
<p><a href="https://www.justiciasantafe.gov.ar/wp-content/uploads/2023/02/3851.pdf" target="" rel="attachment wp-att-31708 noopener">Aclaración con consulta licitación pública 21-19</a></p>
<p><a href="https://www.justiciasantafe.gov.ar/wp-content/uploads/2023/02/3846.pdf" target="" rel="attachment wp-att-31707 noopener">Licitación pública 21PETP_IE</a></p>
<p><a href="https://www.justiciasantafe.gov.ar/wp-content/uploads/2023/02/3845.pdf" target="" rel="attachment wp-att-31706 noopener">Planilla redeterminación licitación pública 21-19</a></p>
<p><a href="https://www.justiciasantafe.gov.ar/wp-content/uploads/2023/02/3844.pdf" target="" rel="attachment wp-att-31705 noopener">D 03</a></p>
<p><a href="https://www.justiciasantafe.gov.ar/wp-content/uploads/2023/02/3843.pdf" target="" rel="attachment wp-att-31704 noopener">D 02</a></p>
<p><a href="https://www.justiciasantafe.gov.ar/wp-content/uploads/2023/02/3842.pdf" target="" rel="attachment wp-att-31703 noopener">D 01</a></p>
<p><a href="https://www.justiciasantafe.gov.ar/wp-content/uploads/2023/02/3841.pdf" target="" rel="attachment wp-att-31702 noopener">Planos pública 21</a></p>
<p><a href="https://www.justiciasantafe.gov.ar/wp-content/uploads/2023/02/3840.pdf" target="" rel="attachment wp-att-31701 noopener">Licitación pública 21PETyP ascensores Rafaela</a></p>
<p>&nbsp;</p>
<div class="gsp_post_data" data-post_type="compras" data-cat="licitacion-publica" data-modified="120" data-title="Licitación pública N° 21/19" data-home="https://www.justiciasantafe.gov.ar"></div>

<p>&#8221; Instalación de Ascensores en el Palacio de Justicia de Rafaela&#8221; Aclaración con consulta licitación pública 21-19 Licitación pública 21PETP_IE Planilla redeterminación licitación pública 21-19 D 03 D 02 D 01 Planos pública 21 Licitación pública 21PETyP ascensores Rafaela &nbsp;</p>
