 {"id":31712,"date":"2023-02-07T15:30:48","date_gmt":"2023-02-07T18:30:48","guid":{"rendered":"https:\/\/www.justiciasantafe.gov.ar\/?post_type=compras&#038;p=31712"},"modified":"2023-04-11T12:44:05","modified_gmt":"2023-04-11T15:44:05","slug":"licitacion-privada-n-30-19","status":"publish","type":"compras","link":"https:\/\/www.justiciasantafe.gov.ar\/index.php\/compras\/licitacion-privada-n-30-19\/","title":{"rendered":"Licitaci\u00f3n Privada N\u00b0 30\/19"},"content":{"rendered":"<p>&#8220;Correcci\u00f3n del factor de potencia de la instalaci\u00f3n el\u00e9ctrica del Palacio de Justicia de Santa Fe&#8221;<\/p>\n<p>PRORROGA FECHA APERTURA 20-02-20<\/p>\n<p><a href=\"https:\/\/www.justiciasantafe.gov.ar\/wp-content\/uploads\/2023\/02\/3850.doc\" target=\"_blank\" rel=\"noopener\">Aclaraci\u00f3n sin consulta licitaci\u00f3n privada 30-19<\/a><\/p>\n<p><a href=\"https:\/\/www.justiciasantafe.gov.ar\/wp-content\/uploads\/2023\/02\/3834.pdf\" target=\"_blank\" rel=\"noopener\">Privada 30IE-07_Diagrama topogr\u00e1fico montaje de luces piloto en TTA<\/a><\/p>\n<p><a href=\"https:\/\/www.justiciasantafe.gov.ar\/wp-content\/uploads\/2023\/02\/3833.pdf\" target=\"_blank\" rel=\"noopener\">Privada30IE-06_Diagrama topogr\u00e1fico montaje de analizador de red<\/a><\/p>\n<p><a href=\"https:\/\/www.justiciasantafe.gov.ar\/wp-content\/uploads\/2023\/02\/3832.pdf\" target=\"_blank\" rel=\"noopener\">Privada 30IE-05_Diagrama unifilar de instalaci\u00f3n de analizador de red<\/a><\/p>\n<p><a href=\"https:\/\/www.justiciasantafe.gov.ar\/wp-content\/uploads\/2023\/02\/3831.pdf\" target=\"_blank\" rel=\"noopener\">Privada 30IE-04_Diagrama topogr\u00e1fico banco de capacitores<\/a><\/p>\n<p><a href=\"https:\/\/www.justiciasantafe.gov.ar\/wp-content\/uploads\/2023\/02\/3830.pdf\" target=\"_blank\" rel=\"noopener\">Privada 30IE-03_Diagrama unifilar instlaci\u00f3n de rel\u00e9 varim\u00e9trico<\/a><\/p>\n<p><a href=\"https:\/\/www.justiciasantafe.gov.ar\/wp-content\/uploads\/2023\/02\/3829.pdf\" target=\"_blank\" rel=\"noopener\">Privada 30IE-02_Diagrama unifilar banco de capacitores<\/a><\/p>\n<p><a href=\"https:\/\/www.justiciasantafe.gov.ar\/wp-content\/uploads\/2023\/02\/3828.pdf\" target=\"_blank\" rel=\"noopener\">Privada 30IE-01_Diagrama unifilar general<\/a><\/p>\n<p><a href=\"https:\/\/www.justiciasantafe.gov.ar\/wp-content\/uploads\/2023\/02\/3827.pdf\" target=\"_blank\" rel=\"noopener\">Pliego Licitaci\u00f3n privada 30 PETP<\/a><\/p>\n<p><a href=\"https:\/\/www.justiciasantafe.gov.ar\/wp-content\/uploads\/2023\/02\/3826.pdf\" target=\"_blank\" rel=\"noopener\">Licitaci\u00f3n privada 30C\u00f3mputo y presupuesto de MAT y MO_SIN PRECIOS<\/a><\/p>\n<p><a href=\"https:\/\/www.justiciasantafe.gov.ar\/wp-content\/uploads\/2023\/02\/3825.pdf\" target=\"_blank\" rel=\"noopener\">Licitaci\u00f3n privada 30PETP_IE<\/a><\/p>\n<div class=\"gsp_post_data\" data-post_type=\"compras\" data-cat=\"licitacion-privada\" data-modified=\"120\" data-title=\"Licitaci\u00f3n Privada N\u00b0 30\/19\" data-home=\"https:\/\/www.justiciasantafe.gov.ar\"><\/div>","protected":false},"excerpt":{"rendered":"<p>&#8220;Correcci\u00f3n del factor de potencia de la instalaci\u00f3n el\u00e9ctrica del Palacio de Justicia de Santa Fe&#8221; PRORROGA FECHA APERTURA 20-02-20 Aclaraci\u00f3n sin consulta licitaci\u00f3n privada 30-19 Privada 30IE-07_Diagrama topogr\u00e1fico montaje de luces piloto en TTA Privada30IE-06_Diagrama topogr\u00e1fico montaje de analizador de red Privada 30IE-05_Diagrama unifilar de instalaci\u00f3n de analizador de red Privada 30IE-04_Diagrama topogr\u00e1fico banco [&#8230;]\n","protected":false},"author":105,"featured_media":0,"template":"","format":"standard","meta":{"_acf_changed":false,"footnotes":""},"categories":[26],"tags":[],"class_list":["post-31712","compras","type-compras","status-publish","format-standard","hentry","category-licitacion-privada"],"acf":{"i2t_fecha_apertura":"20200220","i2t_estado_compra":"3","i2t_pliego":31723,"i2t_acta_de_apertura":31725,"i2t_resolucion_compra":31724,"i2t_anio":2019,"i2t_id_historico":"","i2t_autor_historico":""},"_links":{"self":[{"href":"https:\/\/www.justiciasantafe.gov.ar\/index.php\/wp-json\/wp\/v2\/compras\/31712","targetHints":{"allow":["GET"]}}],"collection":[{"href":"https:\/\/www.justiciasantafe.gov.ar\/index.php\/wp-json\/wp\/v2\/compras"}],"about":[{"href":"https:\/\/www.justiciasantafe.gov.ar\/index.php\/wp-json\/wp\/v2\/types\/compras"}],"author":[{"embeddable":true,"href":"https:\/\/www.justiciasantafe.gov.ar\/index.php\/wp-json\/wp\/v2\/users\/105"}],"version-history":[{"count":0,"href":"https:\/\/www.justiciasantafe.gov.ar\/index.php\/wp-json\/wp\/v2\/compras\/31712\/revisions"}],"wp:attachment":[{"href":"https:\/\/www.justiciasantafe.gov.ar\/index.php\/wp-json\/wp\/v2\/media?parent=31712"}],"wp:term":[{"taxonomy":"category","embeddable":true,"href":"https:\/\/www.justiciasantafe.gov.ar\/index.php\/wp-json\/wp\/v2\/categories?post=31712"},{"taxonomy":"post_tag","embeddable":true,"href":"https:\/\/www.justiciasantafe.gov.ar\/index.php\/wp-json\/wp\/v2\/tags?post=31712"}],"curies":[{"name":"wp","href":"https:\/\/api.w.org\/{rel}","templated":true}]}}

Licitación Privada N° 30/19

<p>&#8220;Corrección del factor de potencia de la instalación eléctrica del Palacio de Justicia de Santa Fe&#8221;</p>
<p>PRORROGA FECHA APERTURA 20-02-20</p>
<p><a href="https://www.justiciasantafe.gov.ar/wp-content/uploads/2023/02/3850.doc" target="_blank" rel="noopener">Aclaración sin consulta licitación privada 30-19</a></p>
<p><a href="https://www.justiciasantafe.gov.ar/wp-content/uploads/2023/02/3834.pdf" target="_blank" rel="noopener">Privada 30IE-07_Diagrama topográfico montaje de luces piloto en TTA</a></p>
<p><a href="https://www.justiciasantafe.gov.ar/wp-content/uploads/2023/02/3833.pdf" target="_blank" rel="noopener">Privada30IE-06_Diagrama topográfico montaje de analizador de red</a></p>
<p><a href="https://www.justiciasantafe.gov.ar/wp-content/uploads/2023/02/3832.pdf" target="_blank" rel="noopener">Privada 30IE-05_Diagrama unifilar de instalación de analizador de red</a></p>
<p><a href="https://www.justiciasantafe.gov.ar/wp-content/uploads/2023/02/3831.pdf" target="_blank" rel="noopener">Privada 30IE-04_Diagrama topográfico banco de capacitores</a></p>
<p><a href="https://www.justiciasantafe.gov.ar/wp-content/uploads/2023/02/3830.pdf" target="_blank" rel="noopener">Privada 30IE-03_Diagrama unifilar instlación de relé varimétrico</a></p>
<p><a href="https://www.justiciasantafe.gov.ar/wp-content/uploads/2023/02/3829.pdf" target="_blank" rel="noopener">Privada 30IE-02_Diagrama unifilar banco de capacitores</a></p>
<p><a href="https://www.justiciasantafe.gov.ar/wp-content/uploads/2023/02/3828.pdf" target="_blank" rel="noopener">Privada 30IE-01_Diagrama unifilar general</a></p>
<p><a href="https://www.justiciasantafe.gov.ar/wp-content/uploads/2023/02/3827.pdf" target="_blank" rel="noopener">Pliego Licitación privada 30 PETP</a></p>
<p><a href="https://www.justiciasantafe.gov.ar/wp-content/uploads/2023/02/3826.pdf" target="_blank" rel="noopener">Licitación privada 30Cómputo y presupuesto de MAT y MO_SIN PRECIOS</a></p>
<p><a href="https://www.justiciasantafe.gov.ar/wp-content/uploads/2023/02/3825.pdf" target="_blank" rel="noopener">Licitación privada 30PETP_IE</a></p>
<div class="gsp_post_data" data-post_type="compras" data-cat="licitacion-privada" data-modified="120" data-title="Licitación Privada N° 30/19" data-home="https://www.justiciasantafe.gov.ar"></div>

<p>&#8220;Corrección del factor de potencia de la instalación eléctrica del Palacio de Justicia de Santa Fe&#8221; PRORROGA FECHA APERTURA 20-02-20 Aclaración sin consulta licitación privada 30-19 Privada 30IE-07_Diagrama topográfico montaje de luces piloto en TTA Privada30IE-06_Diagrama topográfico montaje de analizador de red Privada 30IE-05_Diagrama unifilar de instalación de analizador de red Privada 30IE-04_Diagrama topográfico banco [&#8230;]
