 {"id":31746,"date":"2023-02-07T16:04:55","date_gmt":"2023-02-07T19:04:55","guid":{"rendered":"https:\/\/www.justiciasantafe.gov.ar\/?post_type=compras&#038;p=31746"},"modified":"2023-02-07T16:04:55","modified_gmt":"2023-02-07T19:04:55","slug":"licitacion-publica-26-21","status":"publish","type":"compras","link":"https:\/\/www.justiciasantafe.gov.ar\/index.php\/compras\/licitacion-publica-26-21\/","title":{"rendered":"Licitaci\u00f3n P\u00fablica 26\/21"},"content":{"rendered":"<p>Adquisci\u00f3n Mobiliario Tribunales Provinciales Ca\u00f1ada de Gomez<\/p>\n<p><a href=\"https:\/\/www.justiciasantafe.gov.ar\/wp-content\/uploads\/2023\/02\/4677.pdf\" target=\"_blank\" rel=\"noopener\">NOTA ACLARATORIA<\/a><\/p>\n<p><a href=\"https:\/\/www.justiciasantafe.gov.ar\/wp-content\/uploads\/2023\/02\/4635.pdf\" target=\"_blank\" rel=\"noopener\">Pliego de Especificaciones T\u00e9cnicas<\/a><\/p>\n<p><a href=\"https:\/\/www.justiciasantafe.gov.ar\/wp-content\/uploads\/2023\/02\/4634.xlsx\" target=\"_blank\" rel=\"noopener\">PLANILLA DE COTIZACI\u00d3N<\/a><\/p>\n<p><a href=\"https:\/\/www.justiciasantafe.gov.ar\/wp-content\/uploads\/2023\/02\/4633.zip\" target=\"_blank\" rel=\"noopener\">Planos 1-10<\/a><\/p>\n<p><a href=\"https:\/\/www.justiciasantafe.gov.ar\/wp-content\/uploads\/2023\/02\/4632.zip\" target=\"_blank\" rel=\"noopener\">Planos11-20<\/a><\/p>\n<p><a href=\"https:\/\/www.justiciasantafe.gov.ar\/wp-content\/uploads\/2023\/02\/4631.zip\" target=\"_blank\" rel=\"noopener\">Planos21-30<\/a><\/p>\n<p><a href=\"https:\/\/www.justiciasantafe.gov.ar\/wp-content\/uploads\/2023\/02\/4630.zip\" target=\"_blank\" rel=\"noopener\">Planos31-40<\/a><\/p>\n<p><a href=\"https:\/\/www.justiciasantafe.gov.ar\/wp-content\/uploads\/2023\/02\/4629.zip\" target=\"_blank\" rel=\"noopener\">Planos41-50<\/a><\/p>\n<p><a href=\"https:\/\/www.justiciasantafe.gov.ar\/wp-content\/uploads\/2023\/02\/4628.zip\" target=\"_blank\" rel=\"noopener\">Planos51-60<\/a><\/p>\n<p><a href=\"https:\/\/www.justiciasantafe.gov.ar\/wp-content\/uploads\/2023\/02\/4627.zip\" target=\"_blank\" rel=\"noopener\">Planos61-64<\/a><\/p>\n<div class=\"gsp_post_data\" data-post_type=\"compras\" data-cat=\"licitacion-publica\" data-modified=\"120\" data-title=\"Licitaci\u00f3n P\u00fablica 26\/21\" data-home=\"https:\/\/www.justiciasantafe.gov.ar\"><\/div>","protected":false},"excerpt":{"rendered":"<p>Adquisci\u00f3n Mobiliario Tribunales Provinciales Ca\u00f1ada de Gomez NOTA ACLARATORIA Pliego de Especificaciones T\u00e9cnicas PLANILLA DE COTIZACI\u00d3N Planos 1-10 Planos11-20 Planos21-30 Planos31-40 Planos41-50 Planos51-60 Planos61-64<\/p>\n","protected":false},"author":12,"featured_media":0,"template":"","format":"standard","meta":{"_acf_changed":false,"footnotes":""},"categories":[27],"tags":[],"class_list":["post-31746","compras","type-compras","status-publish","format-standard","hentry","category-licitacion-publica"],"acf":{"i2t_fecha_apertura":"20211018","i2t_estado_compra":"3","i2t_pliego":31751,"i2t_acta_de_apertura":31754,"i2t_resolucion_compra":31755,"i2t_anio":2021,"i2t_id_historico":"","i2t_autor_historico":""},"_links":{"self":[{"href":"https:\/\/www.justiciasantafe.gov.ar\/index.php\/wp-json\/wp\/v2\/compras\/31746","targetHints":{"allow":["GET"]}}],"collection":[{"href":"https:\/\/www.justiciasantafe.gov.ar\/index.php\/wp-json\/wp\/v2\/compras"}],"about":[{"href":"https:\/\/www.justiciasantafe.gov.ar\/index.php\/wp-json\/wp\/v2\/types\/compras"}],"author":[{"embeddable":true,"href":"https:\/\/www.justiciasantafe.gov.ar\/index.php\/wp-json\/wp\/v2\/users\/12"}],"version-history":[{"count":0,"href":"https:\/\/www.justiciasantafe.gov.ar\/index.php\/wp-json\/wp\/v2\/compras\/31746\/revisions"}],"wp:attachment":[{"href":"https:\/\/www.justiciasantafe.gov.ar\/index.php\/wp-json\/wp\/v2\/media?parent=31746"}],"wp:term":[{"taxonomy":"category","embeddable":true,"href":"https:\/\/www.justiciasantafe.gov.ar\/index.php\/wp-json\/wp\/v2\/categories?post=31746"},{"taxonomy":"post_tag","embeddable":true,"href":"https:\/\/www.justiciasantafe.gov.ar\/index.php\/wp-json\/wp\/v2\/tags?post=31746"}],"curies":[{"name":"wp","href":"https:\/\/api.w.org\/{rel}","templated":true}]}}

Licitación Pública 26/21

<p>Adquisción Mobiliario Tribunales Provinciales Cañada de Gomez</p>
<p><a href="https://www.justiciasantafe.gov.ar/wp-content/uploads/2023/02/4677.pdf" target="_blank" rel="noopener">NOTA ACLARATORIA</a></p>
<p><a href="https://www.justiciasantafe.gov.ar/wp-content/uploads/2023/02/4635.pdf" target="_blank" rel="noopener">Pliego de Especificaciones Técnicas</a></p>
<p><a href="https://www.justiciasantafe.gov.ar/wp-content/uploads/2023/02/4634.xlsx" target="_blank" rel="noopener">PLANILLA DE COTIZACIÓN</a></p>
<p><a href="https://www.justiciasantafe.gov.ar/wp-content/uploads/2023/02/4633.zip" target="_blank" rel="noopener">Planos 1-10</a></p>
<p><a href="https://www.justiciasantafe.gov.ar/wp-content/uploads/2023/02/4632.zip" target="_blank" rel="noopener">Planos11-20</a></p>
<p><a href="https://www.justiciasantafe.gov.ar/wp-content/uploads/2023/02/4631.zip" target="_blank" rel="noopener">Planos21-30</a></p>
<p><a href="https://www.justiciasantafe.gov.ar/wp-content/uploads/2023/02/4630.zip" target="_blank" rel="noopener">Planos31-40</a></p>
<p><a href="https://www.justiciasantafe.gov.ar/wp-content/uploads/2023/02/4629.zip" target="_blank" rel="noopener">Planos41-50</a></p>
<p><a href="https://www.justiciasantafe.gov.ar/wp-content/uploads/2023/02/4628.zip" target="_blank" rel="noopener">Planos51-60</a></p>
<p><a href="https://www.justiciasantafe.gov.ar/wp-content/uploads/2023/02/4627.zip" target="_blank" rel="noopener">Planos61-64</a></p>
<div class="gsp_post_data" data-post_type="compras" data-cat="licitacion-publica" data-modified="120" data-title="Licitación Pública 26/21" data-home="https://www.justiciasantafe.gov.ar"></div>

<p>Adquisción Mobiliario Tribunales Provinciales Cañada de Gomez NOTA ACLARATORIA Pliego de Especificaciones Técnicas PLANILLA DE COTIZACIÓN Planos 1-10 Planos11-20 Planos21-30 Planos31-40 Planos41-50 Planos51-60 Planos61-64</p>
