 {"id":31807,"date":"2023-02-07T16:51:21","date_gmt":"2023-02-07T19:51:21","guid":{"rendered":"https:\/\/www.justiciasantafe.gov.ar\/?post_type=compras&#038;p=31807"},"modified":"2023-02-07T16:51:21","modified_gmt":"2023-02-07T19:51:21","slug":"licitacion-privada-n-3-20","status":"publish","type":"compras","link":"https:\/\/www.justiciasantafe.gov.ar\/index.php\/compras\/licitacion-privada-n-3-20\/","title":{"rendered":"Licitaci\u00f3n Privada N\u00b0 3\/20"},"content":{"rendered":"<p>&#8220;Servicio de mantenimiento anual de los equipos acondicionadores de aire de los Tribunales de Esperanza y Juzgado de Circuito de Santo Tom\u00e9 y Servicio de mantenimiento anual de los equipos acondicionadores de aire del Jard\u00edn Maternal, Defensor\u00edas Generales Zonales N\u00b0 1, N\u00b0 2, N\u00b0 3, N\u00b0 4 y N\u00b0 5, Morgue Judicial y Sala de Videoconferencias de Las Flores, todos de la ciudad de Santa Fe&#8221;<\/p>\n<p>SE SUSPENDE APERTURA DEL 19\/03 HASTA NUEVO AVISO<\/p>\n<div class=\"gsp_post_data\" data-post_type=\"compras\" data-cat=\"licitacion-privada\" data-modified=\"120\" data-title=\"Licitaci\u00f3n Privada N\u00b0 3\/20\" data-home=\"https:\/\/www.justiciasantafe.gov.ar\"><\/div>","protected":false},"excerpt":{"rendered":"<p>&#8220;Servicio de mantenimiento anual de los equipos acondicionadores de aire de los Tribunales de Esperanza y Juzgado de Circuito de Santo Tom\u00e9 y Servicio de mantenimiento anual de los equipos acondicionadores de aire del Jard\u00edn Maternal, Defensor\u00edas Generales Zonales N\u00b0 1, N\u00b0 2, N\u00b0 3, N\u00b0 4 y N\u00b0 5, Morgue Judicial y Sala de [&#8230;]\n","protected":false},"author":105,"featured_media":0,"template":"","format":"standard","meta":{"_acf_changed":false,"footnotes":""},"categories":[26],"tags":[],"class_list":["post-31807","compras","type-compras","status-publish","format-standard","hentry","category-licitacion-privada"],"acf":{"i2t_fecha_apertura":"20200319","i2t_estado_compra":"3","i2t_pliego":31808,"i2t_acta_de_apertura":"","i2t_resolucion_compra":"","i2t_anio":2020,"i2t_id_historico":"","i2t_autor_historico":""},"_links":{"self":[{"href":"https:\/\/www.justiciasantafe.gov.ar\/index.php\/wp-json\/wp\/v2\/compras\/31807","targetHints":{"allow":["GET"]}}],"collection":[{"href":"https:\/\/www.justiciasantafe.gov.ar\/index.php\/wp-json\/wp\/v2\/compras"}],"about":[{"href":"https:\/\/www.justiciasantafe.gov.ar\/index.php\/wp-json\/wp\/v2\/types\/compras"}],"author":[{"embeddable":true,"href":"https:\/\/www.justiciasantafe.gov.ar\/index.php\/wp-json\/wp\/v2\/users\/105"}],"version-history":[{"count":0,"href":"https:\/\/www.justiciasantafe.gov.ar\/index.php\/wp-json\/wp\/v2\/compras\/31807\/revisions"}],"wp:attachment":[{"href":"https:\/\/www.justiciasantafe.gov.ar\/index.php\/wp-json\/wp\/v2\/media?parent=31807"}],"wp:term":[{"taxonomy":"category","embeddable":true,"href":"https:\/\/www.justiciasantafe.gov.ar\/index.php\/wp-json\/wp\/v2\/categories?post=31807"},{"taxonomy":"post_tag","embeddable":true,"href":"https:\/\/www.justiciasantafe.gov.ar\/index.php\/wp-json\/wp\/v2\/tags?post=31807"}],"curies":[{"name":"wp","href":"https:\/\/api.w.org\/{rel}","templated":true}]}}

Licitación Privada N° 3/20

<p>&#8220;Servicio de mantenimiento anual de los equipos acondicionadores de aire de los Tribunales de Esperanza y Juzgado de Circuito de Santo Tomé y Servicio de mantenimiento anual de los equipos acondicionadores de aire del Jardín Maternal, Defensorías Generales Zonales N° 1, N° 2, N° 3, N° 4 y N° 5, Morgue Judicial y Sala de Videoconferencias de Las Flores, todos de la ciudad de Santa Fe&#8221;</p>
<p>SE SUSPENDE APERTURA DEL 19/03 HASTA NUEVO AVISO</p>
<div class="gsp_post_data" data-post_type="compras" data-cat="licitacion-privada" data-modified="120" data-title="Licitación Privada N° 3/20" data-home="https://www.justiciasantafe.gov.ar"></div>

<p>&#8220;Servicio de mantenimiento anual de los equipos acondicionadores de aire de los Tribunales de Esperanza y Juzgado de Circuito de Santo Tomé y Servicio de mantenimiento anual de los equipos acondicionadores de aire del Jardín Maternal, Defensorías Generales Zonales N° 1, N° 2, N° 3, N° 4 y N° 5, Morgue Judicial y Sala de [&#8230;]
