 {"id":31827,"date":"2023-02-07T17:16:14","date_gmt":"2023-02-07T20:16:14","guid":{"rendered":"https:\/\/www.justiciasantafe.gov.ar\/?post_type=compras&#038;p=31827"},"modified":"2023-02-07T17:16:14","modified_gmt":"2023-02-07T20:16:14","slug":"licitacion-publica-n-35-21","status":"publish","type":"compras","link":"https:\/\/www.justiciasantafe.gov.ar\/index.php\/compras\/licitacion-publica-n-35-21\/","title":{"rendered":"Licitaci\u00f3n p\u00fablica N\u00b0 35\/21"},"content":{"rendered":"<p>&#8220;Provisi\u00f3n de racks met\u00e1licos para el nuevo archivo del Poder Judicial de Santa Fe&#8221;<\/p>\n<p>ACLARATORIA SIN CONSULTA (hay tres planos que se suben en el d\u00eda (18\/10) en donde se aclara el montaje de las estanter\u00edas)<\/p>\n<p>ACLARATORIA SIN CONSULTA<\/p>\n<p><a href=\"https:\/\/www.justiciasantafe.gov.ar\/wp-content\/uploads\/2023\/02\/4718.pdf\" target=\"_blank\" rel=\"noopener\">Aclaratoria licitaci\u00f3n p\u00fablica 35-21 sin consulta<\/a><\/p>\n<p><a href=\"https:\/\/www.justiciasantafe.gov.ar\/wp-content\/uploads\/2023\/02\/4708.pdf\" target=\"_blank\" rel=\"noopener\">A-03 -Planta 2Nivel<\/a><\/p>\n<p><a href=\"https:\/\/www.justiciasantafe.gov.ar\/wp-content\/uploads\/2023\/02\/4707.pdf\" target=\"_blank\" rel=\"noopener\">A-02 -Planta 1Nivel<\/a><\/p>\n<p><a href=\"https:\/\/www.justiciasantafe.gov.ar\/wp-content\/uploads\/2023\/02\/4706.pdf\" target=\"_blank\" rel=\"noopener\">A-01 -Planta Baja<\/a><\/p>\n<p><a href=\"https:\/\/www.justiciasantafe.gov.ar\/wp-content\/uploads\/2023\/02\/4676.pdf\" target=\"_blank\" rel=\"noopener\">A-03 -Planta 2Nivel<\/a><\/p>\n<p><a href=\"https:\/\/www.justiciasantafe.gov.ar\/wp-content\/uploads\/2023\/02\/4675.pdf\" target=\"_blank\" rel=\"noopener\">A-02 -Planta 1Nivel<\/a><\/p>\n<p><a href=\"https:\/\/www.justiciasantafe.gov.ar\/wp-content\/uploads\/2023\/02\/4674.pdf\" target=\"_blank\" rel=\"noopener\">A-01 -Planta Baja<\/a><\/p>\n<div class=\"gsp_post_data\" data-post_type=\"compras\" data-cat=\"licitacion-publica\" data-modified=\"120\" data-title=\"Licitaci\u00f3n p\u00fablica N\u00b0 35\/21\" data-home=\"https:\/\/www.justiciasantafe.gov.ar\"><\/div>","protected":false},"excerpt":{"rendered":"<p>&#8220;Provisi\u00f3n de racks met\u00e1licos para el nuevo archivo del Poder Judicial de Santa Fe&#8221; ACLARATORIA SIN CONSULTA (hay tres planos que se suben en el d\u00eda (18\/10) en donde se aclara el montaje de las estanter\u00edas) ACLARATORIA SIN CONSULTA Aclaratoria licitaci\u00f3n p\u00fablica 35-21 sin consulta A-03 -Planta 2Nivel A-02 -Planta 1Nivel A-01 -Planta Baja A-03 [&#8230;]\n","protected":false},"author":12,"featured_media":0,"template":"","format":"standard","meta":{"_acf_changed":false,"footnotes":""},"categories":[27],"tags":[],"class_list":["post-31827","compras","type-compras","status-publish","format-standard","hentry","category-licitacion-publica"],"acf":{"i2t_fecha_apertura":"20211021","i2t_estado_compra":"3","i2t_pliego":31828,"i2t_acta_de_apertura":31836,"i2t_resolucion_compra":31837,"i2t_anio":2021,"i2t_id_historico":"","i2t_autor_historico":""},"_links":{"self":[{"href":"https:\/\/www.justiciasantafe.gov.ar\/index.php\/wp-json\/wp\/v2\/compras\/31827","targetHints":{"allow":["GET"]}}],"collection":[{"href":"https:\/\/www.justiciasantafe.gov.ar\/index.php\/wp-json\/wp\/v2\/compras"}],"about":[{"href":"https:\/\/www.justiciasantafe.gov.ar\/index.php\/wp-json\/wp\/v2\/types\/compras"}],"author":[{"embeddable":true,"href":"https:\/\/www.justiciasantafe.gov.ar\/index.php\/wp-json\/wp\/v2\/users\/12"}],"version-history":[{"count":0,"href":"https:\/\/www.justiciasantafe.gov.ar\/index.php\/wp-json\/wp\/v2\/compras\/31827\/revisions"}],"wp:attachment":[{"href":"https:\/\/www.justiciasantafe.gov.ar\/index.php\/wp-json\/wp\/v2\/media?parent=31827"}],"wp:term":[{"taxonomy":"category","embeddable":true,"href":"https:\/\/www.justiciasantafe.gov.ar\/index.php\/wp-json\/wp\/v2\/categories?post=31827"},{"taxonomy":"post_tag","embeddable":true,"href":"https:\/\/www.justiciasantafe.gov.ar\/index.php\/wp-json\/wp\/v2\/tags?post=31827"}],"curies":[{"name":"wp","href":"https:\/\/api.w.org\/{rel}","templated":true}]}}

Licitación pública N° 35/21

<p>&#8220;Provisión de racks metálicos para el nuevo archivo del Poder Judicial de Santa Fe&#8221;</p>
<p>ACLARATORIA SIN CONSULTA (hay tres planos que se suben en el día (18/10) en donde se aclara el montaje de las estanterías)</p>
<p>ACLARATORIA SIN CONSULTA</p>
<p><a href="https://www.justiciasantafe.gov.ar/wp-content/uploads/2023/02/4718.pdf" target="_blank" rel="noopener">Aclaratoria licitación pública 35-21 sin consulta</a></p>
<p><a href="https://www.justiciasantafe.gov.ar/wp-content/uploads/2023/02/4708.pdf" target="_blank" rel="noopener">A-03 -Planta 2Nivel</a></p>
<p><a href="https://www.justiciasantafe.gov.ar/wp-content/uploads/2023/02/4707.pdf" target="_blank" rel="noopener">A-02 -Planta 1Nivel</a></p>
<p><a href="https://www.justiciasantafe.gov.ar/wp-content/uploads/2023/02/4706.pdf" target="_blank" rel="noopener">A-01 -Planta Baja</a></p>
<p><a href="https://www.justiciasantafe.gov.ar/wp-content/uploads/2023/02/4676.pdf" target="_blank" rel="noopener">A-03 -Planta 2Nivel</a></p>
<p><a href="https://www.justiciasantafe.gov.ar/wp-content/uploads/2023/02/4675.pdf" target="_blank" rel="noopener">A-02 -Planta 1Nivel</a></p>
<p><a href="https://www.justiciasantafe.gov.ar/wp-content/uploads/2023/02/4674.pdf" target="_blank" rel="noopener">A-01 -Planta Baja</a></p>
<div class="gsp_post_data" data-post_type="compras" data-cat="licitacion-publica" data-modified="120" data-title="Licitación pública N° 35/21" data-home="https://www.justiciasantafe.gov.ar"></div>

<p>&#8220;Provisión de racks metálicos para el nuevo archivo del Poder Judicial de Santa Fe&#8221; ACLARATORIA SIN CONSULTA (hay tres planos que se suben en el día (18/10) en donde se aclara el montaje de las estanterías) ACLARATORIA SIN CONSULTA Aclaratoria licitación pública 35-21 sin consulta A-03 -Planta 2Nivel A-02 -Planta 1Nivel A-01 -Planta Baja A-03 [&#8230;]
