 {"id":31887,"date":"2023-02-08T08:53:38","date_gmt":"2023-02-08T11:53:38","guid":{"rendered":"https:\/\/www.justiciasantafe.gov.ar\/?post_type=compras&#038;p=31887"},"modified":"2023-02-08T08:53:38","modified_gmt":"2023-02-08T11:53:38","slug":"licitacion-publica-n-03-20","status":"publish","type":"compras","link":"https:\/\/www.justiciasantafe.gov.ar\/index.php\/compras\/licitacion-publica-n-03-20\/","title":{"rendered":"Licitaci\u00f3n P\u00fablica N\u00b0 03\/20"},"content":{"rendered":"<p>&#8220;Refuncionalizaci\u00f3n de oficinas en los Tribunales de Rafaela&#8221;<\/p>\n<p>ACLARACIONES CON Y SIN CONSULTA<\/p>\n<p>&nbsp;<\/p>\n<p><a href=\"https:\/\/www.justiciasantafe.gov.ar\/wp-content\/uploads\/2023\/02\/3902.pdf\" target=\"_blank\" rel=\"noopener\">Aclaraciones Rafaela N\u00b0 2 pca3<\/a><\/p>\n<p><a href=\"https:\/\/www.justiciasantafe.gov.ar\/wp-content\/uploads\/2023\/02\/3901.pdf\" target=\"_blank\" rel=\"noopener\">Aclaraciones con y sin consulta pca 3-20<\/a><\/p>\n<p><a href=\"https:\/\/www.justiciasantafe.gov.ar\/wp-content\/uploads\/2023\/02\/3895.pdf\" target=\"_blank\" rel=\"noopener\">Lic Publica 3 20 VISITA<\/a><\/p>\n<p><a href=\"https:\/\/www.justiciasantafe.gov.ar\/wp-content\/uploads\/2023\/02\/3893.pdf\" target=\"_blank\" rel=\"noopener\">Planilla de C\u00f3mputo y Presupuesto Pca3<\/a><\/p>\n<p><a href=\"https:\/\/www.justiciasantafe.gov.ar\/wp-content\/uploads\/2023\/02\/3892.pdf\" target=\"_blank\" rel=\"noopener\">PETP Rafaela pca3<\/a><\/p>\n<p><a href=\"https:\/\/www.justiciasantafe.gov.ar\/wp-content\/uploads\/2023\/02\/3890.7z\" target=\"_blank\" rel=\"noopener\">planos pca 3-20<\/a><\/p>\n<p><a href=\"https:\/\/www.justiciasantafe.gov.ar\/wp-content\/uploads\/2023\/02\/3889.7z\" target=\"_blank\" rel=\"noopener\">planos p\u00fablica 3<\/a><\/p>\n<p><a href=\"https:\/\/www.justiciasantafe.gov.ar\/wp-content\/uploads\/2023\/02\/3888.pdf\" target=\"_blank\" rel=\"noopener\">Planilla de Factores de Redeterminaci\u00f3n Pca 3<\/a><\/p>\n<p><a href=\"https:\/\/www.justiciasantafe.gov.ar\/wp-content\/uploads\/2023\/02\/3885.pdf\" target=\"_blank\" rel=\"noopener\">PETG &#8211; IE P\u00fablica 3<\/a><\/p>\n<div class=\"gsp_post_data\" data-post_type=\"compras\" data-cat=\"licitacion-publica\" data-modified=\"120\" data-title=\"Licitaci\u00f3n P\u00fablica N\u00b0 03\/20\" data-home=\"https:\/\/www.justiciasantafe.gov.ar\"><\/div>","protected":false},"excerpt":{"rendered":"<p>&#8220;Refuncionalizaci\u00f3n de oficinas en los Tribunales de Rafaela&#8221; ACLARACIONES CON Y SIN CONSULTA &nbsp; Aclaraciones Rafaela N\u00b0 2 pca3 Aclaraciones con y sin consulta pca 3-20 Lic Publica 3 20 VISITA Planilla de C\u00f3mputo y Presupuesto Pca3 PETP Rafaela pca3 planos pca 3-20 planos p\u00fablica 3 Planilla de Factores de Redeterminaci\u00f3n Pca 3 PETG &#8211; [&#8230;]\n","protected":false},"author":105,"featured_media":0,"template":"","format":"standard","meta":{"_acf_changed":false,"footnotes":""},"categories":[27],"tags":[],"class_list":["post-31887","compras","type-compras","status-publish","format-standard","hentry","category-licitacion-publica"],"acf":{"i2t_fecha_apertura":"20200521","i2t_estado_compra":"3","i2t_pliego":31889,"i2t_acta_de_apertura":31897,"i2t_resolucion_compra":31898,"i2t_anio":2020,"i2t_id_historico":"","i2t_autor_historico":""},"_links":{"self":[{"href":"https:\/\/www.justiciasantafe.gov.ar\/index.php\/wp-json\/wp\/v2\/compras\/31887","targetHints":{"allow":["GET"]}}],"collection":[{"href":"https:\/\/www.justiciasantafe.gov.ar\/index.php\/wp-json\/wp\/v2\/compras"}],"about":[{"href":"https:\/\/www.justiciasantafe.gov.ar\/index.php\/wp-json\/wp\/v2\/types\/compras"}],"author":[{"embeddable":true,"href":"https:\/\/www.justiciasantafe.gov.ar\/index.php\/wp-json\/wp\/v2\/users\/105"}],"version-history":[{"count":0,"href":"https:\/\/www.justiciasantafe.gov.ar\/index.php\/wp-json\/wp\/v2\/compras\/31887\/revisions"}],"wp:attachment":[{"href":"https:\/\/www.justiciasantafe.gov.ar\/index.php\/wp-json\/wp\/v2\/media?parent=31887"}],"wp:term":[{"taxonomy":"category","embeddable":true,"href":"https:\/\/www.justiciasantafe.gov.ar\/index.php\/wp-json\/wp\/v2\/categories?post=31887"},{"taxonomy":"post_tag","embeddable":true,"href":"https:\/\/www.justiciasantafe.gov.ar\/index.php\/wp-json\/wp\/v2\/tags?post=31887"}],"curies":[{"name":"wp","href":"https:\/\/api.w.org\/{rel}","templated":true}]}}

Licitación Pública N° 03/20

<p>&#8220;Refuncionalización de oficinas en los Tribunales de Rafaela&#8221;</p>
<p>ACLARACIONES CON Y SIN CONSULTA</p>
<p>&nbsp;</p>
<p><a href="https://www.justiciasantafe.gov.ar/wp-content/uploads/2023/02/3902.pdf" target="_blank" rel="noopener">Aclaraciones Rafaela N° 2 pca3</a></p>
<p><a href="https://www.justiciasantafe.gov.ar/wp-content/uploads/2023/02/3901.pdf" target="_blank" rel="noopener">Aclaraciones con y sin consulta pca 3-20</a></p>
<p><a href="https://www.justiciasantafe.gov.ar/wp-content/uploads/2023/02/3895.pdf" target="_blank" rel="noopener">Lic Publica 3 20 VISITA</a></p>
<p><a href="https://www.justiciasantafe.gov.ar/wp-content/uploads/2023/02/3893.pdf" target="_blank" rel="noopener">Planilla de Cómputo y Presupuesto Pca3</a></p>
<p><a href="https://www.justiciasantafe.gov.ar/wp-content/uploads/2023/02/3892.pdf" target="_blank" rel="noopener">PETP Rafaela pca3</a></p>
<p><a href="https://www.justiciasantafe.gov.ar/wp-content/uploads/2023/02/3890.7z" target="_blank" rel="noopener">planos pca 3-20</a></p>
<p><a href="https://www.justiciasantafe.gov.ar/wp-content/uploads/2023/02/3889.7z" target="_blank" rel="noopener">planos pública 3</a></p>
<p><a href="https://www.justiciasantafe.gov.ar/wp-content/uploads/2023/02/3888.pdf" target="_blank" rel="noopener">Planilla de Factores de Redeterminación Pca 3</a></p>
<p><a href="https://www.justiciasantafe.gov.ar/wp-content/uploads/2023/02/3885.pdf" target="_blank" rel="noopener">PETG &#8211; IE Pública 3</a></p>
<div class="gsp_post_data" data-post_type="compras" data-cat="licitacion-publica" data-modified="120" data-title="Licitación Pública N° 03/20" data-home="https://www.justiciasantafe.gov.ar"></div>

<p>&#8220;Refuncionalización de oficinas en los Tribunales de Rafaela&#8221; ACLARACIONES CON Y SIN CONSULTA &nbsp; Aclaraciones Rafaela N° 2 pca3 Aclaraciones con y sin consulta pca 3-20 Lic Publica 3 20 VISITA Planilla de Cómputo y Presupuesto Pca3 PETP Rafaela pca3 planos pca 3-20 planos pública 3 Planilla de Factores de Redeterminación Pca 3 PETG &#8211; [&#8230;]
