 {"id":32102,"date":"2023-02-08T11:42:02","date_gmt":"2023-02-08T14:42:02","guid":{"rendered":"https:\/\/www.justiciasantafe.gov.ar\/?post_type=compras&#038;p=32102"},"modified":"2023-02-08T11:42:02","modified_gmt":"2023-02-08T14:42:02","slug":"licitacion-privada-n-20-20","status":"publish","type":"compras","link":"https:\/\/www.justiciasantafe.gov.ar\/index.php\/compras\/licitacion-privada-n-20-20\/","title":{"rendered":"Licitaci\u00f3n privada N\u00b0 20\/20"},"content":{"rendered":"<p>&#8220;Servicio de mantenimiento anual de los equipos acondicionadores de aire de los Tribunales de Esperanza y Juzgado de Circuito de Santo tom\u00e9 y servicio de mantenimiento anual de los equipos acondicionadores de aire del Jard\u00edn Maternal, Defensor\u00edas Generales Zonales N\u00b0 1, N\u00b0 2, N\u00b0 3, N\u00b0 4 y N\u00b0 5 Morgue Judicial y Sala de Videoconferencias de las Flores, todos de la ciudad de Santa Fe&#8221;<\/p>\n<div class=\"gsp_post_data\" data-post_type=\"compras\" data-cat=\"licitacion-privada\" data-modified=\"120\" data-title=\"Licitaci\u00f3n privada N\u00b0 20\/20\" data-home=\"https:\/\/www.justiciasantafe.gov.ar\"><\/div>","protected":false},"excerpt":{"rendered":"<p>&#8220;Servicio de mantenimiento anual de los equipos acondicionadores de aire de los Tribunales de Esperanza y Juzgado de Circuito de Santo tom\u00e9 y servicio de mantenimiento anual de los equipos acondicionadores de aire del Jard\u00edn Maternal, Defensor\u00edas Generales Zonales N\u00b0 1, N\u00b0 2, N\u00b0 3, N\u00b0 4 y N\u00b0 5 Morgue Judicial y Sala de [&#8230;]\n","protected":false},"author":105,"featured_media":0,"template":"","format":"standard","meta":{"_acf_changed":false,"footnotes":""},"categories":[26],"tags":[],"class_list":["post-32102","compras","type-compras","status-publish","format-standard","hentry","category-licitacion-privada"],"acf":{"i2t_fecha_apertura":"20200907","i2t_estado_compra":"3","i2t_pliego":32103,"i2t_acta_de_apertura":32104,"i2t_resolucion_compra":32105,"i2t_anio":2020,"i2t_id_historico":"","i2t_autor_historico":""},"_links":{"self":[{"href":"https:\/\/www.justiciasantafe.gov.ar\/index.php\/wp-json\/wp\/v2\/compras\/32102","targetHints":{"allow":["GET"]}}],"collection":[{"href":"https:\/\/www.justiciasantafe.gov.ar\/index.php\/wp-json\/wp\/v2\/compras"}],"about":[{"href":"https:\/\/www.justiciasantafe.gov.ar\/index.php\/wp-json\/wp\/v2\/types\/compras"}],"author":[{"embeddable":true,"href":"https:\/\/www.justiciasantafe.gov.ar\/index.php\/wp-json\/wp\/v2\/users\/105"}],"version-history":[{"count":0,"href":"https:\/\/www.justiciasantafe.gov.ar\/index.php\/wp-json\/wp\/v2\/compras\/32102\/revisions"}],"wp:attachment":[{"href":"https:\/\/www.justiciasantafe.gov.ar\/index.php\/wp-json\/wp\/v2\/media?parent=32102"}],"wp:term":[{"taxonomy":"category","embeddable":true,"href":"https:\/\/www.justiciasantafe.gov.ar\/index.php\/wp-json\/wp\/v2\/categories?post=32102"},{"taxonomy":"post_tag","embeddable":true,"href":"https:\/\/www.justiciasantafe.gov.ar\/index.php\/wp-json\/wp\/v2\/tags?post=32102"}],"curies":[{"name":"wp","href":"https:\/\/api.w.org\/{rel}","templated":true}]}}

Licitación privada N° 20/20

<p>&#8220;Servicio de mantenimiento anual de los equipos acondicionadores de aire de los Tribunales de Esperanza y Juzgado de Circuito de Santo tomé y servicio de mantenimiento anual de los equipos acondicionadores de aire del Jardín Maternal, Defensorías Generales Zonales N° 1, N° 2, N° 3, N° 4 y N° 5 Morgue Judicial y Sala de Videoconferencias de las Flores, todos de la ciudad de Santa Fe&#8221;</p>
<div class="gsp_post_data" data-post_type="compras" data-cat="licitacion-privada" data-modified="120" data-title="Licitación privada N° 20/20" data-home="https://www.justiciasantafe.gov.ar"></div>

<p>&#8220;Servicio de mantenimiento anual de los equipos acondicionadores de aire de los Tribunales de Esperanza y Juzgado de Circuito de Santo tomé y servicio de mantenimiento anual de los equipos acondicionadores de aire del Jardín Maternal, Defensorías Generales Zonales N° 1, N° 2, N° 3, N° 4 y N° 5 Morgue Judicial y Sala de [&#8230;]
