 {"id":32201,"date":"2023-02-08T12:53:22","date_gmt":"2023-02-08T15:53:22","guid":{"rendered":"https:\/\/www.justiciasantafe.gov.ar\/?post_type=compras&#038;p=32201"},"modified":"2023-02-08T12:53:22","modified_gmt":"2023-02-08T15:53:22","slug":"licitacion-privada-n-23-20","status":"publish","type":"compras","link":"https:\/\/www.justiciasantafe.gov.ar\/index.php\/compras\/licitacion-privada-n-23-20\/","title":{"rendered":"Licitaci\u00f3n Privada N\u00b0 23\/20"},"content":{"rendered":"<p>&#8220;Provisi\u00f3n, instalaci\u00f3n y puesta en servicio de un sistema de cableado de comunicaci\u00f3n de 50 bocas de datos simples que permita vincular los nuevos puestos de trabajo con los centros de cableados correspondientes, ubicados en los distintos pisos del edificio sito en calle Alvear 226 de los Tribunales de Rafaela, con motivo de llevarse a cabo la refuncionalizaci\u00f3n de oficinas en los Tribunales de Rafaela&#8221;<\/p>\n<p>&nbsp;<\/p>\n<p><a href=\"https:\/\/www.justiciasantafe.gov.ar\/wp-content\/uploads\/2023\/02\/4095.pdf\" target=\"_blank\" rel=\"noopener\">Privada 23planta CUARTO PISO<\/a><\/p>\n<p><a href=\"https:\/\/www.justiciasantafe.gov.ar\/wp-content\/uploads\/2023\/02\/4094.pdf\" target=\"_blank\" rel=\"noopener\">Privada 23planta SEGUNDO PISO<\/a><\/p>\n<p><a href=\"https:\/\/www.justiciasantafe.gov.ar\/wp-content\/uploads\/2023\/02\/4093.pdf\" target=\"_blank\" rel=\"noopener\">Privada 23planta PRIMER PISO<\/a><\/p>\n<p><a href=\"https:\/\/www.justiciasantafe.gov.ar\/wp-content\/uploads\/2023\/02\/4092.pdf\" target=\"_blank\" rel=\"noopener\">Privada 23planta BAJA<\/a><\/p>\n<p>&nbsp;<\/p>\n<div class=\"gsp_post_data\" data-post_type=\"compras\" data-cat=\"licitacion-privada\" data-modified=\"120\" data-title=\"Licitaci\u00f3n Privada N\u00b0 23\/20\" data-home=\"https:\/\/www.justiciasantafe.gov.ar\"><\/div>","protected":false},"excerpt":{"rendered":"<p>&#8220;Provisi\u00f3n, instalaci\u00f3n y puesta en servicio de un sistema de cableado de comunicaci\u00f3n de 50 bocas de datos simples que permita vincular los nuevos puestos de trabajo con los centros de cableados correspondientes, ubicados en los distintos pisos del edificio sito en calle Alvear 226 de los Tribunales de Rafaela, con motivo de llevarse a [&#8230;]\n","protected":false},"author":105,"featured_media":0,"template":"","format":"standard","meta":{"_acf_changed":false,"footnotes":""},"categories":[26],"tags":[],"class_list":["post-32201","compras","type-compras","status-publish","format-standard","hentry","category-licitacion-privada"],"acf":{"i2t_fecha_apertura":"20200922","i2t_estado_compra":"3","i2t_pliego":32202,"i2t_acta_de_apertura":32207,"i2t_resolucion_compra":32208,"i2t_anio":2020,"i2t_id_historico":"","i2t_autor_historico":""},"_links":{"self":[{"href":"https:\/\/www.justiciasantafe.gov.ar\/index.php\/wp-json\/wp\/v2\/compras\/32201","targetHints":{"allow":["GET"]}}],"collection":[{"href":"https:\/\/www.justiciasantafe.gov.ar\/index.php\/wp-json\/wp\/v2\/compras"}],"about":[{"href":"https:\/\/www.justiciasantafe.gov.ar\/index.php\/wp-json\/wp\/v2\/types\/compras"}],"author":[{"embeddable":true,"href":"https:\/\/www.justiciasantafe.gov.ar\/index.php\/wp-json\/wp\/v2\/users\/105"}],"version-history":[{"count":0,"href":"https:\/\/www.justiciasantafe.gov.ar\/index.php\/wp-json\/wp\/v2\/compras\/32201\/revisions"}],"wp:attachment":[{"href":"https:\/\/www.justiciasantafe.gov.ar\/index.php\/wp-json\/wp\/v2\/media?parent=32201"}],"wp:term":[{"taxonomy":"category","embeddable":true,"href":"https:\/\/www.justiciasantafe.gov.ar\/index.php\/wp-json\/wp\/v2\/categories?post=32201"},{"taxonomy":"post_tag","embeddable":true,"href":"https:\/\/www.justiciasantafe.gov.ar\/index.php\/wp-json\/wp\/v2\/tags?post=32201"}],"curies":[{"name":"wp","href":"https:\/\/api.w.org\/{rel}","templated":true}]}}

Licitación Privada N° 23/20

<p>&#8220;Provisión, instalación y puesta en servicio de un sistema de cableado de comunicación de 50 bocas de datos simples que permita vincular los nuevos puestos de trabajo con los centros de cableados correspondientes, ubicados en los distintos pisos del edificio sito en calle Alvear 226 de los Tribunales de Rafaela, con motivo de llevarse a cabo la refuncionalización de oficinas en los Tribunales de Rafaela&#8221;</p>
<p>&nbsp;</p>
<p><a href="https://www.justiciasantafe.gov.ar/wp-content/uploads/2023/02/4095.pdf" target="_blank" rel="noopener">Privada 23planta CUARTO PISO</a></p>
<p><a href="https://www.justiciasantafe.gov.ar/wp-content/uploads/2023/02/4094.pdf" target="_blank" rel="noopener">Privada 23planta SEGUNDO PISO</a></p>
<p><a href="https://www.justiciasantafe.gov.ar/wp-content/uploads/2023/02/4093.pdf" target="_blank" rel="noopener">Privada 23planta PRIMER PISO</a></p>
<p><a href="https://www.justiciasantafe.gov.ar/wp-content/uploads/2023/02/4092.pdf" target="_blank" rel="noopener">Privada 23planta BAJA</a></p>
<p>&nbsp;</p>
<div class="gsp_post_data" data-post_type="compras" data-cat="licitacion-privada" data-modified="120" data-title="Licitación Privada N° 23/20" data-home="https://www.justiciasantafe.gov.ar"></div>

<p>&#8220;Provisión, instalación y puesta en servicio de un sistema de cableado de comunicación de 50 bocas de datos simples que permita vincular los nuevos puestos de trabajo con los centros de cableados correspondientes, ubicados en los distintos pisos del edificio sito en calle Alvear 226 de los Tribunales de Rafaela, con motivo de llevarse a [&#8230;]
