 {"id":32942,"date":"2023-02-10T10:27:35","date_gmt":"2023-02-10T13:27:35","guid":{"rendered":"https:\/\/www.justiciasantafe.gov.ar\/?post_type=compras&#038;p=32942"},"modified":"2023-02-10T10:27:35","modified_gmt":"2023-02-10T13:27:35","slug":"licitacion-publica-06-19","status":"publish","type":"compras","link":"https:\/\/www.justiciasantafe.gov.ar\/index.php\/compras\/licitacion-publica-06-19\/","title":{"rendered":"Licitaci\u00f3n P\u00fablica 06\/19"},"content":{"rendered":"<p>Refacci\u00f3n Edilicia Area de Defensor\u00edas Generales Civiles, Oficina de Gesti\u00f3n y Sala de Espera Tribunales Provinciales de Rosario<\/p>\n<p>&nbsp;<\/p>\n<p><a href=\"https:\/\/www.justiciasantafe.gov.ar\/wp-content\/uploads\/2023\/02\/3610.pdf\" target=\"_blank\" rel=\"noopener\">NOTA ACLARATORIA<\/a><\/p>\n<p><a href=\"https:\/\/www.justiciasantafe.gov.ar\/wp-content\/uploads\/2023\/02\/3556.pdf\" target=\"_blank\" rel=\"noopener\">Anexo 12-Redet Precios FR &#8211; Def Civ<\/a><\/p>\n<p><a href=\"https:\/\/www.justiciasantafe.gov.ar\/wp-content\/uploads\/2023\/02\/3555.pdf\" target=\"_blank\" rel=\"noopener\">PLANILLA_COMPUTO_REDUCIDO_VACIO_02_07_19<\/a><\/p>\n<p><a href=\"https:\/\/www.justiciasantafe.gov.ar\/wp-content\/uploads\/2023\/02\/3554.pdf\" target=\"_blank\" rel=\"noopener\">LISTADO_DE_PLANOS<\/a><\/p>\n<p><a href=\"https:\/\/www.justiciasantafe.gov.ar\/wp-content\/uploads\/2023\/02\/3553.zip\" target=\"_blank\" rel=\"noopener\">Planos 1<\/a><\/p>\n<p><a href=\"https:\/\/www.justiciasantafe.gov.ar\/wp-content\/uploads\/2023\/02\/3552.zip\" target=\"_blank\" rel=\"noopener\">Planos 2<\/a><\/p>\n<p><a href=\"https:\/\/www.justiciasantafe.gov.ar\/wp-content\/uploads\/2023\/02\/3553.zip\" target=\"_blank\" rel=\"noopener\">Planos 3<\/a><\/p>\n<p><a href=\"https:\/\/www.justiciasantafe.gov.ar\/wp-content\/uploads\/2023\/02\/3550.zip\" target=\"_blank\" rel=\"noopener\">Planos 4<\/a><\/p>\n<p><a href=\"https:\/\/www.justiciasantafe.gov.ar\/wp-content\/uploads\/2023\/02\/3549.zip\" target=\"_blank\" rel=\"noopener\">Planos 5<\/a><\/p>\n<p><a href=\"https:\/\/www.justiciasantafe.gov.ar\/wp-content\/uploads\/2023\/02\/3549.zip\" target=\"_blank\" rel=\"noopener\">Planos 6<\/a><\/p>\n<p><a href=\"https:\/\/www.justiciasantafe.gov.ar\/wp-content\/uploads\/2023\/02\/3549.zip\" target=\"_blank\" rel=\"noopener\">Planos 7<\/a><\/p>\n<div class=\"gsp_post_data\" data-post_type=\"compras\" data-cat=\"licitacion-publica\" data-modified=\"120\" data-title=\"Licitaci\u00f3n P\u00fablica 06\/19\" data-home=\"https:\/\/www.justiciasantafe.gov.ar\"><\/div>","protected":false},"excerpt":{"rendered":"<p>Refacci\u00f3n Edilicia Area de Defensor\u00edas Generales Civiles, Oficina de Gesti\u00f3n y Sala de Espera Tribunales Provinciales de Rosario &nbsp; NOTA ACLARATORIA Anexo 12-Redet Precios FR &#8211; Def Civ PLANILLA_COMPUTO_REDUCIDO_VACIO_02_07_19 LISTADO_DE_PLANOS Planos 1 Planos 2 Planos 3 Planos 4 Planos 5 Planos 6 Planos 7<\/p>\n","protected":false},"author":105,"featured_media":0,"template":"","format":"standard","meta":{"_acf_changed":false,"footnotes":""},"categories":[27],"tags":[],"class_list":["post-32942","compras","type-compras","status-publish","format-standard","hentry","category-licitacion-publica"],"acf":{"i2t_fecha_apertura":"20190816","i2t_estado_compra":"3","i2t_pliego":32943,"i2t_acta_de_apertura":32955,"i2t_resolucion_compra":"","i2t_anio":2019,"i2t_id_historico":"","i2t_autor_historico":""},"_links":{"self":[{"href":"https:\/\/www.justiciasantafe.gov.ar\/index.php\/wp-json\/wp\/v2\/compras\/32942","targetHints":{"allow":["GET"]}}],"collection":[{"href":"https:\/\/www.justiciasantafe.gov.ar\/index.php\/wp-json\/wp\/v2\/compras"}],"about":[{"href":"https:\/\/www.justiciasantafe.gov.ar\/index.php\/wp-json\/wp\/v2\/types\/compras"}],"author":[{"embeddable":true,"href":"https:\/\/www.justiciasantafe.gov.ar\/index.php\/wp-json\/wp\/v2\/users\/105"}],"version-history":[{"count":0,"href":"https:\/\/www.justiciasantafe.gov.ar\/index.php\/wp-json\/wp\/v2\/compras\/32942\/revisions"}],"wp:attachment":[{"href":"https:\/\/www.justiciasantafe.gov.ar\/index.php\/wp-json\/wp\/v2\/media?parent=32942"}],"wp:term":[{"taxonomy":"category","embeddable":true,"href":"https:\/\/www.justiciasantafe.gov.ar\/index.php\/wp-json\/wp\/v2\/categories?post=32942"},{"taxonomy":"post_tag","embeddable":true,"href":"https:\/\/www.justiciasantafe.gov.ar\/index.php\/wp-json\/wp\/v2\/tags?post=32942"}],"curies":[{"name":"wp","href":"https:\/\/api.w.org\/{rel}","templated":true}]}}

Licitación Pública 06/19

<p>Refacción Edilicia Area de Defensorías Generales Civiles, Oficina de Gestión y Sala de Espera Tribunales Provinciales de Rosario</p>
<p>&nbsp;</p>
<p><a href="https://www.justiciasantafe.gov.ar/wp-content/uploads/2023/02/3610.pdf" target="_blank" rel="noopener">NOTA ACLARATORIA</a></p>
<p><a href="https://www.justiciasantafe.gov.ar/wp-content/uploads/2023/02/3556.pdf" target="_blank" rel="noopener">Anexo 12-Redet Precios FR &#8211; Def Civ</a></p>
<p><a href="https://www.justiciasantafe.gov.ar/wp-content/uploads/2023/02/3555.pdf" target="_blank" rel="noopener">PLANILLA_COMPUTO_REDUCIDO_VACIO_02_07_19</a></p>
<p><a href="https://www.justiciasantafe.gov.ar/wp-content/uploads/2023/02/3554.pdf" target="_blank" rel="noopener">LISTADO_DE_PLANOS</a></p>
<p><a href="https://www.justiciasantafe.gov.ar/wp-content/uploads/2023/02/3553.zip" target="_blank" rel="noopener">Planos 1</a></p>
<p><a href="https://www.justiciasantafe.gov.ar/wp-content/uploads/2023/02/3552.zip" target="_blank" rel="noopener">Planos 2</a></p>
<p><a href="https://www.justiciasantafe.gov.ar/wp-content/uploads/2023/02/3553.zip" target="_blank" rel="noopener">Planos 3</a></p>
<p><a href="https://www.justiciasantafe.gov.ar/wp-content/uploads/2023/02/3550.zip" target="_blank" rel="noopener">Planos 4</a></p>
<p><a href="https://www.justiciasantafe.gov.ar/wp-content/uploads/2023/02/3549.zip" target="_blank" rel="noopener">Planos 5</a></p>
<p><a href="https://www.justiciasantafe.gov.ar/wp-content/uploads/2023/02/3549.zip" target="_blank" rel="noopener">Planos 6</a></p>
<p><a href="https://www.justiciasantafe.gov.ar/wp-content/uploads/2023/02/3549.zip" target="_blank" rel="noopener">Planos 7</a></p>
<div class="gsp_post_data" data-post_type="compras" data-cat="licitacion-publica" data-modified="120" data-title="Licitación Pública 06/19" data-home="https://www.justiciasantafe.gov.ar"></div>

<p>Refacción Edilicia Area de Defensorías Generales Civiles, Oficina de Gestión y Sala de Espera Tribunales Provinciales de Rosario &nbsp; NOTA ACLARATORIA Anexo 12-Redet Precios FR &#8211; Def Civ PLANILLA_COMPUTO_REDUCIDO_VACIO_02_07_19 LISTADO_DE_PLANOS Planos 1 Planos 2 Planos 3 Planos 4 Planos 5 Planos 6 Planos 7</p>
