 {"id":33109,"date":"2023-02-10T12:07:26","date_gmt":"2023-02-10T15:07:26","guid":{"rendered":"https:\/\/www.justiciasantafe.gov.ar\/?post_type=compras&#038;p=33109"},"modified":"2023-02-10T12:07:26","modified_gmt":"2023-02-10T15:07:26","slug":"licitacion-privada-n-25-19","status":"publish","type":"compras","link":"https:\/\/www.justiciasantafe.gov.ar\/index.php\/compras\/licitacion-privada-n-25-19\/","title":{"rendered":"Licitaci\u00f3n Privada N\u00b0 25\/19"},"content":{"rendered":"<p>OPTIMIZACI\u00d3N DE LOS MEDIOS DE ELEVACI\u00d3N MEC\u00c1NICOS DEL PALACIO DE JUSTICIA Y FUERO LABORAL Y ARCHIVO, DE SANTA FE<\/p>\n<p>&nbsp;<\/p>\n<p><a href=\"https:\/\/www.justiciasantafe.gov.ar\/wp-content\/uploads\/2023\/02\/3760.pdf\" target=\"_blank\" rel=\"noopener\">06<\/a><\/p>\n<p><a href=\"https:\/\/www.justiciasantafe.gov.ar\/wp-content\/uploads\/2023\/02\/3759.pdf\" target=\"_blank\" rel=\"noopener\">05<\/a><\/p>\n<p><a href=\"https:\/\/www.justiciasantafe.gov.ar\/wp-content\/uploads\/2023\/02\/3758.pdf\" target=\"_blank\" rel=\"noopener\">04<\/a><\/p>\n<p><a href=\"https:\/\/www.justiciasantafe.gov.ar\/wp-content\/uploads\/2023\/02\/3757.pdf\" target=\"_blank\" rel=\"noopener\">03<\/a><\/p>\n<p><a href=\"https:\/\/www.justiciasantafe.gov.ar\/wp-content\/uploads\/2023\/02\/3756.pdf\" target=\"_blank\" rel=\"noopener\">02<\/a><\/p>\n<div class=\"gsp_post_data\" data-post_type=\"compras\" data-cat=\"licitacion-privada\" data-modified=\"120\" data-title=\"Licitaci\u00f3n Privada N\u00b0 25\/19\" data-home=\"https:\/\/www.justiciasantafe.gov.ar\"><\/div>","protected":false},"excerpt":{"rendered":"<p>OPTIMIZACI\u00d3N DE LOS MEDIOS DE ELEVACI\u00d3N MEC\u00c1NICOS DEL PALACIO DE JUSTICIA Y FUERO LABORAL Y ARCHIVO, DE SANTA FE &nbsp; 06 05 04 03 02<\/p>\n","protected":false},"author":105,"featured_media":0,"template":"","format":"standard","meta":{"_acf_changed":false,"footnotes":""},"categories":[26],"tags":[],"class_list":["post-33109","compras","type-compras","status-publish","format-standard","hentry","category-licitacion-privada"],"acf":{"i2t_fecha_apertura":"20191209","i2t_estado_compra":"3","i2t_pliego":33111,"i2t_acta_de_apertura":33117,"i2t_resolucion_compra":33118,"i2t_anio":2019,"i2t_id_historico":"","i2t_autor_historico":""},"_links":{"self":[{"href":"https:\/\/www.justiciasantafe.gov.ar\/index.php\/wp-json\/wp\/v2\/compras\/33109","targetHints":{"allow":["GET"]}}],"collection":[{"href":"https:\/\/www.justiciasantafe.gov.ar\/index.php\/wp-json\/wp\/v2\/compras"}],"about":[{"href":"https:\/\/www.justiciasantafe.gov.ar\/index.php\/wp-json\/wp\/v2\/types\/compras"}],"author":[{"embeddable":true,"href":"https:\/\/www.justiciasantafe.gov.ar\/index.php\/wp-json\/wp\/v2\/users\/105"}],"version-history":[{"count":0,"href":"https:\/\/www.justiciasantafe.gov.ar\/index.php\/wp-json\/wp\/v2\/compras\/33109\/revisions"}],"wp:attachment":[{"href":"https:\/\/www.justiciasantafe.gov.ar\/index.php\/wp-json\/wp\/v2\/media?parent=33109"}],"wp:term":[{"taxonomy":"category","embeddable":true,"href":"https:\/\/www.justiciasantafe.gov.ar\/index.php\/wp-json\/wp\/v2\/categories?post=33109"},{"taxonomy":"post_tag","embeddable":true,"href":"https:\/\/www.justiciasantafe.gov.ar\/index.php\/wp-json\/wp\/v2\/tags?post=33109"}],"curies":[{"name":"wp","href":"https:\/\/api.w.org\/{rel}","templated":true}]}}

Licitación Privada N° 25/19

<p>OPTIMIZACIÓN DE LOS MEDIOS DE ELEVACIÓN MECÁNICOS DEL PALACIO DE JUSTICIA Y FUERO LABORAL Y ARCHIVO, DE SANTA FE</p>
<p>&nbsp;</p>
<p><a href="https://www.justiciasantafe.gov.ar/wp-content/uploads/2023/02/3760.pdf" target="_blank" rel="noopener">06</a></p>
<p><a href="https://www.justiciasantafe.gov.ar/wp-content/uploads/2023/02/3759.pdf" target="_blank" rel="noopener">05</a></p>
<p><a href="https://www.justiciasantafe.gov.ar/wp-content/uploads/2023/02/3758.pdf" target="_blank" rel="noopener">04</a></p>
<p><a href="https://www.justiciasantafe.gov.ar/wp-content/uploads/2023/02/3757.pdf" target="_blank" rel="noopener">03</a></p>
<p><a href="https://www.justiciasantafe.gov.ar/wp-content/uploads/2023/02/3756.pdf" target="_blank" rel="noopener">02</a></p>
<div class="gsp_post_data" data-post_type="compras" data-cat="licitacion-privada" data-modified="120" data-title="Licitación Privada N° 25/19" data-home="https://www.justiciasantafe.gov.ar"></div>

<p>OPTIMIZACIÓN DE LOS MEDIOS DE ELEVACIÓN MECÁNICOS DEL PALACIO DE JUSTICIA Y FUERO LABORAL Y ARCHIVO, DE SANTA FE &nbsp; 06 05 04 03 02</p>
