 {"id":33382,"date":"2023-02-17T10:10:31","date_gmt":"2023-02-17T13:10:31","guid":{"rendered":"https:\/\/www.justiciasantafe.gov.ar\/?post_type=compras&#038;p=33382"},"modified":"2023-02-17T10:10:31","modified_gmt":"2023-02-17T13:10:31","slug":"licitacion-publica-n-07-18","status":"publish","type":"compras","link":"https:\/\/www.justiciasantafe.gov.ar\/index.php\/compras\/licitacion-publica-n-07-18\/","title":{"rendered":"Licitaci\u00f3n P\u00fablica N\u00b0 07\/18"},"content":{"rendered":"<p>&#8220;Adquisici\u00f3n de equipamiento inform\u00e1tico para el Poder Judicial de Santa Fe&#8221;<\/p>\n<p>&nbsp;<\/p>\n<p><a href=\"https:\/\/www.justiciasantafe.gov.ar\/wp-content\/uploads\/2023\/02\/3259.pdf\" target=\"_blank\" rel=\"noopener\">Aclaraci\u00f3n con consulta licitaci\u00f3n p\u00fablica 7-18<\/a><\/p>\n<p><a href=\"https:\/\/www.justiciasantafe.gov.ar\/wp-content\/uploads\/2023\/02\/3254.doc\" target=\"_blank\" rel=\"noopener\">9_anexo_V<\/a><\/p>\n<p><a href=\"https:\/\/www.justiciasantafe.gov.ar\/wp-content\/uploads\/2023\/02\/3253.odt\" target=\"_blank\" rel=\"noopener\">8_anexo_IV_zonaSur<\/a><\/p>\n<p><a href=\"https:\/\/www.justiciasantafe.gov.ar\/wp-content\/uploads\/2023\/02\/3252.odt\" target=\"_blank\" rel=\"noopener\">7_ANEXO_IV_UPS_ZONANORTE<\/a><\/p>\n<p><a href=\"https:\/\/www.justiciasantafe.gov.ar\/wp-content\/uploads\/2023\/02\/3251.odt\" target=\"_blank\" rel=\"noopener\">6_anexo_III_zonaSur<\/a><\/p>\n<p>&nbsp;<\/p>\n<p><a href=\"https:\/\/www.justiciasantafe.gov.ar\/wp-content\/uploads\/2023\/02\/3250.odt\" target=\"_blank\" rel=\"noopener\">5_ANEXO_III_IMPRESORAS_ZONANORTE<\/a><\/p>\n<p><a href=\"https:\/\/www.justiciasantafe.gov.ar\/wp-content\/uploads\/2023\/02\/3249.odt\" target=\"_blank\" rel=\"noopener\">4_anexoII_zonaSur<\/a><\/p>\n<p><a href=\"https:\/\/www.justiciasantafe.gov.ar\/wp-content\/uploads\/2023\/02\/3248.odt\" target=\"_blank\" rel=\"noopener\">3_ANEXO_II_PC_ZONANORTE<\/a><\/p>\n<p><a href=\"https:\/\/www.justiciasantafe.gov.ar\/wp-content\/uploads\/2023\/02\/3247.odt\" target=\"_blank\" rel=\"noopener\">2_anexoI_zonaSur<\/a><\/p>\n<div class=\"gsp_post_data\" data-post_type=\"compras\" data-cat=\"licitacion-publica\" data-modified=\"120\" data-title=\"Licitaci\u00f3n P\u00fablica N\u00b0 07\/18\" data-home=\"https:\/\/www.justiciasantafe.gov.ar\"><\/div>","protected":false},"excerpt":{"rendered":"<p>&#8220;Adquisici\u00f3n de equipamiento inform\u00e1tico para el Poder Judicial de Santa Fe&#8221; &nbsp; Aclaraci\u00f3n con consulta licitaci\u00f3n p\u00fablica 7-18 9_anexo_V 8_anexo_IV_zonaSur 7_ANEXO_IV_UPS_ZONANORTE 6_anexo_III_zonaSur &nbsp; 5_ANEXO_III_IMPRESORAS_ZONANORTE 4_anexoII_zonaSur 3_ANEXO_II_PC_ZONANORTE 2_anexoI_zonaSur<\/p>\n","protected":false},"author":105,"featured_media":0,"template":"","format":"standard","meta":{"_acf_changed":false,"footnotes":""},"categories":[27],"tags":[],"class_list":["post-33382","compras","type-compras","status-publish","format-standard","hentry","category-licitacion-publica"],"acf":{"i2t_fecha_apertura":"20180529","i2t_estado_compra":"3","i2t_pliego":33383,"i2t_acta_de_apertura":33393,"i2t_resolucion_compra":33394,"i2t_anio":2018,"i2t_id_historico":"","i2t_autor_historico":""},"_links":{"self":[{"href":"https:\/\/www.justiciasantafe.gov.ar\/index.php\/wp-json\/wp\/v2\/compras\/33382","targetHints":{"allow":["GET"]}}],"collection":[{"href":"https:\/\/www.justiciasantafe.gov.ar\/index.php\/wp-json\/wp\/v2\/compras"}],"about":[{"href":"https:\/\/www.justiciasantafe.gov.ar\/index.php\/wp-json\/wp\/v2\/types\/compras"}],"author":[{"embeddable":true,"href":"https:\/\/www.justiciasantafe.gov.ar\/index.php\/wp-json\/wp\/v2\/users\/105"}],"version-history":[{"count":0,"href":"https:\/\/www.justiciasantafe.gov.ar\/index.php\/wp-json\/wp\/v2\/compras\/33382\/revisions"}],"wp:attachment":[{"href":"https:\/\/www.justiciasantafe.gov.ar\/index.php\/wp-json\/wp\/v2\/media?parent=33382"}],"wp:term":[{"taxonomy":"category","embeddable":true,"href":"https:\/\/www.justiciasantafe.gov.ar\/index.php\/wp-json\/wp\/v2\/categories?post=33382"},{"taxonomy":"post_tag","embeddable":true,"href":"https:\/\/www.justiciasantafe.gov.ar\/index.php\/wp-json\/wp\/v2\/tags?post=33382"}],"curies":[{"name":"wp","href":"https:\/\/api.w.org\/{rel}","templated":true}]}}

Licitación Pública N° 07/18

<p>&#8220;Adquisición de equipamiento informático para el Poder Judicial de Santa Fe&#8221;</p>
<p>&nbsp;</p>
<p><a href="https://www.justiciasantafe.gov.ar/wp-content/uploads/2023/02/3259.pdf" target="_blank" rel="noopener">Aclaración con consulta licitación pública 7-18</a></p>
<p><a href="https://www.justiciasantafe.gov.ar/wp-content/uploads/2023/02/3254.doc" target="_blank" rel="noopener">9_anexo_V</a></p>
<p><a href="https://www.justiciasantafe.gov.ar/wp-content/uploads/2023/02/3253.odt" target="_blank" rel="noopener">8_anexo_IV_zonaSur</a></p>
<p><a href="https://www.justiciasantafe.gov.ar/wp-content/uploads/2023/02/3252.odt" target="_blank" rel="noopener">7_ANEXO_IV_UPS_ZONANORTE</a></p>
<p><a href="https://www.justiciasantafe.gov.ar/wp-content/uploads/2023/02/3251.odt" target="_blank" rel="noopener">6_anexo_III_zonaSur</a></p>
<p>&nbsp;</p>
<p><a href="https://www.justiciasantafe.gov.ar/wp-content/uploads/2023/02/3250.odt" target="_blank" rel="noopener">5_ANEXO_III_IMPRESORAS_ZONANORTE</a></p>
<p><a href="https://www.justiciasantafe.gov.ar/wp-content/uploads/2023/02/3249.odt" target="_blank" rel="noopener">4_anexoII_zonaSur</a></p>
<p><a href="https://www.justiciasantafe.gov.ar/wp-content/uploads/2023/02/3248.odt" target="_blank" rel="noopener">3_ANEXO_II_PC_ZONANORTE</a></p>
<p><a href="https://www.justiciasantafe.gov.ar/wp-content/uploads/2023/02/3247.odt" target="_blank" rel="noopener">2_anexoI_zonaSur</a></p>
<div class="gsp_post_data" data-post_type="compras" data-cat="licitacion-publica" data-modified="120" data-title="Licitación Pública N° 07/18" data-home="https://www.justiciasantafe.gov.ar"></div>

<p>&#8220;Adquisición de equipamiento informático para el Poder Judicial de Santa Fe&#8221; &nbsp; Aclaración con consulta licitación pública 7-18 9_anexo_V 8_anexo_IV_zonaSur 7_ANEXO_IV_UPS_ZONANORTE 6_anexo_III_zonaSur &nbsp; 5_ANEXO_III_IMPRESORAS_ZONANORTE 4_anexoII_zonaSur 3_ANEXO_II_PC_ZONANORTE 2_anexoI_zonaSur</p>
