 {"id":33499,"date":"2023-02-17T11:08:34","date_gmt":"2023-02-17T14:08:34","guid":{"rendered":"https:\/\/www.justiciasantafe.gov.ar\/?post_type=compras&#038;p=33499"},"modified":"2023-02-17T11:08:34","modified_gmt":"2023-02-17T14:08:34","slug":"licitacion-publica-16-18","status":"publish","type":"compras","link":"https:\/\/www.justiciasantafe.gov.ar\/index.php\/compras\/licitacion-publica-16-18\/","title":{"rendered":"Licitaci\u00f3n P\u00fablica 16\/18"},"content":{"rendered":"<p>Adquisici\u00f3n Art\u00edculos de Librer\u00eda Tribunales Provinciales de Rosario<\/p>\n<p>&nbsp;<\/p>\n<p><a href=\"https:\/\/www.justiciasantafe.gov.ar\/wp-content\/uploads\/2023\/02\/3312.xls\" target=\"_blank\" rel=\"noopener\">Pliego T\u00e9cnico<\/a><\/p>\n<p><a href=\"https:\/\/www.justiciasantafe.gov.ar\/wp-content\/uploads\/2023\/02\/3311.xls\" target=\"_blank\" rel=\"noopener\">Anexo 1<\/a><\/p>\n<p>&nbsp;<\/p>\n<p><b>Orden de Provisi\u00f3n:<\/b><\/p>\n<p><a href=\"https:\/\/www.justiciasantafe.gov.ar\/wp-content\/uploads\/2023\/02\/3342.pdf\" target=\"_blank\" rel=\"noopener\">19 &#8211; 18 Darken<\/a><\/p>\n<div class=\"gsp_post_data\" data-post_type=\"compras\" data-cat=\"licitacion-publica\" data-modified=\"120\" data-title=\"Licitaci\u00f3n P\u00fablica 16\/18\" data-home=\"https:\/\/www.justiciasantafe.gov.ar\"><\/div>","protected":false},"excerpt":{"rendered":"<p>Adquisici\u00f3n Art\u00edculos de Librer\u00eda Tribunales Provinciales de Rosario &nbsp; Pliego T\u00e9cnico Anexo 1 &nbsp; Orden de Provisi\u00f3n: 19 &#8211; 18 Darken<\/p>\n","protected":false},"author":105,"featured_media":0,"template":"","format":"standard","meta":{"_acf_changed":false,"footnotes":""},"categories":[27],"tags":[],"class_list":["post-33499","compras","type-compras","status-publish","format-standard","hentry","category-licitacion-publica"],"acf":{"i2t_fecha_apertura":"20180917","i2t_estado_compra":"3","i2t_pliego":33502,"i2t_acta_de_apertura":33503,"i2t_resolucion_compra":"","i2t_anio":2018,"i2t_id_historico":"","i2t_autor_historico":""},"_links":{"self":[{"href":"https:\/\/www.justiciasantafe.gov.ar\/index.php\/wp-json\/wp\/v2\/compras\/33499","targetHints":{"allow":["GET"]}}],"collection":[{"href":"https:\/\/www.justiciasantafe.gov.ar\/index.php\/wp-json\/wp\/v2\/compras"}],"about":[{"href":"https:\/\/www.justiciasantafe.gov.ar\/index.php\/wp-json\/wp\/v2\/types\/compras"}],"author":[{"embeddable":true,"href":"https:\/\/www.justiciasantafe.gov.ar\/index.php\/wp-json\/wp\/v2\/users\/105"}],"version-history":[{"count":0,"href":"https:\/\/www.justiciasantafe.gov.ar\/index.php\/wp-json\/wp\/v2\/compras\/33499\/revisions"}],"wp:attachment":[{"href":"https:\/\/www.justiciasantafe.gov.ar\/index.php\/wp-json\/wp\/v2\/media?parent=33499"}],"wp:term":[{"taxonomy":"category","embeddable":true,"href":"https:\/\/www.justiciasantafe.gov.ar\/index.php\/wp-json\/wp\/v2\/categories?post=33499"},{"taxonomy":"post_tag","embeddable":true,"href":"https:\/\/www.justiciasantafe.gov.ar\/index.php\/wp-json\/wp\/v2\/tags?post=33499"}],"curies":[{"name":"wp","href":"https:\/\/api.w.org\/{rel}","templated":true}]}}

Licitación Pública 16/18

<p>Adquisición Artículos de Librería Tribunales Provinciales de Rosario</p>
<p>&nbsp;</p>
<p><a href="https://www.justiciasantafe.gov.ar/wp-content/uploads/2023/02/3312.xls" target="_blank" rel="noopener">Pliego Técnico</a></p>
<p><a href="https://www.justiciasantafe.gov.ar/wp-content/uploads/2023/02/3311.xls" target="_blank" rel="noopener">Anexo 1</a></p>
<p>&nbsp;</p>
<p><b>Orden de Provisión:</b></p>
<p><a href="https://www.justiciasantafe.gov.ar/wp-content/uploads/2023/02/3342.pdf" target="_blank" rel="noopener">19 &#8211; 18 Darken</a></p>
<div class="gsp_post_data" data-post_type="compras" data-cat="licitacion-publica" data-modified="120" data-title="Licitación Pública 16/18" data-home="https://www.justiciasantafe.gov.ar"></div>

<p>Adquisición Artículos de Librería Tribunales Provinciales de Rosario &nbsp; Pliego Técnico Anexo 1 &nbsp; Orden de Provisión: 19 &#8211; 18 Darken</p>
