 {"id":33506,"date":"2023-02-17T11:13:08","date_gmt":"2023-02-17T14:13:08","guid":{"rendered":"https:\/\/www.justiciasantafe.gov.ar\/?post_type=compras&#038;p=33506"},"modified":"2023-02-17T11:13:08","modified_gmt":"2023-02-17T14:13:08","slug":"licitacion-publica-14-18","status":"publish","type":"compras","link":"https:\/\/www.justiciasantafe.gov.ar\/index.php\/compras\/licitacion-publica-14-18\/","title":{"rendered":"Licitaci\u00f3n P\u00fablica 14\/18"},"content":{"rendered":"<p>Contrataci\u00f3n Servicio de Limpieza Palacio Tribunales Provinciales de Rosario, Centro de Justicia Penal, Instituto M\u00e9dico Legal, Defensor\u00eda Zonal N\u00b0 4 de Rosario, Tribunales Provinciales de San Lorenzo y Villa Constituci\u00f3n<\/p>\n<p>&nbsp;<\/p>\n<p><a href=\"https:\/\/www.justiciasantafe.gov.ar\/wp-content\/uploads\/2023\/02\/3326.pdf\" target=\"_blank\" rel=\"noopener\">NOTA ACLARATORIA<\/a><\/p>\n<p><a href=\"https:\/\/www.justiciasantafe.gov.ar\/wp-content\/uploads\/2023\/02\/3321.pdf\" target=\"_blank\" rel=\"noopener\">Rengl\u00f3n 1 &#8211; Tribunales Provinciales de Rosario<\/a><\/p>\n<p><a href=\"https:\/\/www.justiciasantafe.gov.ar\/wp-content\/uploads\/2023\/02\/3320.pdf\" target=\"_blank\" rel=\"noopener\">Rengl\u00f3n 2 &#8211; Nuevo Centro de Justicia Penal<\/a><\/p>\n<p><a href=\"https:\/\/www.justiciasantafe.gov.ar\/wp-content\/uploads\/2023\/02\/3319.pdf\" target=\"_blank\" rel=\"noopener\">Rengl\u00f3n 3 &#8211; Instituto M\u00e9dico Legal<\/a><\/p>\n<p><a href=\"https:\/\/www.justiciasantafe.gov.ar\/wp-content\/uploads\/2023\/02\/3318.pdf\" target=\"_blank\" rel=\"noopener\">Rengl\u00f3n 4 &#8211; Defensor\u00eda Zonal Nro 4<\/a><\/p>\n<p><a href=\"https:\/\/www.justiciasantafe.gov.ar\/wp-content\/uploads\/2023\/02\/3317.pdf\" target=\"_blank\" rel=\"noopener\">Rengl\u00f3n 5 &#8211; Tribunales San Lorenzo<\/a><\/p>\n<p><a href=\"https:\/\/www.justiciasantafe.gov.ar\/wp-content\/uploads\/2023\/02\/3316.pdf\" target=\"_blank\" rel=\"noopener\">Rengl\u00f3n 6 &#8211; Tribunales Villa Constitucion<\/a><\/p>\n<div class=\"gsp_post_data\" data-post_type=\"compras\" data-cat=\"licitacion-publica\" data-modified=\"120\" data-title=\"Licitaci\u00f3n P\u00fablica 14\/18\" data-home=\"https:\/\/www.justiciasantafe.gov.ar\"><\/div>","protected":false},"excerpt":{"rendered":"<p>Contrataci\u00f3n Servicio de Limpieza Palacio Tribunales Provinciales de Rosario, Centro de Justicia Penal, Instituto M\u00e9dico Legal, Defensor\u00eda Zonal N\u00b0 4 de Rosario, Tribunales Provinciales de San Lorenzo y Villa Constituci\u00f3n &nbsp; NOTA ACLARATORIA Rengl\u00f3n 1 &#8211; Tribunales Provinciales de Rosario Rengl\u00f3n 2 &#8211; Nuevo Centro de Justicia Penal Rengl\u00f3n 3 &#8211; Instituto M\u00e9dico Legal Rengl\u00f3n [&#8230;]\n","protected":false},"author":105,"featured_media":0,"template":"","format":"standard","meta":{"_acf_changed":false,"footnotes":""},"categories":[27],"tags":[],"class_list":["post-33506","compras","type-compras","status-publish","format-standard","hentry","category-licitacion-publica"],"acf":{"i2t_fecha_apertura":"20180920","i2t_estado_compra":"3","i2t_pliego":33507,"i2t_acta_de_apertura":33515,"i2t_resolucion_compra":33516,"i2t_anio":2018,"i2t_id_historico":"","i2t_autor_historico":""},"_links":{"self":[{"href":"https:\/\/www.justiciasantafe.gov.ar\/index.php\/wp-json\/wp\/v2\/compras\/33506","targetHints":{"allow":["GET"]}}],"collection":[{"href":"https:\/\/www.justiciasantafe.gov.ar\/index.php\/wp-json\/wp\/v2\/compras"}],"about":[{"href":"https:\/\/www.justiciasantafe.gov.ar\/index.php\/wp-json\/wp\/v2\/types\/compras"}],"author":[{"embeddable":true,"href":"https:\/\/www.justiciasantafe.gov.ar\/index.php\/wp-json\/wp\/v2\/users\/105"}],"version-history":[{"count":0,"href":"https:\/\/www.justiciasantafe.gov.ar\/index.php\/wp-json\/wp\/v2\/compras\/33506\/revisions"}],"wp:attachment":[{"href":"https:\/\/www.justiciasantafe.gov.ar\/index.php\/wp-json\/wp\/v2\/media?parent=33506"}],"wp:term":[{"taxonomy":"category","embeddable":true,"href":"https:\/\/www.justiciasantafe.gov.ar\/index.php\/wp-json\/wp\/v2\/categories?post=33506"},{"taxonomy":"post_tag","embeddable":true,"href":"https:\/\/www.justiciasantafe.gov.ar\/index.php\/wp-json\/wp\/v2\/tags?post=33506"}],"curies":[{"name":"wp","href":"https:\/\/api.w.org\/{rel}","templated":true}]}}

Licitación Pública 14/18

<p>Contratación Servicio de Limpieza Palacio Tribunales Provinciales de Rosario, Centro de Justicia Penal, Instituto Médico Legal, Defensoría Zonal N° 4 de Rosario, Tribunales Provinciales de San Lorenzo y Villa Constitución</p>
<p>&nbsp;</p>
<p><a href="https://www.justiciasantafe.gov.ar/wp-content/uploads/2023/02/3326.pdf" target="_blank" rel="noopener">NOTA ACLARATORIA</a></p>
<p><a href="https://www.justiciasantafe.gov.ar/wp-content/uploads/2023/02/3321.pdf" target="_blank" rel="noopener">Renglón 1 &#8211; Tribunales Provinciales de Rosario</a></p>
<p><a href="https://www.justiciasantafe.gov.ar/wp-content/uploads/2023/02/3320.pdf" target="_blank" rel="noopener">Renglón 2 &#8211; Nuevo Centro de Justicia Penal</a></p>
<p><a href="https://www.justiciasantafe.gov.ar/wp-content/uploads/2023/02/3319.pdf" target="_blank" rel="noopener">Renglón 3 &#8211; Instituto Médico Legal</a></p>
<p><a href="https://www.justiciasantafe.gov.ar/wp-content/uploads/2023/02/3318.pdf" target="_blank" rel="noopener">Renglón 4 &#8211; Defensoría Zonal Nro 4</a></p>
<p><a href="https://www.justiciasantafe.gov.ar/wp-content/uploads/2023/02/3317.pdf" target="_blank" rel="noopener">Renglón 5 &#8211; Tribunales San Lorenzo</a></p>
<p><a href="https://www.justiciasantafe.gov.ar/wp-content/uploads/2023/02/3316.pdf" target="_blank" rel="noopener">Renglón 6 &#8211; Tribunales Villa Constitucion</a></p>
<div class="gsp_post_data" data-post_type="compras" data-cat="licitacion-publica" data-modified="120" data-title="Licitación Pública 14/18" data-home="https://www.justiciasantafe.gov.ar"></div>

<p>Contratación Servicio de Limpieza Palacio Tribunales Provinciales de Rosario, Centro de Justicia Penal, Instituto Médico Legal, Defensoría Zonal N° 4 de Rosario, Tribunales Provinciales de San Lorenzo y Villa Constitución &nbsp; NOTA ACLARATORIA Renglón 1 &#8211; Tribunales Provinciales de Rosario Renglón 2 &#8211; Nuevo Centro de Justicia Penal Renglón 3 &#8211; Instituto Médico Legal Renglón [&#8230;]
