 {"id":33566,"date":"2023-02-17T11:46:47","date_gmt":"2023-02-17T14:46:47","guid":{"rendered":"https:\/\/www.justiciasantafe.gov.ar\/?post_type=compras&#038;p=33566"},"modified":"2023-02-17T11:46:47","modified_gmt":"2023-02-17T14:46:47","slug":"licitacion-publica-n-17-18","status":"publish","type":"compras","link":"https:\/\/www.justiciasantafe.gov.ar\/index.php\/compras\/licitacion-publica-n-17-18\/","title":{"rendered":"Licitaci\u00f3n P\u00fablica N\u00b0 17\/18"},"content":{"rendered":"<p>&#8220;Salas de Investigaci\u00f3n Preparatoria Penal de los Tribunales de Santa Fe&#8221;<\/p>\n<p>&nbsp;<\/p>\n<p><a href=\"https:\/\/www.justiciasantafe.gov.ar\/wp-content\/uploads\/2023\/02\/3379.odt\" target=\"_blank\" rel=\"noopener\">Licitaci\u00f3n P\u00fablica Aclaratoria<\/a><\/p>\n<p><a href=\"https:\/\/www.justiciasantafe.gov.ar\/wp-content\/uploads\/2023\/02\/3364.pdf\" target=\"_blank\" rel=\"noopener\">PETP Salas IPP<\/a><\/p>\n<p><a href=\"https:\/\/www.justiciasantafe.gov.ar\/wp-content\/uploads\/2023\/02\/3363.pdf\" target=\"_blank\" rel=\"noopener\">PC Instalaciones el\u00e9ctricas<\/a><\/p>\n<div class=\"gsp_post_data\" data-post_type=\"compras\" data-cat=\"licitacion-publica\" data-modified=\"120\" data-title=\"Licitaci\u00f3n P\u00fablica N\u00b0 17\/18\" data-home=\"https:\/\/www.justiciasantafe.gov.ar\"><\/div>","protected":false},"excerpt":{"rendered":"<p>&#8220;Salas de Investigaci\u00f3n Preparatoria Penal de los Tribunales de Santa Fe&#8221; &nbsp; Licitaci\u00f3n P\u00fablica Aclaratoria PETP Salas IPP PC Instalaciones el\u00e9ctricas<\/p>\n","protected":false},"author":105,"featured_media":0,"template":"","format":"standard","meta":{"_acf_changed":false,"footnotes":""},"categories":[27],"tags":[],"class_list":["post-33566","compras","type-compras","status-publish","format-standard","hentry","category-licitacion-publica"],"acf":{"i2t_fecha_apertura":"20181207","i2t_estado_compra":"3","i2t_pliego":33567,"i2t_acta_de_apertura":33571,"i2t_resolucion_compra":33572,"i2t_anio":2018,"i2t_id_historico":"","i2t_autor_historico":""},"_links":{"self":[{"href":"https:\/\/www.justiciasantafe.gov.ar\/index.php\/wp-json\/wp\/v2\/compras\/33566","targetHints":{"allow":["GET"]}}],"collection":[{"href":"https:\/\/www.justiciasantafe.gov.ar\/index.php\/wp-json\/wp\/v2\/compras"}],"about":[{"href":"https:\/\/www.justiciasantafe.gov.ar\/index.php\/wp-json\/wp\/v2\/types\/compras"}],"author":[{"embeddable":true,"href":"https:\/\/www.justiciasantafe.gov.ar\/index.php\/wp-json\/wp\/v2\/users\/105"}],"version-history":[{"count":0,"href":"https:\/\/www.justiciasantafe.gov.ar\/index.php\/wp-json\/wp\/v2\/compras\/33566\/revisions"}],"wp:attachment":[{"href":"https:\/\/www.justiciasantafe.gov.ar\/index.php\/wp-json\/wp\/v2\/media?parent=33566"}],"wp:term":[{"taxonomy":"category","embeddable":true,"href":"https:\/\/www.justiciasantafe.gov.ar\/index.php\/wp-json\/wp\/v2\/categories?post=33566"},{"taxonomy":"post_tag","embeddable":true,"href":"https:\/\/www.justiciasantafe.gov.ar\/index.php\/wp-json\/wp\/v2\/tags?post=33566"}],"curies":[{"name":"wp","href":"https:\/\/api.w.org\/{rel}","templated":true}]}}

Licitación Pública N° 17/18

<p>&#8220;Salas de Investigación Preparatoria Penal de los Tribunales de Santa Fe&#8221;</p>
<p>&nbsp;</p>
<p><a href="https://www.justiciasantafe.gov.ar/wp-content/uploads/2023/02/3379.odt" target="_blank" rel="noopener">Licitación Pública Aclaratoria</a></p>
<p><a href="https://www.justiciasantafe.gov.ar/wp-content/uploads/2023/02/3364.pdf" target="_blank" rel="noopener">PETP Salas IPP</a></p>
<p><a href="https://www.justiciasantafe.gov.ar/wp-content/uploads/2023/02/3363.pdf" target="_blank" rel="noopener">PC Instalaciones eléctricas</a></p>
<div class="gsp_post_data" data-post_type="compras" data-cat="licitacion-publica" data-modified="120" data-title="Licitación Pública N° 17/18" data-home="https://www.justiciasantafe.gov.ar"></div>

<p>&#8220;Salas de Investigación Preparatoria Penal de los Tribunales de Santa Fe&#8221; &nbsp; Licitación Pública Aclaratoria PETP Salas IPP PC Instalaciones eléctricas</p>
