 {"id":33595,"date":"2023-02-17T11:57:21","date_gmt":"2023-02-17T14:57:21","guid":{"rendered":"https:\/\/www.justiciasantafe.gov.ar\/?post_type=compras&#038;p=33595"},"modified":"2023-02-17T12:41:24","modified_gmt":"2023-02-17T15:41:24","slug":"licitacion-privada-n-23-18","status":"publish","type":"compras","link":"https:\/\/www.justiciasantafe.gov.ar\/index.php\/compras\/licitacion-privada-n-23-18\/","title":{"rendered":"Licitaci\u00f3n Privada N\u00b0 23\/18"},"content":{"rendered":"<p>&#8220;Confecci\u00f3n y provisi\u00f3n de mobiliario para la Mesa de Entradas de la Secretar\u00eda de Gobierno de la Corte Suprema de Justicia&#8221;<\/p>\n<div class=\"gsp_post_data\" data-post_type=\"compras\" data-cat=\"licitacion-privada\" data-modified=\"120\" data-title=\"Licitaci\u00f3n Privada N\u00b0 23\/18\" data-home=\"https:\/\/www.justiciasantafe.gov.ar\"><\/div>","protected":false},"excerpt":{"rendered":"<p>&#8220;Confecci\u00f3n y provisi\u00f3n de mobiliario para la Mesa de Entradas de la Secretar\u00eda de Gobierno de la Corte Suprema de Justicia&#8221;<\/p>\n","protected":false},"author":105,"featured_media":0,"template":"","format":"standard","meta":{"_acf_changed":false,"footnotes":""},"categories":[26],"tags":[],"class_list":["post-33595","compras","type-compras","status-publish","format-standard","hentry","category-licitacion-privada"],"acf":{"i2t_fecha_apertura":"20181219","i2t_estado_compra":"3","i2t_pliego":33596,"i2t_acta_de_apertura":33597,"i2t_resolucion_compra":33598,"i2t_anio":2018,"i2t_id_historico":"","i2t_autor_historico":""},"_links":{"self":[{"href":"https:\/\/www.justiciasantafe.gov.ar\/index.php\/wp-json\/wp\/v2\/compras\/33595","targetHints":{"allow":["GET"]}}],"collection":[{"href":"https:\/\/www.justiciasantafe.gov.ar\/index.php\/wp-json\/wp\/v2\/compras"}],"about":[{"href":"https:\/\/www.justiciasantafe.gov.ar\/index.php\/wp-json\/wp\/v2\/types\/compras"}],"author":[{"embeddable":true,"href":"https:\/\/www.justiciasantafe.gov.ar\/index.php\/wp-json\/wp\/v2\/users\/105"}],"version-history":[{"count":0,"href":"https:\/\/www.justiciasantafe.gov.ar\/index.php\/wp-json\/wp\/v2\/compras\/33595\/revisions"}],"wp:attachment":[{"href":"https:\/\/www.justiciasantafe.gov.ar\/index.php\/wp-json\/wp\/v2\/media?parent=33595"}],"wp:term":[{"taxonomy":"category","embeddable":true,"href":"https:\/\/www.justiciasantafe.gov.ar\/index.php\/wp-json\/wp\/v2\/categories?post=33595"},{"taxonomy":"post_tag","embeddable":true,"href":"https:\/\/www.justiciasantafe.gov.ar\/index.php\/wp-json\/wp\/v2\/tags?post=33595"}],"curies":[{"name":"wp","href":"https:\/\/api.w.org\/{rel}","templated":true}]}}

Licitación Privada N° 23/18

<p>&#8220;Confección y provisión de mobiliario para la Mesa de Entradas de la Secretaría de Gobierno de la Corte Suprema de Justicia&#8221;</p>
<div class="gsp_post_data" data-post_type="compras" data-cat="licitacion-privada" data-modified="120" data-title="Licitación Privada N° 23/18" data-home="https://www.justiciasantafe.gov.ar"></div>

<p>&#8220;Confección y provisión de mobiliario para la Mesa de Entradas de la Secretaría de Gobierno de la Corte Suprema de Justicia&#8221;</p>
