 {"id":33938,"date":"2023-03-03T13:04:16","date_gmt":"2023-03-03T16:04:16","guid":{"rendered":"https:\/\/www.justiciasantafe.gov.ar\/?post_type=compras&#038;p=33938"},"modified":"2023-04-20T08:04:33","modified_gmt":"2023-04-20T11:04:33","slug":"licitacion-publica-2-23-adquisicion-articulos-de-libreria-tribunales-provinciales-de-rosario","status":"publish","type":"compras","link":"https:\/\/www.justiciasantafe.gov.ar\/index.php\/compras\/licitacion-publica-2-23-adquisicion-articulos-de-libreria-tribunales-provinciales-de-rosario\/","title":{"rendered":"Licitaci\u00f3n P\u00fablica 2\/23 &#8211; Adquisici\u00f3n Art\u00edculos de Librer\u00eda Tribunales Provinciales de Rosario"},"content":{"rendered":"<p>&nbsp;<\/p>\n<p><a href=\"https:\/\/www.justiciasantafe.gov.ar\/wp-content\/uploads\/2023\/03\/pliego-tecnico-libreria-2023.pdf\" target=\"\" rel=\"attachment wp-att-33940 noopener\">Pliego Tecnico Libreria 2023<\/a><\/p>\n<div class=\"gsp_post_data\" data-post_type=\"compras\" data-cat=\"compras-y-licitaciones,licitacion-publica\" data-modified=\"120\" data-title=\"Licitaci\u00f3n P\u00fablica 2\/23 &#8211; Adquisici\u00f3n Art\u00edculos de Librer\u00eda Tribunales Provinciales de Rosario\" data-home=\"https:\/\/www.justiciasantafe.gov.ar\"><\/div>","protected":false},"excerpt":{"rendered":"<p>&nbsp; Pliego Tecnico Libreria 2023<\/p>\n","protected":false},"author":103,"featured_media":0,"template":"","format":"standard","meta":{"_acf_changed":false,"footnotes":""},"categories":[25,27],"tags":[],"class_list":["post-33938","compras","type-compras","status-publish","format-standard","hentry","category-compras-y-licitaciones","category-licitacion-publica"],"acf":{"i2t_fecha_apertura":"20230329","i2t_estado_compra":"3","i2t_pliego":33939,"i2t_acta_de_apertura":34424,"i2t_resolucion_compra":34934,"i2t_anio":2023,"i2t_id_historico":"","i2t_autor_historico":""},"_links":{"self":[{"href":"https:\/\/www.justiciasantafe.gov.ar\/index.php\/wp-json\/wp\/v2\/compras\/33938","targetHints":{"allow":["GET"]}}],"collection":[{"href":"https:\/\/www.justiciasantafe.gov.ar\/index.php\/wp-json\/wp\/v2\/compras"}],"about":[{"href":"https:\/\/www.justiciasantafe.gov.ar\/index.php\/wp-json\/wp\/v2\/types\/compras"}],"author":[{"embeddable":true,"href":"https:\/\/www.justiciasantafe.gov.ar\/index.php\/wp-json\/wp\/v2\/users\/103"}],"version-history":[{"count":0,"href":"https:\/\/www.justiciasantafe.gov.ar\/index.php\/wp-json\/wp\/v2\/compras\/33938\/revisions"}],"wp:attachment":[{"href":"https:\/\/www.justiciasantafe.gov.ar\/index.php\/wp-json\/wp\/v2\/media?parent=33938"}],"wp:term":[{"taxonomy":"category","embeddable":true,"href":"https:\/\/www.justiciasantafe.gov.ar\/index.php\/wp-json\/wp\/v2\/categories?post=33938"},{"taxonomy":"post_tag","embeddable":true,"href":"https:\/\/www.justiciasantafe.gov.ar\/index.php\/wp-json\/wp\/v2\/tags?post=33938"}],"curies":[{"name":"wp","href":"https:\/\/api.w.org\/{rel}","templated":true}]}}

Licitación Pública 2/23 &#8211; Adquisición Artículos de Librería Tribunales Provinciales de Rosario

<p>&nbsp;</p>
<p><a href="https://www.justiciasantafe.gov.ar/wp-content/uploads/2023/03/pliego-tecnico-libreria-2023.pdf" target="" rel="attachment wp-att-33940 noopener">Pliego Tecnico Libreria 2023</a></p>
<div class="gsp_post_data" data-post_type="compras" data-cat="compras-y-licitaciones,licitacion-publica" data-modified="120" data-title="Licitación Pública 2/23 &#8211; Adquisición Artículos de Librería Tribunales Provinciales de Rosario" data-home="https://www.justiciasantafe.gov.ar"></div>
