 {"id":12986,"date":"2022-05-10T11:56:27","date_gmt":"2022-05-10T14:56:27","guid":{"rendered":"https:\/\/www.justiciasantafe.gov.ar\/?post_type=convenios&#038;p=12986"},"modified":"2022-05-10T11:56:27","modified_gmt":"2022-05-10T14:56:27","slug":"asociacion-de-prensa-de-santa-fe","status":"publish","type":"convenios","link":"https:\/\/www.justiciasantafe.gov.ar\/index.php\/convenios\/asociacion-de-prensa-de-santa-fe\/","title":{"rendered":"Asociaci\u00f3n de Prensa de Santa Fe"},"content":{"rendered":"<div class=\"pdfprnt-buttons pdfprnt-buttons-convenios pdfprnt-top-right\"><a href=\"https:\/\/www.justiciasantafe.gov.ar\/index.php\/wp-json\/wp\/v2\/convenios\/12986?print=pdf\" class=\"pdfprnt-button pdfprnt-button-pdf\" target=\"_blank\"><img decoding=\"async\" src=\"https:\/\/www.justiciasantafe.gov.ar\/wp-content\/plugins\/pdf-print-pro\/images\/pdf.png?357112440\" alt=\"image_pdf\" title=\"Ver PDF\" \/><\/a><a href=\"https:\/\/www.justiciasantafe.gov.ar\/index.php\/wp-json\/wp\/v2\/convenios\/12986?print=print\" class=\"pdfprnt-button pdfprnt-button-print\" target=\"_blank\"><img decoding=\"async\" src=\"https:\/\/www.justiciasantafe.gov.ar\/wp-content\/plugins\/pdf-print-pro\/images\/print.png?1674575983\" alt=\"image_print\" title=\"Imprimir contenido\" \/><\/a><\/div><p>CONVENIO DE COLABORACI\u00d3N<\/p>\n<p>En la ciudad de Santa Fe, a los cinco d\u00edas del mes de mayo de 2.004, entre la\u00a0<b>Asociaci\u00f3n de Prensa de Santa Fe<\/b>, con domicilio en calle Amen\u00e1bar 2655 de la ciudad de Santa Fe- en adelante, la APSF-, representada por su Secretario General,\u00a0<b>Dn. Eduardo Burba<\/b>, quien firma al pie, con facultades suficientes para este acto, por una parte; y el\u00a0<b>Poder Judicial de la Provincia de Santa Fe<\/b>, con domicilio en calle San Jer\u00f3nimo 1551 de la ciudad de Santa Fe -en adelante, la Corte-, representada por el Presidente de la Corte Suprema de Justicia,\u00a0<b>Dr. Roberto H\u00e9ctor Falistocco<\/b>, convienen en celebrar el presente Convenio de Colaboraci\u00f3n, con sujeci\u00f3n a las cl\u00e1usulas que a continuaci\u00f3n se detallan:<\/p>\n<p>PRIMERA: La Corte se compromete a facilitar a la APSF, dentro de los l\u00edmites legales correspondientes, el acceso a la jurisprudencia emanada de estos tribunales provinciales en materia period\u00edstica, entendi\u00e9ndose comprendidos aquellas sentencias que aludieran a la labor profesional desarrollada por periodistas y\/o medios masivos de comunicaci\u00f3n social.<\/p>\n<p>SEGUNDA: La APSF, por su parte, asume el compromiso de difundir los cursos sobre Periodismo Judicial que, anualmente, la CSJ organiza a trav\u00e9s de su Centro de Capacitaci\u00f3n Judicial.<\/p>\n<p>TERCERA: La APSF acepta integrar el tribunal que, al finalizar cada curso, evaluar\u00e1 los trabajos presentados por los alumnos que pretendan obtener un certificado de aprobaci\u00f3n de la curr\u00edcula propuesta.<\/p>\n<p>CUARTA: La APSF se compromete a proporcionar a el\/los cursante\/s que hubiera\/n obtenido la calificaci\u00f3n m\u00e1s alta, un diploma donde conste tal circunstancia.<\/p>\n<p>QUINTA: La Corte y la APSF procurar\u00e1n la publicaci\u00f3n de los trabajos que fueran distinguidos por el tribunal evaluador.<\/p>\n<p>SEXTA: La APSF procurar\u00e1 que el periodista o estudiante de avanzado de una carrera relacionada a la Comunicaci\u00f3n Social, acceda a realizar una pasant\u00eda en alg\u00fan medio masivo de comunicaci\u00f3n local.<\/p>\n<p>Previa lectura y ratificaci\u00f3n del presente, se firman dos ejemplares de un mismo tenor y a un solo efecto.<\/p>\n<div class=\"gsp_post_data\" data-post_type=\"convenios\" data-cat=\"colegios-profesionales\" data-modified=\"120\" data-title=\"Asociaci\u00f3n de Prensa de Santa Fe\" data-home=\"https:\/\/www.justiciasantafe.gov.ar\"><\/div>","protected":false},"author":12,"template":"","categories":[3090],"tags":[],"class_list":["post-12986","convenios","type-convenios","status-publish","hentry","category-colegios-profesionales"],"acf":[],"_links":{"self":[{"href":"https:\/\/www.justiciasantafe.gov.ar\/index.php\/wp-json\/wp\/v2\/convenios\/12986","targetHints":{"allow":["GET"]}}],"collection":[{"href":"https:\/\/www.justiciasantafe.gov.ar\/index.php\/wp-json\/wp\/v2\/convenios"}],"about":[{"href":"https:\/\/www.justiciasantafe.gov.ar\/index.php\/wp-json\/wp\/v2\/types\/convenios"}],"author":[{"embeddable":true,"href":"https:\/\/www.justiciasantafe.gov.ar\/index.php\/wp-json\/wp\/v2\/users\/12"}],"wp:attachment":[{"href":"https:\/\/www.justiciasantafe.gov.ar\/index.php\/wp-json\/wp\/v2\/media?parent=12986"}],"wp:term":[{"taxonomy":"category","embeddable":true,"href":"https:\/\/www.justiciasantafe.gov.ar\/index.php\/wp-json\/wp\/v2\/categories?post=12986"},{"taxonomy":"post_tag","embeddable":true,"href":"https:\/\/www.justiciasantafe.gov.ar\/index.php\/wp-json\/wp\/v2\/tags?post=12986"}],"curies":[{"name":"wp","href":"https:\/\/api.w.org\/{rel}","templated":true}]}}

Asociación de Prensa de Santa Fe

<div class="pdfprnt-buttons pdfprnt-buttons-convenios pdfprnt-top-right"><a href="https://www.justiciasantafe.gov.ar/index.php/wp-json/wp/v2/convenios/12986?print=pdf" class="pdfprnt-button pdfprnt-button-pdf" target="_blank"><img decoding="async" src="https://www.justiciasantafe.gov.ar/wp-content/plugins/pdf-print-pro/images/pdf.png?357112440" alt="image_pdf" title="Ver PDF" /></a><a href="https://www.justiciasantafe.gov.ar/index.php/wp-json/wp/v2/convenios/12986?print=print" class="pdfprnt-button pdfprnt-button-print" target="_blank"><img decoding="async" src="https://www.justiciasantafe.gov.ar/wp-content/plugins/pdf-print-pro/images/print.png?1674575983" alt="image_print" title="Imprimir contenido" /></a></div><p>CONVENIO DE COLABORACIÓN</p>
<p>En la ciudad de Santa Fe, a los cinco días del mes de mayo de 2.004, entre la <b>Asociación de Prensa de Santa Fe</b>, con domicilio en calle Amenábar 2655 de la ciudad de Santa Fe- en adelante, la APSF-, representada por su Secretario General, <b>Dn. Eduardo Burba</b>, quien firma al pie, con facultades suficientes para este acto, por una parte; y el <b>Poder Judicial de la Provincia de Santa Fe</b>, con domicilio en calle San Jerónimo 1551 de la ciudad de Santa Fe -en adelante, la Corte-, representada por el Presidente de la Corte Suprema de Justicia, <b>Dr. Roberto Héctor Falistocco</b>, convienen en celebrar el presente Convenio de Colaboración, con sujeción a las cláusulas que a continuación se detallan:</p>
<p>PRIMERA: La Corte se compromete a facilitar a la APSF, dentro de los límites legales correspondientes, el acceso a la jurisprudencia emanada de estos tribunales provinciales en materia periodística, entendiéndose comprendidos aquellas sentencias que aludieran a la labor profesional desarrollada por periodistas y/o medios masivos de comunicación social.</p>
<p>SEGUNDA: La APSF, por su parte, asume el compromiso de difundir los cursos sobre Periodismo Judicial que, anualmente, la CSJ organiza a través de su Centro de Capacitación Judicial.</p>
<p>TERCERA: La APSF acepta integrar el tribunal que, al finalizar cada curso, evaluará los trabajos presentados por los alumnos que pretendan obtener un certificado de aprobación de la currícula propuesta.</p>
<p>CUARTA: La APSF se compromete a proporcionar a el/los cursante/s que hubiera/n obtenido la calificación más alta, un diploma donde conste tal circunstancia.</p>
<p>QUINTA: La Corte y la APSF procurarán la publicación de los trabajos que fueran distinguidos por el tribunal evaluador.</p>
<p>SEXTA: La APSF procurará que el periodista o estudiante de avanzado de una carrera relacionada a la Comunicación Social, acceda a realizar una pasantía en algún medio masivo de comunicación local.</p>
<p>Previa lectura y ratificación del presente, se firman dos ejemplares de un mismo tenor y a un solo efecto.</p>
<div class="gsp_post_data" data-post_type="convenios" data-cat="colegios-profesionales" data-modified="120" data-title="Asociación de Prensa de Santa Fe" data-home="https://www.justiciasantafe.gov.ar"></div>
