 {"id":12998,"date":"2022-05-10T14:37:34","date_gmt":"2022-05-10T17:37:34","guid":{"rendered":"https:\/\/www.justiciasantafe.gov.ar\/?post_type=convenios&#038;p=12998"},"modified":"2022-05-10T14:37:34","modified_gmt":"2022-05-10T17:37:34","slug":"argentina-juridica","status":"publish","type":"convenios","link":"https:\/\/www.justiciasantafe.gov.ar\/index.php\/convenios\/argentina-juridica\/","title":{"rendered":"Argentina Jur\u00eddica"},"content":{"rendered":"<div class=\"pdfprnt-buttons pdfprnt-buttons-convenios pdfprnt-top-right\"><a href=\"https:\/\/www.justiciasantafe.gov.ar\/index.php\/wp-json\/wp\/v2\/convenios\/12998?print=pdf\" class=\"pdfprnt-button pdfprnt-button-pdf\" target=\"_blank\"><img decoding=\"async\" src=\"https:\/\/www.justiciasantafe.gov.ar\/wp-content\/plugins\/pdf-print-pro\/images\/pdf.png?357112440\" alt=\"image_pdf\" title=\"Ver PDF\" \/><\/a><a href=\"https:\/\/www.justiciasantafe.gov.ar\/index.php\/wp-json\/wp\/v2\/convenios\/12998?print=print\" class=\"pdfprnt-button pdfprnt-button-print\" target=\"_blank\"><img decoding=\"async\" src=\"https:\/\/www.justiciasantafe.gov.ar\/wp-content\/plugins\/pdf-print-pro\/images\/print.png?1674575983\" alt=\"image_print\" title=\"Imprimir contenido\" \/><\/a><\/div><p><b>Convenio entre la Corte Suprema de Justicia<\/b><br \/>\n<b>de la Provincia de Santa Fe y<\/b><br \/>\n<b>Editorial &#8220;Argentina Jur\u00eddica&#8221;<\/b><br \/>\n<b><\/b><\/p>\n<p>&nbsp;<\/p>\n<p>Entre la Corte Suprema de Justicia de la Provincia de Santa Fe, en adelante &#8220;La Corte Suprema de Justicia&#8221;, con domicilio en San Jer\u00f3nimo 1551- 1\u00b0 Piso de la ciudad de Santa Fe, representada por el Dr. Roberto H\u00e9ctor Falistocco, en su car\u00e1cter de Presidente, por una parte; y Editorial &#8220;Argentina Jur\u00eddica&#8221;, en adelante &#8220;La Editorial&#8221;, con domicilio en Viamonte 1348, Piso 3, Oficina &#8220;A&#8221; de la ciudad de Buenos Aires, representada en este acto por su Director, el Sr. Leonardo Kogan, acuerdan celebrar el presente Convenio sujeto a las siguientes cl\u00e1usulas, con el objetivo com\u00fan de propulsar la difusi\u00f3n de la jurisprudencia del Poder Judicial de la Provincia de Santa Fe:<br \/>\n1.- La Corte Suprema de Justicia cede en forma gratuita a la Editorial, el derecho de uso de los sumarios de Jurisprudencia y fallos en texto completo que considere conveniente difundir, en medio magn\u00e9tico, para que \u00e9ste por medio propio o de terceros desarrolle, edite y comercialice dicha informaci\u00f3n en Internet a trav\u00e9s de su p\u00e1gina http:\/\/www.argentinajuridica.com..<br \/>\n2.- La Editorial garantizar\u00e1, a la Corte Suprema de Justicia doscientas sesenta y una (261) claves de ingreso de &#8220;uso total&#8221; del sitio en Internet que se encuentra bajo el dominio www.argentinajuridica.com o de cualquier otro que la Editorial posea en el futuro, ya sea propio o compartido con otra empresa, para ser usadas por distintas dependencias judiciales de la Provincia.<br \/>\n3.- Quedar\u00e1 a cargo exclusivo de la Editorial los gastos que la implementaci\u00f3n del presente convenio pueda generar, como as\u00ed tambi\u00e9n los necesarios para la edici\u00f3n del desarrollo de la obra y su actualizaci\u00f3n. La informaci\u00f3n ser\u00e1 remitida por la Corte Suprema de Justicia cada seis meses, como m\u00e1ximo.<br \/>\n4.- Las partes declaran conocer los datos y sistemas que reciben y est\u00e1n exentas de responsabilidades rec\u00edprocas por los perjuicios que pudieran ocasionar por su utilizaci\u00f3n.-<br \/>\n5.- La Editorial se compromete a no alterar el contenido de los datos, salvo las adecuaciones t\u00e9cnicas necesarias para adaptarlo a su formato y para el recupero de cada documento. El software ser\u00e1 de propiedad de la Editorial, quien manifiesta estar legalmente habilitada para su utilizaci\u00f3n en las bases de datos por ella editada, debiendo hacer menci\u00f3n, en cada caso, de que la obra est\u00e1 integrada por la base de datos proporcionada por la Corte Suprema de Justicia, que es la titular de su copyright.<br \/>\n6.- El plazo de duraci\u00f3n del presente convenio se establece en 24 meses a partir de la fecha de su firma, siendo renovable autom\u00e1ticamente a su vencimiento por otro per\u00edodo igual y en id\u00e9nticas condiciones, a menos que cualquiera de las partes comunique fehacientemente a la otra su voluntad de oponerse a la renovaci\u00f3n. El presente no importa convenio de exclusividad.<br \/>\n7.- Para todos los efectos legales emergentes del presente convenio, las partes se someten a la competencia de la Corte Suprema de Justicia de la Provincia de Santa Fe, renunciando a cualquier otro fuero o jurisdicci\u00f3n que pudiera corresponder, fijando sus domicilios legales en los consignados al comienzo del presente, donde se tendr\u00e1n por v\u00e1lidas todas las notificaciones judiciales y\/o extrajudiciales.<br \/>\nEn prueba de conformidad y previa lectura y ratificaci\u00f3n, se firman dos (2) ejemplares de un mismo tenor y a un solo efecto, en la Ciudad de Santa Fe, a los once d\u00edas del mes de agosto del a\u00f1o 2004.<\/p>\n<p>&nbsp;<\/p>\n<p>&nbsp;<\/p>\n<table class=\"renderedtable\" border=\"0\" cellspacing=\"0\" cellpadding=\"2\">\n<tbody>\n<tr>\n<td valign=\"top\">Dr. LEONARDO KOGAN<\/td>\n<td valign=\"top\">Dr. ROBERTO H\u00c9CTOR FALISTOCCO<\/td>\n<\/tr>\n<tr class=\"bglight\">\n<td valign=\"top\">Editorial &#8220;Argentina Jur\u00eddica&#8221;<\/p>\n<p>&nbsp;<\/td>\n<td valign=\"top\">Corte Suprema de Justicia &#8211; Santa Fe<\/td>\n<\/tr>\n<\/tbody>\n<\/table>\n<div class=\"gsp_post_data\" data-post_type=\"convenios\" data-cat=\"editoriales-juridicas\" data-modified=\"120\" data-title=\"Argentina Jur\u00eddica\" data-home=\"https:\/\/www.justiciasantafe.gov.ar\"><\/div>","protected":false},"author":12,"template":"","categories":[3091],"tags":[],"class_list":["post-12998","convenios","type-convenios","status-publish","hentry","category-editoriales-juridicas"],"acf":[],"_links":{"self":[{"href":"https:\/\/www.justiciasantafe.gov.ar\/index.php\/wp-json\/wp\/v2\/convenios\/12998","targetHints":{"allow":["GET"]}}],"collection":[{"href":"https:\/\/www.justiciasantafe.gov.ar\/index.php\/wp-json\/wp\/v2\/convenios"}],"about":[{"href":"https:\/\/www.justiciasantafe.gov.ar\/index.php\/wp-json\/wp\/v2\/types\/convenios"}],"author":[{"embeddable":true,"href":"https:\/\/www.justiciasantafe.gov.ar\/index.php\/wp-json\/wp\/v2\/users\/12"}],"wp:attachment":[{"href":"https:\/\/www.justiciasantafe.gov.ar\/index.php\/wp-json\/wp\/v2\/media?parent=12998"}],"wp:term":[{"taxonomy":"category","embeddable":true,"href":"https:\/\/www.justiciasantafe.gov.ar\/index.php\/wp-json\/wp\/v2\/categories?post=12998"},{"taxonomy":"post_tag","embeddable":true,"href":"https:\/\/www.justiciasantafe.gov.ar\/index.php\/wp-json\/wp\/v2\/tags?post=12998"}],"curies":[{"name":"wp","href":"https:\/\/api.w.org\/{rel}","templated":true}]}}

Argentina Jurídica

<div class="pdfprnt-buttons pdfprnt-buttons-convenios pdfprnt-top-right"><a href="https://www.justiciasantafe.gov.ar/index.php/wp-json/wp/v2/convenios/12998?print=pdf" class="pdfprnt-button pdfprnt-button-pdf" target="_blank"><img decoding="async" src="https://www.justiciasantafe.gov.ar/wp-content/plugins/pdf-print-pro/images/pdf.png?357112440" alt="image_pdf" title="Ver PDF" /></a><a href="https://www.justiciasantafe.gov.ar/index.php/wp-json/wp/v2/convenios/12998?print=print" class="pdfprnt-button pdfprnt-button-print" target="_blank"><img decoding="async" src="https://www.justiciasantafe.gov.ar/wp-content/plugins/pdf-print-pro/images/print.png?1674575983" alt="image_print" title="Imprimir contenido" /></a></div><p><b>Convenio entre la Corte Suprema de Justicia</b><br />
<b>de la Provincia de Santa Fe y</b><br />
<b>Editorial &#8220;Argentina Jurídica&#8221;</b><br />
<b></b></p>
<p>&nbsp;</p>
<p>Entre la Corte Suprema de Justicia de la Provincia de Santa Fe, en adelante &#8220;La Corte Suprema de Justicia&#8221;, con domicilio en San Jerónimo 1551- 1° Piso de la ciudad de Santa Fe, representada por el Dr. Roberto Héctor Falistocco, en su carácter de Presidente, por una parte; y Editorial &#8220;Argentina Jurídica&#8221;, en adelante &#8220;La Editorial&#8221;, con domicilio en Viamonte 1348, Piso 3, Oficina &#8220;A&#8221; de la ciudad de Buenos Aires, representada en este acto por su Director, el Sr. Leonardo Kogan, acuerdan celebrar el presente Convenio sujeto a las siguientes cláusulas, con el objetivo común de propulsar la difusión de la jurisprudencia del Poder Judicial de la Provincia de Santa Fe:<br />
1.- La Corte Suprema de Justicia cede en forma gratuita a la Editorial, el derecho de uso de los sumarios de Jurisprudencia y fallos en texto completo que considere conveniente difundir, en medio magnético, para que éste por medio propio o de terceros desarrolle, edite y comercialice dicha información en Internet a través de su página http://www.argentinajuridica.com..<br />
2.- La Editorial garantizará, a la Corte Suprema de Justicia doscientas sesenta y una (261) claves de ingreso de &#8220;uso total&#8221; del sitio en Internet que se encuentra bajo el dominio www.argentinajuridica.com o de cualquier otro que la Editorial posea en el futuro, ya sea propio o compartido con otra empresa, para ser usadas por distintas dependencias judiciales de la Provincia.<br />
3.- Quedará a cargo exclusivo de la Editorial los gastos que la implementación del presente convenio pueda generar, como así también los necesarios para la edición del desarrollo de la obra y su actualización. La información será remitida por la Corte Suprema de Justicia cada seis meses, como máximo.<br />
4.- Las partes declaran conocer los datos y sistemas que reciben y están exentas de responsabilidades recíprocas por los perjuicios que pudieran ocasionar por su utilización.-<br />
5.- La Editorial se compromete a no alterar el contenido de los datos, salvo las adecuaciones técnicas necesarias para adaptarlo a su formato y para el recupero de cada documento. El software será de propiedad de la Editorial, quien manifiesta estar legalmente habilitada para su utilización en las bases de datos por ella editada, debiendo hacer mención, en cada caso, de que la obra está integrada por la base de datos proporcionada por la Corte Suprema de Justicia, que es la titular de su copyright.<br />
6.- El plazo de duración del presente convenio se establece en 24 meses a partir de la fecha de su firma, siendo renovable automáticamente a su vencimiento por otro período igual y en idénticas condiciones, a menos que cualquiera de las partes comunique fehacientemente a la otra su voluntad de oponerse a la renovación. El presente no importa convenio de exclusividad.<br />
7.- Para todos los efectos legales emergentes del presente convenio, las partes se someten a la competencia de la Corte Suprema de Justicia de la Provincia de Santa Fe, renunciando a cualquier otro fuero o jurisdicción que pudiera corresponder, fijando sus domicilios legales en los consignados al comienzo del presente, donde se tendrán por válidas todas las notificaciones judiciales y/o extrajudiciales.<br />
En prueba de conformidad y previa lectura y ratificación, se firman dos (2) ejemplares de un mismo tenor y a un solo efecto, en la Ciudad de Santa Fe, a los once días del mes de agosto del año 2004.</p>
<p>&nbsp;</p>
<p>&nbsp;</p>
<table class="renderedtable" border="0" cellspacing="0" cellpadding="2">
<tbody>
<tr>
<td valign="top">Dr. LEONARDO KOGAN</td>
<td valign="top">Dr. ROBERTO HÉCTOR FALISTOCCO</td>
</tr>
<tr class="bglight">
<td valign="top">Editorial &#8220;Argentina Jurídica&#8221;</p>
<p>&nbsp;</td>
<td valign="top">Corte Suprema de Justicia &#8211; Santa Fe</td>
</tr>
</tbody>
</table>
<div class="gsp_post_data" data-post_type="convenios" data-cat="editoriales-juridicas" data-modified="120" data-title="Argentina Jurídica" data-home="https://www.justiciasantafe.gov.ar"></div>
