 {"id":12999,"date":"2022-05-10T14:38:30","date_gmt":"2022-05-10T17:38:30","guid":{"rendered":"https:\/\/www.justiciasantafe.gov.ar\/?post_type=convenios&#038;p=12999"},"modified":"2022-05-10T14:38:30","modified_gmt":"2022-05-10T17:38:30","slug":"el-derecho","status":"publish","type":"convenios","link":"https:\/\/www.justiciasantafe.gov.ar\/index.php\/convenios\/el-derecho\/","title":{"rendered":"El Derecho"},"content":{"rendered":"<div class=\"pdfprnt-buttons pdfprnt-buttons-convenios pdfprnt-top-right\"><a href=\"https:\/\/www.justiciasantafe.gov.ar\/index.php\/wp-json\/wp\/v2\/convenios\/12999?print=pdf\" class=\"pdfprnt-button pdfprnt-button-pdf\" target=\"_blank\"><img decoding=\"async\" src=\"https:\/\/www.justiciasantafe.gov.ar\/wp-content\/plugins\/pdf-print-pro\/images\/pdf.png?357112440\" alt=\"image_pdf\" title=\"Ver PDF\" \/><\/a><a href=\"https:\/\/www.justiciasantafe.gov.ar\/index.php\/wp-json\/wp\/v2\/convenios\/12999?print=print\" class=\"pdfprnt-button pdfprnt-button-print\" target=\"_blank\"><img decoding=\"async\" src=\"https:\/\/www.justiciasantafe.gov.ar\/wp-content\/plugins\/pdf-print-pro\/images\/print.png?1674575983\" alt=\"image_print\" title=\"Imprimir contenido\" \/><\/a><\/div><p><b>Convenio entre el Poder Judicial de la Provincia de Santa Fe y la Editorial El Derecho.<\/b><\/p>\n<p>Entre el<b>\u00a0Poder Judicial de la Provincia de Santa Fe<\/b>, con domicilio en San Jer\u00f3nimo 1551 de la ciudad de Santa Fe, en adelante la Corte Suprema de Justicia, representada por su Presidente,\u00a0<b>Dr. Roberto H\u00e9ctor Falistocco,<\/b>\u00a0y la\u00a0<b>Editorial &#8220;El Derecho&#8221;<\/b>, con domicilio en Avenida Alicia Moreau de Justo Nro.1300 de la Ciudad Aut\u00f3noma de Buenos Aires y constituyendo domicilio legal en calle Pellegrini 3314 de la ciudad de Rosario, Provincia de Santa Fe, en adelante la Editorial, representada en este acto por el Decano de la Facultad de Derecho y Ciencias Sociales del Rosario de la Pontificia Universidad Cat\u00f3lica Argentina &#8220;Santa Mar\u00eda de los Buenos Aires&#8221;,\u00a0<b>Dr. Guillermo Federico Peyrano<\/b>, con el objetivo com\u00fan de propulsar la difusi\u00f3n de la jurisprudencia del Poder Judicial de Santa Fe, acuerdan celebrar el presente convenio, sujeto a las siguientes cla\u00fasulas:<\/p>\n<p>1.- La Corte Suprema de Justicia cede en forma gratuita a la Editorial, el derecho de uso de los sumarios y fallos en texto completo de la Corte desde el a\u00f1o 1984 y los fallos en texto completo de las C\u00e1maras de Apelaci\u00f3n de todos los fueros de la Provincia desde el a\u00f1o 2007 que el Poder Judicial considere conveniente difundir, para que \u00e9sta por medio propio o de terceros desarrolle, edite y comercialice dicha informaci\u00f3n a trav\u00e9s de sus publicaciones en formato papel y\/o en Internet a trav\u00e9s de sus productos digitales.<\/p>\n<p>2.- La Editorial garantizar\u00e1, a la Corte Suprema de Justicia cuatrocientas (400) claves de ingreso de &#8220;uso total&#8221; del sitio en Internet que se encuentra bajo el dominio www.el derecho.com.ar o de cualquier otro que la Editorial posea en el futuro, ya sea propio o compartido con otra empresa, para ser usadas por el Poder Judicial, de las cuales dieciseis (16) ser\u00e1n abonadas seg\u00fan presupuesto previamente acordado entre las partes y las restantes trescientas ochenta y cuatro ( 384) ser\u00e1n brindadas por la Editorial en forma gratuita.<\/p>\n<p>3.- Los presupuestos acordados y a acordarse entre la Editorial y el Poder Judicial conformar\u00e1n anexos del presente convenio, formando parte del mismo.<\/p>\n<p>4.- Quedar\u00e1 a cargo exclusivo de la Editorial los gastos que la implementaci\u00f3n del presente convenio pueda generar, como as\u00ed tambi\u00e9n los necesarios para la edici\u00f3n del desarrollo de la obra y su actualizaci\u00f3n. La informaci\u00f3n ser\u00e1 remitida por la Corte Suprema de Justicia en forma bimestral.<\/p>\n<p>5.- La Editorial se compromete a efectuar los sumarios correspondientes a los fallos, que considere de su inter\u00e9s, remitidos en texto completo por las C\u00e1maras de Apelaci\u00f3n de la Provincia, los cuales, una vez confeccionados, ser\u00e1n reenviados al Poder Judicial para conformar una Base de Datos de Consulta Interna para todos los \u00f3rganos jurisdiccionales.<\/p>\n<p>6.-Las partes declaran conocer los datos y sistemas que reciben y est\u00e1n exentas de responsabilidades rec\u00edprocas por los perjuicios que pudieran ocasionar por su utilizaci\u00f3n.<\/p>\n<p>7.- La Editorial se compromete a no alterar el contenido de los datos, salvo las adecuaciones t\u00e9cnicas necesarias para adaptarlo a su formato y para el recupero de cada documento. Asimismo, se compromete a preservar la identidad de los titulares de los datos en las causas penales, de familia o aquellas que se refieran a menores, utilizando mecanismos de inicializaci\u00f3n en los t\u00e9rminos de la ley 25.326. El software ser\u00e1 de propiedad de la Editorial, quien manifiesta estar legalmente habilitada para su utilizaci\u00f3n en las bases de datos por ella editadas, debiendo hacer menci\u00f3n, en cada caso, de que la obra est\u00e1 integrada por la base de datos proporcionada por la Corte Suprema de Justicia, que es la titular de su copyright.<\/p>\n<p>8.- La Editorial se compromete a brindar la capacitaci\u00f3n necesaria en el uso de la Base de Datos objeto del presente convenio a los funcionarios y magistrados del Poder Judicial en las distintas sedes judiciales .<\/p>\n<p>9.- La Corte Suprema de Justicia, por su parte, quedar\u00e1 a cargo de toda ulterior capacitaci\u00f3n en el uso de las bases de datos mencionadas en los puntos 2 y 5, atendiendo a los requerimientos funcionales propios de cada sede judicial.<\/p>\n<p>10.- El plazo de duraci\u00f3n del presente convenio se establece en 24 meses a partir de la fecha de su firma, siendo renovable autom\u00e1ticamente a su vencimiento por otro per\u00edodo igual y en id\u00e9nticas condiciones, a menos que cualquiera de las partes comunique fehacientemente a la otra con 30 d\u00edas de anticipaci\u00f3n su voluntad de oponerse a la renovaci\u00f3n. El presente no importa convenio de exclusividad.<\/p>\n<p>11.- Para todos los efectos legales emergentes del presente convenio, las partes se someten a la competencia de la Corte Suprema de Justicia de la Provincia de Santa Fe, renunciando a cualquier otro fuero o jurisdicci\u00f3n que pudiera corresponder, fijando sus domicilios legales en los consignados al comienzo del presente, donde se tendr\u00e1n por v\u00e1lidas todas las notificaciones judiciales y\/o extrajudiciales.<\/p>\n<p>En prueba de conformidad, previa lectura y ratificaci\u00f3n, se firman dos ejemplares de un mismo tenor y a un solo efecto, recibiendo cada parte su ejemplar en este acto, en la ciudad de Rosario, a los once d\u00edas del mes de setiembre del a\u00f1o dos mil ocho.<\/p>\n<div class=\"gsp_post_data\" data-post_type=\"convenios\" data-cat=\"editoriales-juridicas\" data-modified=\"120\" data-title=\"El Derecho\" data-home=\"https:\/\/www.justiciasantafe.gov.ar\"><\/div>","protected":false},"author":12,"template":"","categories":[3091],"tags":[],"class_list":["post-12999","convenios","type-convenios","status-publish","hentry","category-editoriales-juridicas"],"acf":[],"_links":{"self":[{"href":"https:\/\/www.justiciasantafe.gov.ar\/index.php\/wp-json\/wp\/v2\/convenios\/12999","targetHints":{"allow":["GET"]}}],"collection":[{"href":"https:\/\/www.justiciasantafe.gov.ar\/index.php\/wp-json\/wp\/v2\/convenios"}],"about":[{"href":"https:\/\/www.justiciasantafe.gov.ar\/index.php\/wp-json\/wp\/v2\/types\/convenios"}],"author":[{"embeddable":true,"href":"https:\/\/www.justiciasantafe.gov.ar\/index.php\/wp-json\/wp\/v2\/users\/12"}],"wp:attachment":[{"href":"https:\/\/www.justiciasantafe.gov.ar\/index.php\/wp-json\/wp\/v2\/media?parent=12999"}],"wp:term":[{"taxonomy":"category","embeddable":true,"href":"https:\/\/www.justiciasantafe.gov.ar\/index.php\/wp-json\/wp\/v2\/categories?post=12999"},{"taxonomy":"post_tag","embeddable":true,"href":"https:\/\/www.justiciasantafe.gov.ar\/index.php\/wp-json\/wp\/v2\/tags?post=12999"}],"curies":[{"name":"wp","href":"https:\/\/api.w.org\/{rel}","templated":true}]}}

<div class="pdfprnt-buttons pdfprnt-buttons-convenios pdfprnt-top-right"><a href="https://www.justiciasantafe.gov.ar/index.php/wp-json/wp/v2/convenios/12999?print=pdf" class="pdfprnt-button pdfprnt-button-pdf" target="_blank"><img decoding="async" src="https://www.justiciasantafe.gov.ar/wp-content/plugins/pdf-print-pro/images/pdf.png?357112440" alt="image_pdf" title="Ver PDF" /></a><a href="https://www.justiciasantafe.gov.ar/index.php/wp-json/wp/v2/convenios/12999?print=print" class="pdfprnt-button pdfprnt-button-print" target="_blank"><img decoding="async" src="https://www.justiciasantafe.gov.ar/wp-content/plugins/pdf-print-pro/images/print.png?1674575983" alt="image_print" title="Imprimir contenido" /></a></div><p><b>Convenio entre el Poder Judicial de la Provincia de Santa Fe y la Editorial El Derecho.</b></p>
<p>Entre el<b> Poder Judicial de la Provincia de Santa Fe</b>, con domicilio en San Jerónimo 1551 de la ciudad de Santa Fe, en adelante la Corte Suprema de Justicia, representada por su Presidente, <b>Dr. Roberto Héctor Falistocco,</b> y la <b>Editorial &#8220;El Derecho&#8221;</b>, con domicilio en Avenida Alicia Moreau de Justo Nro.1300 de la Ciudad Autónoma de Buenos Aires y constituyendo domicilio legal en calle Pellegrini 3314 de la ciudad de Rosario, Provincia de Santa Fe, en adelante la Editorial, representada en este acto por el Decano de la Facultad de Derecho y Ciencias Sociales del Rosario de la Pontificia Universidad Católica Argentina &#8220;Santa María de los Buenos Aires&#8221;, <b>Dr. Guillermo Federico Peyrano</b>, con el objetivo común de propulsar la difusión de la jurisprudencia del Poder Judicial de Santa Fe, acuerdan celebrar el presente convenio, sujeto a las siguientes claúsulas:</p>
<p>1.- La Corte Suprema de Justicia cede en forma gratuita a la Editorial, el derecho de uso de los sumarios y fallos en texto completo de la Corte desde el año 1984 y los fallos en texto completo de las Cámaras de Apelación de todos los fueros de la Provincia desde el año 2007 que el Poder Judicial considere conveniente difundir, para que ésta por medio propio o de terceros desarrolle, edite y comercialice dicha información a través de sus publicaciones en formato papel y/o en Internet a través de sus productos digitales.</p>
<p>2.- La Editorial garantizará, a la Corte Suprema de Justicia cuatrocientas (400) claves de ingreso de &#8220;uso total&#8221; del sitio en Internet que se encuentra bajo el dominio www.el derecho.com.ar o de cualquier otro que la Editorial posea en el futuro, ya sea propio o compartido con otra empresa, para ser usadas por el Poder Judicial, de las cuales dieciseis (16) serán abonadas según presupuesto previamente acordado entre las partes y las restantes trescientas ochenta y cuatro ( 384) serán brindadas por la Editorial en forma gratuita.</p>
<p>3.- Los presupuestos acordados y a acordarse entre la Editorial y el Poder Judicial conformarán anexos del presente convenio, formando parte del mismo.</p>
<p>4.- Quedará a cargo exclusivo de la Editorial los gastos que la implementación del presente convenio pueda generar, como así también los necesarios para la edición del desarrollo de la obra y su actualización. La información será remitida por la Corte Suprema de Justicia en forma bimestral.</p>
<p>5.- La Editorial se compromete a efectuar los sumarios correspondientes a los fallos, que considere de su interés, remitidos en texto completo por las Cámaras de Apelación de la Provincia, los cuales, una vez confeccionados, serán reenviados al Poder Judicial para conformar una Base de Datos de Consulta Interna para todos los órganos jurisdiccionales.</p>
<p>6.-Las partes declaran conocer los datos y sistemas que reciben y están exentas de responsabilidades recíprocas por los perjuicios que pudieran ocasionar por su utilización.</p>
<p>7.- La Editorial se compromete a no alterar el contenido de los datos, salvo las adecuaciones técnicas necesarias para adaptarlo a su formato y para el recupero de cada documento. Asimismo, se compromete a preservar la identidad de los titulares de los datos en las causas penales, de familia o aquellas que se refieran a menores, utilizando mecanismos de inicialización en los términos de la ley 25.326. El software será de propiedad de la Editorial, quien manifiesta estar legalmente habilitada para su utilización en las bases de datos por ella editadas, debiendo hacer mención, en cada caso, de que la obra está integrada por la base de datos proporcionada por la Corte Suprema de Justicia, que es la titular de su copyright.</p>
<p>8.- La Editorial se compromete a brindar la capacitación necesaria en el uso de la Base de Datos objeto del presente convenio a los funcionarios y magistrados del Poder Judicial en las distintas sedes judiciales .</p>
<p>9.- La Corte Suprema de Justicia, por su parte, quedará a cargo de toda ulterior capacitación en el uso de las bases de datos mencionadas en los puntos 2 y 5, atendiendo a los requerimientos funcionales propios de cada sede judicial.</p>
<p>10.- El plazo de duración del presente convenio se establece en 24 meses a partir de la fecha de su firma, siendo renovable automáticamente a su vencimiento por otro período igual y en idénticas condiciones, a menos que cualquiera de las partes comunique fehacientemente a la otra con 30 días de anticipación su voluntad de oponerse a la renovación. El presente no importa convenio de exclusividad.</p>
<p>11.- Para todos los efectos legales emergentes del presente convenio, las partes se someten a la competencia de la Corte Suprema de Justicia de la Provincia de Santa Fe, renunciando a cualquier otro fuero o jurisdicción que pudiera corresponder, fijando sus domicilios legales en los consignados al comienzo del presente, donde se tendrán por válidas todas las notificaciones judiciales y/o extrajudiciales.</p>
<p>En prueba de conformidad, previa lectura y ratificación, se firman dos ejemplares de un mismo tenor y a un solo efecto, recibiendo cada parte su ejemplar en este acto, en la ciudad de Rosario, a los once días del mes de setiembre del año dos mil ocho.</p>
<div class="gsp_post_data" data-post_type="convenios" data-cat="editoriales-juridicas" data-modified="120" data-title="El Derecho" data-home="https://www.justiciasantafe.gov.ar"></div>
