 {"id":1028,"date":"2021-12-06T10:30:21","date_gmt":"2021-12-06T13:30:21","guid":{"rendered":"https:\/\/www.justiciasantafe.gov.ar\/?page_id=1028"},"modified":"2023-11-02T09:02:18","modified_gmt":"2023-11-02T12:02:18","slug":"guia-practica-actualizada-de-actuacion-para-la-prevencion-de-la-transimicion-de-coronavirus","status":"publish","type":"page","link":"https:\/\/www.justiciasantafe.gov.ar\/index.php\/poder-judicial\/inicio\/coronavirus-covid-19\/guia-practica-actualizada-de-actuacion-para-la-prevencion-de-la-transimicion-de-coronavirus\/","title":{"rendered":"GU\u00cdA PR\u00c1CTICA ACTUALIZADA DE ACTUACI\u00d3N PARA LA PREVENCI\u00d3N DE LA TRANSIMICI\u00d3N DE CORONAVIRUS"},"content":{"rendered":"<div class=\"row\"  id=\"row-1646164503\">\n\n\t<div id=\"col-1447147935\" class=\"col small-12 large-12\"  >\n\t\t\t\t<div class=\"col-inner\"  >\n\t\t\t\n\t\t\t\n<p><b>Fecha<i> \u00faltima actualizaci\u00f3n: 26.05.2020<\/i><\/b><\/p>\n<div>\n<p><a href=\"https:\/\/www.justiciasantafe.gov.ar\/wp-content\/uploads\/2021\/12\/GUIA20PRACTICA20Y20ANEXOS.pdf\">GU\u00cdA PR\u00c1CTICA DE ACTUACI\u00d3N PARA LA PREVENCI\u00d3N DE LA TRANSMISI\u00d3N DE INFECCIONES PRODUCIDAS POR EL VIRUS COVID-19 (CSJSFE)<\/a><\/p>\n<p>&nbsp;<\/p>\n<p><u><em><strong>FUENTES UTILIZADAS<\/strong><\/em><\/u><\/p>\n<p><a href=\"https:\/\/www.justiciasantafe.gov.ar\/wp-content\/uploads\/2021\/12\/ANEXO20II20DEFINICION20CASO.pdf\">DEFINICI\u00d3N DE CASO SOSPECHOSO ACTUALIZADO AL 20.5.20 PUBLICADO POR EL MINISTERIO DE SALUD DE LA NACI\u00d3N EN<\/a><a href=\"https:\/\/www.justiciasantafe.gov.ar\/wp-content\/uploads\/2021\/12\/ANEXO20II20DEFINICION20CASO.pdf\">:<\/a><\/p>\n<\/div>\n<div><a href=\"https:\/\/www.argentina.gob.ar\/salud\/coronavirus-COVID-19\/definicion-de-caso\">https:\/\/www.argentina.gob.ar\/salud\/coronavirus-COVID-19\/definicion-de-caso<\/a><\/div>\n<div>\n<p><a href=\"https:\/\/www.justiciasantafe.gov.ar\/wp-content\/uploads\/2021\/12\/ANEXO20III.pdf\">PROTOCOLO COVID 19 ASENTAMIENTOS JUDICIALES (MSAL \u2013 PROV. STA.FE)<\/a><a href=\"https:\/\/www.justiciasantafe.gov.ar\/wp-content\/uploads\/2021\/12\/ANEXO20IV20NOTA20Y20PROTOCOLO_3.pdf\">PROTOCOLO COVID 19 ASENTAMIENTOS JUDICIALES GRAN ROSARIO Y SANTA FE (MSAL \u2013 PROV. STA.FE)<\/a><\/p>\n<p><a href=\"https:\/\/www.justiciasantafe.gov.ar\/wp-content\/uploads\/2021\/12\/PROTOCOLO20MSAL20PROV.20PARA20CORTE20SUPREMA20DE20JUSTICIA.pdf\">PROTOCOLO DE TRABAJO SEGURO PARA LA ADMINISTRACI\u00d3N P\u00daBLICA\/JUZGADOS (MSAL \u2013 PROV. STA.FE)<\/a><\/p>\n<p><a href=\"https:\/\/www.justiciasantafe.gov.ar\/wp-content\/uploads\/2021\/12\/ANEXO20V.pdf\">NOTA N\u00b0 4584\/2020 DE LA DIRECCI\u00d3N DE EPIDEMIOLOG\u00cdA DEL MINISTERIO DE SALUD DE LA PROVINCIA<\/a><\/p>\n<p><a href=\"https:\/\/www.justiciasantafe.gov.ar\/wp-content\/uploads\/2021\/12\/GU2BC3ACA20DE20ACTUACI2BC3B4N20IML.pdf\">GU\u00cdA DE ACTUACI\u00d3N PARA EL SERVICIO PRESENCIAL DE ATENCI\u00d3N AL P\u00daBLICO (IML)<\/a><\/p>\n<\/div>\n<p><u><em><strong>NORMATIVA<\/strong><\/em><\/u><\/p>\n<p>Decretos:<\/p>\n<ul>\n<li><a href=\"https:\/\/www.justiciasantafe.gov.ar\/wp-content\/uploads\/2021\/12\/DECRETO2034120DEL2013.4.2020.pdf\">341\/2020<\/a><\/li>\n<li><a href=\"https:\/\/www.justiciasantafe.gov.ar\/wp-content\/uploads\/2021\/12\/DECRETO2034720DEL2015.4.2020.pdf\">347\/2020<\/a><\/li>\n<\/ul>\n<p>Resoluciones:<\/p>\n<ul>\n<li><a href=\"https:\/\/www.justiciasantafe.gov.ar\/wp-content\/uploads\/2021\/12\/RESOLUCION2032520DEL2015.4.202020-20GUIA.pdf\">325\/2020<\/a><\/li>\n<li><a href=\"https:\/\/www.justiciasantafe.gov.ar\/wp-content\/uploads\/2021\/12\/RESOLUCION2034120DEL2021.4.202020-20GUIA20ACTUALIZADA.pdf\">341\/2020<\/a><\/li>\n<li><a href=\"https:\/\/www.justiciasantafe.gov.ar\/wp-content\/uploads\/2021\/12\/ResoluciC3B3n2045120del2026.5.2020-1.pdf\">451\/2020<\/a><\/li>\n<\/ul>\n<p>&nbsp;<\/p>\n\t\t<\/div>\n\t\t\t\t\t<\/div>\n\n\t\n<\/div>\n<div class=\"gsp_post_data\" data-post_type=\"page\" data-cat=\"\" data-modified=\"120\" data-title=\"GU\u00cdA PR\u00c1CTICA ACTUALIZADA DE ACTUACI\u00d3N PARA LA PREVENCI\u00d3N DE LA TRANSIMICI\u00d3N DE CORONAVIRUS\" data-home=\"https:\/\/www.justiciasantafe.gov.ar\"><\/div>","protected":false},"excerpt":{"rendered":"","protected":false},"author":1,"featured_media":0,"parent":789,"menu_order":0,"comment_status":"closed","ping_status":"closed","template":"","meta":{"_acf_changed":false,"footnotes":""},"class_list":["post-1028","page","type-page","status-publish","hentry"],"acf":[],"_links":{"self":[{"href":"https:\/\/www.justiciasantafe.gov.ar\/index.php\/wp-json\/wp\/v2\/pages\/1028","targetHints":{"allow":["GET"]}}],"collection":[{"href":"https:\/\/www.justiciasantafe.gov.ar\/index.php\/wp-json\/wp\/v2\/pages"}],"about":[{"href":"https:\/\/www.justiciasantafe.gov.ar\/index.php\/wp-json\/wp\/v2\/types\/page"}],"author":[{"embeddable":true,"href":"https:\/\/www.justiciasantafe.gov.ar\/index.php\/wp-json\/wp\/v2\/users\/1"}],"replies":[{"embeddable":true,"href":"https:\/\/www.justiciasantafe.gov.ar\/index.php\/wp-json\/wp\/v2\/comments?post=1028"}],"version-history":[{"count":0,"href":"https:\/\/www.justiciasantafe.gov.ar\/index.php\/wp-json\/wp\/v2\/pages\/1028\/revisions"}],"up":[{"embeddable":true,"href":"https:\/\/www.justiciasantafe.gov.ar\/index.php\/wp-json\/wp\/v2\/pages\/789"}],"wp:attachment":[{"href":"https:\/\/www.justiciasantafe.gov.ar\/index.php\/wp-json\/wp\/v2\/media?parent=1028"}],"curies":[{"name":"wp","href":"https:\/\/api.w.org\/{rel}","templated":true}]}}

GUÍA PRÁCTICA ACTUALIZADA DE ACTUACIÓN PARA LA PREVENCIÓN DE LA TRANSIMICIÓN DE CORONAVIRUS

<div class="row"  id="row-1646164503">

	<div id="col-1447147935" class="col small-12 large-12"  >
				<div class="col-inner"  >
			
			
<p><b>Fecha<i> última actualización: 26.05.2020</i></b></p>
<div>
<p><a href="https://www.justiciasantafe.gov.ar/wp-content/uploads/2021/12/GUIA20PRACTICA20Y20ANEXOS.pdf">GUÍA PRÁCTICA DE ACTUACIÓN PARA LA PREVENCIÓN DE LA TRANSMISIÓN DE INFECCIONES PRODUCIDAS POR EL VIRUS COVID-19 (CSJSFE)</a></p>
<p>&nbsp;</p>
<p><u><em><strong>FUENTES UTILIZADAS</strong></em></u></p>
<p><a href="https://www.justiciasantafe.gov.ar/wp-content/uploads/2021/12/ANEXO20II20DEFINICION20CASO.pdf">DEFINICIÓN DE CASO SOSPECHOSO ACTUALIZADO AL 20.5.20 PUBLICADO POR EL MINISTERIO DE SALUD DE LA NACIÓN EN</a><a href="https://www.justiciasantafe.gov.ar/wp-content/uploads/2021/12/ANEXO20II20DEFINICION20CASO.pdf">:</a></p>
</div>
<div><a href="https://www.argentina.gob.ar/salud/coronavirus-COVID-19/definicion-de-caso">https://www.argentina.gob.ar/salud/coronavirus-COVID-19/definicion-de-caso</a></div>
<div>
<p><a href="https://www.justiciasantafe.gov.ar/wp-content/uploads/2021/12/ANEXO20III.pdf">PROTOCOLO COVID 19 ASENTAMIENTOS JUDICIALES (MSAL – PROV. STA.FE)</a><a href="https://www.justiciasantafe.gov.ar/wp-content/uploads/2021/12/ANEXO20IV20NOTA20Y20PROTOCOLO_3.pdf">PROTOCOLO COVID 19 ASENTAMIENTOS JUDICIALES GRAN ROSARIO Y SANTA FE (MSAL – PROV. STA.FE)</a></p>
<p><a href="https://www.justiciasantafe.gov.ar/wp-content/uploads/2021/12/PROTOCOLO20MSAL20PROV.20PARA20CORTE20SUPREMA20DE20JUSTICIA.pdf">PROTOCOLO DE TRABAJO SEGURO PARA LA ADMINISTRACIÓN PÚBLICA/JUZGADOS (MSAL – PROV. STA.FE)</a></p>
<p><a href="https://www.justiciasantafe.gov.ar/wp-content/uploads/2021/12/ANEXO20V.pdf">NOTA N° 4584/2020 DE LA DIRECCIÓN DE EPIDEMIOLOGÍA DEL MINISTERIO DE SALUD DE LA PROVINCIA</a></p>
<p><a href="https://www.justiciasantafe.gov.ar/wp-content/uploads/2021/12/GU2BC3ACA20DE20ACTUACI2BC3B4N20IML.pdf">GUÍA DE ACTUACIÓN PARA EL SERVICIO PRESENCIAL DE ATENCIÓN AL PÚBLICO (IML)</a></p>
</div>
<p><u><em><strong>NORMATIVA</strong></em></u></p>
<p>Decretos:</p>
<ul>
<li><a href="https://www.justiciasantafe.gov.ar/wp-content/uploads/2021/12/DECRETO2034120DEL2013.4.2020.pdf">341/2020</a></li>
<li><a href="https://www.justiciasantafe.gov.ar/wp-content/uploads/2021/12/DECRETO2034720DEL2015.4.2020.pdf">347/2020</a></li>
</ul>
<p>Resoluciones:</p>
<ul>
<li><a href="https://www.justiciasantafe.gov.ar/wp-content/uploads/2021/12/RESOLUCION2032520DEL2015.4.202020-20GUIA.pdf">325/2020</a></li>
<li><a href="https://www.justiciasantafe.gov.ar/wp-content/uploads/2021/12/RESOLUCION2034120DEL2021.4.202020-20GUIA20ACTUALIZADA.pdf">341/2020</a></li>
<li><a href="https://www.justiciasantafe.gov.ar/wp-content/uploads/2021/12/ResoluciC3B3n2045120del2026.5.2020-1.pdf">451/2020</a></li>
</ul>
<p>&nbsp;</p>
		</div>
					</div>

	
</div>
<div class="gsp_post_data" data-post_type="page" data-cat="" data-modified="120" data-title="GUÍA PRÁCTICA ACTUALIZADA DE ACTUACIÓN PARA LA PREVENCIÓN DE LA TRANSIMICIÓN DE CORONAVIRUS" data-home="https://www.justiciasantafe.gov.ar"></div>
