 {"id":12750,"date":"2022-04-29T10:23:10","date_gmt":"2022-04-29T13:23:10","guid":{"rendered":"https:\/\/www.justiciasantafe.gov.ar\/?page_id=12750"},"modified":"2023-11-02T09:02:16","modified_gmt":"2023-11-02T12:02:16","slug":"publicaciones","status":"publish","type":"page","link":"https:\/\/www.justiciasantafe.gov.ar\/index.php\/poder-judicial\/inicio\/mediacion\/publicaciones\/","title":{"rendered":"Publicaciones"},"content":{"rendered":"<p>Trabajos presentados en jornadas de mediaci\u00f3n, trabajos realizados por la oficina de mediaci\u00f3n, etc.<\/p>\n<div class=\"listaitem\">\n<h4><a href=\"https:\/\/www.justiciasantafe.gov.ar\/index.php\/libro-de-mediacion-penal-relatos-de-experiencias-exitosas\/\">Libro de Mediaci\u00f3n Penal: &#8220;Relatos de Experiencias Exitosas&#8221;<\/a><\/h4>\n<\/div>\n<div class=\"listaitem\">\n<h4><a href=\"https:\/\/www.justiciasantafe.gov.ar\/index.php\/poder-judicial\/inicio\/mediacion\/publicaciones\/libro-de-mediacion-penal-relatos-de-experiencias-exitosas\/\">Trabajo de Evaluaci\u00f3n de Calidad de la Mediaci\u00f3n Penal<\/a><\/h4>\n<\/div>\n<div class=\"listaitem\">\n<h4><a href=\"https:\/\/www.justiciasantafe.gov.ar\/index.php\/poder-judicial\/inicio\/mediacion\/publicaciones\/libro-digital-primeras-jornadas-nacionales\/\">Libro Digital &#8211; Primeras Jornadas Nacionales<\/a><\/h4>\n<\/div>\n<div class=\"listaitem\"><\/div>\n<div class=\"gsp_post_data\" data-post_type=\"page\" data-cat=\"\" data-modified=\"120\" data-title=\"Publicaciones\" data-home=\"https:\/\/www.justiciasantafe.gov.ar\"><\/div>","protected":false},"excerpt":{"rendered":"<p>Trabajos presentados en jornadas de mediaci\u00f3n, trabajos realizados por la oficina de mediaci\u00f3n, etc. Libro de Mediaci\u00f3n Penal: &#8220;Relatos de Experiencias Exitosas&#8221; Trabajo de Evaluaci\u00f3n de Calidad de la Mediaci\u00f3n Penal Libro Digital &#8211; Primeras Jornadas Nacionales<\/p>\n","protected":false},"author":12,"featured_media":0,"parent":133,"menu_order":0,"comment_status":"closed","ping_status":"closed","template":"","meta":{"_acf_changed":false,"footnotes":""},"class_list":["post-12750","page","type-page","status-publish","hentry"],"acf":[],"_links":{"self":[{"href":"https:\/\/www.justiciasantafe.gov.ar\/index.php\/wp-json\/wp\/v2\/pages\/12750","targetHints":{"allow":["GET"]}}],"collection":[{"href":"https:\/\/www.justiciasantafe.gov.ar\/index.php\/wp-json\/wp\/v2\/pages"}],"about":[{"href":"https:\/\/www.justiciasantafe.gov.ar\/index.php\/wp-json\/wp\/v2\/types\/page"}],"author":[{"embeddable":true,"href":"https:\/\/www.justiciasantafe.gov.ar\/index.php\/wp-json\/wp\/v2\/users\/12"}],"replies":[{"embeddable":true,"href":"https:\/\/www.justiciasantafe.gov.ar\/index.php\/wp-json\/wp\/v2\/comments?post=12750"}],"version-history":[{"count":0,"href":"https:\/\/www.justiciasantafe.gov.ar\/index.php\/wp-json\/wp\/v2\/pages\/12750\/revisions"}],"up":[{"embeddable":true,"href":"https:\/\/www.justiciasantafe.gov.ar\/index.php\/wp-json\/wp\/v2\/pages\/133"}],"wp:attachment":[{"href":"https:\/\/www.justiciasantafe.gov.ar\/index.php\/wp-json\/wp\/v2\/media?parent=12750"}],"curies":[{"name":"wp","href":"https:\/\/api.w.org\/{rel}","templated":true}]}}

<p>Trabajos presentados en jornadas de mediación, trabajos realizados por la oficina de mediación, etc.</p>
<div class="listaitem">
<h4><a href="https://www.justiciasantafe.gov.ar/index.php/libro-de-mediacion-penal-relatos-de-experiencias-exitosas/">Libro de Mediación Penal: &#8220;Relatos de Experiencias Exitosas&#8221;</a></h4>
</div>
<div class="listaitem">
<h4><a href="https://www.justiciasantafe.gov.ar/index.php/poder-judicial/inicio/mediacion/publicaciones/libro-de-mediacion-penal-relatos-de-experiencias-exitosas/">Trabajo de Evaluación de Calidad de la Mediación Penal</a></h4>
</div>
<div class="listaitem">
<h4><a href="https://www.justiciasantafe.gov.ar/index.php/poder-judicial/inicio/mediacion/publicaciones/libro-digital-primeras-jornadas-nacionales/">Libro Digital &#8211; Primeras Jornadas Nacionales</a></h4>
</div>
<div class="listaitem"></div>
<div class="gsp_post_data" data-post_type="page" data-cat="" data-modified="120" data-title="Publicaciones" data-home="https://www.justiciasantafe.gov.ar"></div>

<p>Trabajos presentados en jornadas de mediación, trabajos realizados por la oficina de mediación, etc. Libro de Mediación Penal: &#8220;Relatos de Experiencias Exitosas&#8221; Trabajo de Evaluación de Calidad de la Mediación Penal Libro Digital &#8211; Primeras Jornadas Nacionales</p>
