 {"id":133,"date":"2021-11-19T14:45:55","date_gmt":"2021-11-19T17:45:55","guid":{"rendered":"https:\/\/www.justiciasantafe.gov.ar\/?page_id=133"},"modified":"2025-12-05T13:56:43","modified_gmt":"2025-12-05T16:56:43","slug":"mediacion","status":"publish","type":"page","link":"https:\/\/www.justiciasantafe.gov.ar\/index.php\/poder-judicial\/inicio\/mediacion\/","title":{"rendered":"Mediaci\u00f3n"},"content":{"rendered":"<div class=\"row\"  id=\"row-1940463278\">\n\n\t<div id=\"col-1517803962\" class=\"col small-12 large-12\"  >\n\t\t\t\t<div class=\"col-inner\"  >\n\t\t\t\n\t\t\t\n<p><strong>Mediaci\u00f3n en Derecho, es un mecanismo de resoluci\u00f3n de conflictos en el cual un tercero imparcial busca facilitar la comunicaci\u00f3n para que las partes por s\u00ed mismas sean capaces de resolver un conflicto.<\/strong><\/p>\n<p><strong><span style=\"font-size: 80%;color: #008000\">AUTORIDADES<\/span><br \/>\n<\/strong><\/p>\n<p style=\"font-size: 14.4px\" data-line-height=\"xs\"><span style=\"color: #008000;font-size: 95%\"><strong style=\"font-family: Arial, sans-serif\">TRIBUNALES DE SANTA FE<\/strong><\/span><\/p>\n<p align=\"JUSTIFY\"><span style=\"font-family: Arial, sans-serif;font-size: 100%\"><br \/>\nResponsable \u00c1rea Penal:<strong>\u00a0Lic. Andrea Paola Carrivale<\/strong><br \/>\nMail: mediacionpenalsfe@justiciasantafe.gov.ar<br \/>\nResponsable \u00c1rea Civil y Familia:<strong>\u00a0Dra. Josefina Freyre<\/strong><br \/>\nMail: mediacioncivilsfe@justiciasantafe.gov.a<em>r<\/em> <\/span><\/p>\n<p align=\"JUSTIFY\">Mail Mesa de Entradas: mediacionsfe@justiciasantafe.gov.ar<\/p>\n<p align=\"JUSTIFY\">Interno: 3213<\/p>\n<p><span style=\"color: #008000;font-size: 95%\"><strong>TRIBUNALES DE ROSARIO<br \/>\n<\/strong><\/span><span style=\"font-size: 95%\">Director Centro de Mediaci\u00f3n:<strong> Dr<em>. <\/em>Gustavo Jos\u00e9 Valenti<\/strong><\/span><br \/>\n<span style=\"font-size: 95%\">Mail: mediacionros@justiciasantafe.gov.ar<br \/>\n<\/span><span style=\"font-size: 95%\">Responsable \u00c1rea Penal<strong>:<\/strong>\u00a0<strong>LIc. Mar\u00eda Ana del Carmen Diez<\/strong><\/span><br \/>\n<span style=\"font-size: 95%\">Mail: mediacionpenalros@justiciasantafe.gov.ar<\/span><br \/>\n<span style=\"font-size: 95%\">Responsable \u00c1rea Civil y Familia<strong>:<\/strong>\u00a0<strong>Dr. Ginette Giandomenico<\/strong><\/span><br \/>\n<span style=\"font-size: 95%\">Mail: mediacioncivilros@justiciasantafe.gov.ar<em><br \/>\n<\/em><\/span><\/p>\n<p align=\"JUSTIFY\">Mail Mesa de Entradas: mediacionmeros@justiciasantafe.gov.ar<\/p>\n<p align=\"JUSTIFY\">Interno: 5103<\/p>\n<p><span style=\"font-size: 95%\"><em>\u00a0<\/em><\/span><\/p>\n<p><span style=\"font-size: 95%;color: #008000\"><strong>\u00c1REA DE FORMACI\u00d3N:<\/strong><\/span><br \/>\n<span style=\"font-size: 95%\">Coordinador Acad\u00e9mico Ad- Honorem:\u00a0<strong>Dr. Jorge Alberto Giandomenico<\/strong><\/span><\/p>\n<div class=\"listaitem\">\n<h4><a href=\"https:\/\/www.justiciasantafe.gov.ar\/index.php\/botones-abajo\/mediacion\/solicitud-de-servicio-de-mediacion\/\">Solicitud de Servicio de Mediaci\u00f3n<\/a><\/h4>\n<\/div>\n<div class=\"listaitem\">\n<h4><a href=\"https:\/\/www.justiciasantafe.gov.ar\/index.php\/botones-abajo\/mediacion\/estadisticas\/\">Estad\u00edsticas<\/a><\/h4>\n<\/div>\n<div class=\"listaitem\">\n<h4><a href=\"https:\/\/www.justiciasantafe.gov.ar\/index.php\/botones-abajo\/mediacion\/reglamento-de-mediaciones-penales\/\">Reglamento de Mediaciones Penales<\/a><\/h4>\n<\/div>\n<div class=\"listaitem\">\n<h4><a href=\"https:\/\/www.justiciasantafe.gov.ar\/index.php\/botones-abajo\/mediacion\/reglamento-de-mediacion-judicial\/\">Reglamento de Mediaci\u00f3n Judicial<\/a><\/h4>\n<\/div>\n<div class=\"listaitem\">\n<h4><a href=\"https:\/\/www.justiciasantafe.gov.ar\/index.php\/botones-abajo\/mediacion\/reglamento-de-mediacion-judicial\/\">C\u00f3mo se accede a la mediaci\u00f3n judicial.<\/a><\/h4>\n<\/div>\n<div class=\"listaitem\">\n<h4><a href=\"https:\/\/www.justiciasantafe.gov.ar\/index.php\/botones-abajo\/mediacion\/objeto-de-la-mediacion\/\">Objeto de la mediaci\u00f3n<\/a><\/h4>\n<\/div>\n<div class=\"listaitem\">\n<h4><a href=\"https:\/\/www.justiciasantafe.gov.ar\/index.php\/botones-abajo\/mediacion\/antecedentes\/\">Antecedentes<\/a><\/h4>\n<\/div>\n\t\t<\/div>\n\t\t\t\t\t<\/div>\n\n\t\n<\/div>\n<div class=\"row\"  id=\"row-119980438\">\n\n\t<div id=\"col-507038021\" class=\"col medium-6 small-12 large-6\"  >\n\t\t\t\t<div class=\"col-inner\"  >\n\t\t\t\n\t\t\t\n\t<div id=\"text-1266815417\" class=\"text\">\n\t\t\n<h3 class=\"post-title\" style=\"text-align: left\"><span style=\"color: #000000\"><strong><a style=\"color: #000000\" href=\"https:\/\/www.justiciasantafe.gov.ar\/index.php\/publicaciones\/\">Publicaciones<\/a>\u00a0 \u00a0 \u00a0 \u00a0 \u00a0 \u00a0 \u00a0 \u00a0 \u00a0 \u00a0 \u00a0 \u00a0 \u00a0 \u00a0 \u00a0 \u00a0 \u00a0 \u00a0 \u00a0 \u00a0 \u00a0 \u00a0 \u00a0 \u00a0 <\/strong><\/span><\/h3>\n\t\t\n<style>\n#text-1266815417 {\n  font-size: 0.95rem;\n  line-height: 1.7;\n}\n<\/style>\n\t<\/div>\n\t\n\t\t<\/div>\n\t\t\t\t\t<\/div>\n\n\t\n\n\t<div id=\"col-1526544454\" class=\"col medium-6 small-12 large-6\"  >\n\t\t\t\t<div class=\"col-inner\"  >\n\t\t\t\n\t\t\t\n\t<div id=\"text-1705881851\" class=\"text\">\n\t\t\n<h3 class=\"post-title\" style=\"text-align: left\"><span style=\"color: #000000\"><strong>\u00a0<\/strong><strong><a style=\"color: #000000\" href=\"https:\/\/www.justiciasantafe.gov.ar\/index.php\/poder-judicial\/inicio\/mediacion\/listado-de-mediadores-y-co-mediadores\/\">Listado de Mediadores y Co-mediadores<\/a><\/strong><\/span><\/h3>\n<p style=\"text-align: left\"><span style=\"color: #000000\"><a style=\"color: #000000\" href=\"https:\/\/www.justiciasantafe.gov.ar\/index.php\/poder-judicial\/inicio\/mediacion\/listado-de-mediadores-y-co-mediadores\/mediadores-de-las-circunscripciones-2-y-3\/\"><span style=\"font-weight: 400\">\u00a0Mediadores de las Circunscripciones 2 y 3\u00a0<\/span><\/a><\/span><\/p>\n\t\t\n<style>\n#text-1705881851 {\n  font-size: 0.95rem;\n  line-height: 1.4;\n  text-align: center;\n}\n<\/style>\n\t<\/div>\n\t\n\t\t<\/div>\n\t\t\t\t\t<\/div>\n\n\t\n<\/div>\n<div class=\"gsp_post_data\" data-post_type=\"page\" data-cat=\"\" data-modified=\"120\" data-title=\"Mediaci\u00f3n\" data-home=\"https:\/\/www.justiciasantafe.gov.ar\"><\/div>","protected":false},"excerpt":{"rendered":"","protected":false},"author":1,"featured_media":0,"parent":8182,"menu_order":0,"comment_status":"closed","ping_status":"closed","template":"page-left-sidebar.php","meta":{"_acf_changed":false,"footnotes":""},"class_list":["post-133","page","type-page","status-publish","hentry"],"acf":[],"_links":{"self":[{"href":"https:\/\/www.justiciasantafe.gov.ar\/index.php\/wp-json\/wp\/v2\/pages\/133","targetHints":{"allow":["GET"]}}],"collection":[{"href":"https:\/\/www.justiciasantafe.gov.ar\/index.php\/wp-json\/wp\/v2\/pages"}],"about":[{"href":"https:\/\/www.justiciasantafe.gov.ar\/index.php\/wp-json\/wp\/v2\/types\/page"}],"author":[{"embeddable":true,"href":"https:\/\/www.justiciasantafe.gov.ar\/index.php\/wp-json\/wp\/v2\/users\/1"}],"replies":[{"embeddable":true,"href":"https:\/\/www.justiciasantafe.gov.ar\/index.php\/wp-json\/wp\/v2\/comments?post=133"}],"version-history":[{"count":1,"href":"https:\/\/www.justiciasantafe.gov.ar\/index.php\/wp-json\/wp\/v2\/pages\/133\/revisions"}],"predecessor-version":[{"id":59139,"href":"https:\/\/www.justiciasantafe.gov.ar\/index.php\/wp-json\/wp\/v2\/pages\/133\/revisions\/59139"}],"up":[{"embeddable":true,"href":"https:\/\/www.justiciasantafe.gov.ar\/index.php\/wp-json\/wp\/v2\/pages\/8182"}],"wp:attachment":[{"href":"https:\/\/www.justiciasantafe.gov.ar\/index.php\/wp-json\/wp\/v2\/media?parent=133"}],"curies":[{"name":"wp","href":"https:\/\/api.w.org\/{rel}","templated":true}]}}

Mediación

<div class="row"  id="row-1940463278">

	<div id="col-1517803962" class="col small-12 large-12"  >
				<div class="col-inner"  >
			
			
<p><strong>Mediación en Derecho, es un mecanismo de resolución de conflictos en el cual un tercero imparcial busca facilitar la comunicación para que las partes por sí mismas sean capaces de resolver un conflicto.</strong></p>
<p><strong><span style="font-size: 80%;color: #008000">AUTORIDADES</span><br />
</strong></p>
<p style="font-size: 14.4px" data-line-height="xs"><span style="color: #008000;font-size: 95%"><strong style="font-family: Arial, sans-serif">TRIBUNALES DE SANTA FE</strong></span></p>
<p align="JUSTIFY"><span style="font-family: Arial, sans-serif;font-size: 100%"><br />
Responsable Área Penal:<strong> Lic. Andrea Paola Carrivale</strong><br />
Mail: mediacionpenalsfe@justiciasantafe.gov.ar<br />
Responsable Área Civil y Familia:<strong> Dra. Josefina Freyre</strong><br />
Mail: mediacioncivilsfe@justiciasantafe.gov.a<em>r</em> </span></p>
<p align="JUSTIFY">Mail Mesa de Entradas: mediacionsfe@justiciasantafe.gov.ar</p>
<p align="JUSTIFY">Interno: 3213</p>
<p><span style="color: #008000;font-size: 95%"><strong>TRIBUNALES DE ROSARIO<br />
</strong></span><span style="font-size: 95%">Director Centro de Mediación:<strong> Dr<em>. </em>Gustavo José Valenti</strong></span><br />
<span style="font-size: 95%">Mail: mediacionros@justiciasantafe.gov.ar<br />
</span><span style="font-size: 95%">Responsable Área Penal<strong>:</strong> <strong>LIc. María Ana del Carmen Diez</strong></span><br />
<span style="font-size: 95%">Mail: mediacionpenalros@justiciasantafe.gov.ar</span><br />
<span style="font-size: 95%">Responsable Área Civil y Familia<strong>:</strong> <strong>Dr. Ginette Giandomenico</strong></span><br />
<span style="font-size: 95%">Mail: mediacioncivilros@justiciasantafe.gov.ar<em><br />
</em></span></p>
<p align="JUSTIFY">Mail Mesa de Entradas: mediacionmeros@justiciasantafe.gov.ar</p>
<p align="JUSTIFY">Interno: 5103</p>
<p><span style="font-size: 95%"><em> </em></span></p>
<p><span style="font-size: 95%;color: #008000"><strong>ÁREA DE FORMACIÓN:</strong></span><br />
<span style="font-size: 95%">Coordinador Académico Ad- Honorem: <strong>Dr. Jorge Alberto Giandomenico</strong></span></p>
<div class="listaitem">
<h4><a href="https://www.justiciasantafe.gov.ar/index.php/botones-abajo/mediacion/solicitud-de-servicio-de-mediacion/">Solicitud de Servicio de Mediación</a></h4>
</div>
<div class="listaitem">
<h4><a href="https://www.justiciasantafe.gov.ar/index.php/botones-abajo/mediacion/estadisticas/">Estadísticas</a></h4>
</div>
<div class="listaitem">
<h4><a href="https://www.justiciasantafe.gov.ar/index.php/botones-abajo/mediacion/reglamento-de-mediaciones-penales/">Reglamento de Mediaciones Penales</a></h4>
</div>
<div class="listaitem">
<h4><a href="https://www.justiciasantafe.gov.ar/index.php/botones-abajo/mediacion/reglamento-de-mediacion-judicial/">Reglamento de Mediación Judicial</a></h4>
</div>
<div class="listaitem">
<h4><a href="https://www.justiciasantafe.gov.ar/index.php/botones-abajo/mediacion/reglamento-de-mediacion-judicial/">Cómo se accede a la mediación judicial.</a></h4>
</div>
<div class="listaitem">
<h4><a href="https://www.justiciasantafe.gov.ar/index.php/botones-abajo/mediacion/objeto-de-la-mediacion/">Objeto de la mediación</a></h4>
</div>
<div class="listaitem">
<h4><a href="https://www.justiciasantafe.gov.ar/index.php/botones-abajo/mediacion/antecedentes/">Antecedentes</a></h4>
</div>
		</div>
					</div>

	
</div>
<div class="row"  id="row-119980438">

	<div id="col-507038021" class="col medium-6 small-12 large-6"  >
				<div class="col-inner"  >
			
			
	<div id="text-1266815417" class="text">
		
<h3 class="post-title" style="text-align: left"><span style="color: #000000"><strong><a style="color: #000000" href="https://www.justiciasantafe.gov.ar/index.php/publicaciones/">Publicaciones</a>                                                </strong></span></h3>
		
<style>
#text-1266815417 {
  font-size: 0.95rem;
  line-height: 1.7;
}
</style>
	</div>
	
		</div>
					</div>

	

	<div id="col-1526544454" class="col medium-6 small-12 large-6"  >
				<div class="col-inner"  >
			
			
	<div id="text-1705881851" class="text">
		
<h3 class="post-title" style="text-align: left"><span style="color: #000000"><strong> </strong><strong><a style="color: #000000" href="https://www.justiciasantafe.gov.ar/index.php/poder-judicial/inicio/mediacion/listado-de-mediadores-y-co-mediadores/">Listado de Mediadores y Co-mediadores</a></strong></span></h3>
<p style="text-align: left"><span style="color: #000000"><a style="color: #000000" href="https://www.justiciasantafe.gov.ar/index.php/poder-judicial/inicio/mediacion/listado-de-mediadores-y-co-mediadores/mediadores-de-las-circunscripciones-2-y-3/"><span style="font-weight: 400"> Mediadores de las Circunscripciones 2 y 3 </span></a></span></p>
		
<style>
#text-1705881851 {
  font-size: 0.95rem;
  line-height: 1.4;
  text-align: center;
}
</style>
	</div>
	
		</div>
					</div>

	
</div>
<div class="gsp_post_data" data-post_type="page" data-cat="" data-modified="120" data-title="Mediación" data-home="https://www.justiciasantafe.gov.ar"></div>
