 {"id":3968,"date":"2021-12-16T12:08:49","date_gmt":"2021-12-16T15:08:49","guid":{"rendered":"https:\/\/www.justiciasantafe.gov.ar\/?page_id=3968"},"modified":"2023-11-02T09:02:15","modified_gmt":"2023-11-02T12:02:15","slug":"funciones","status":"publish","type":"page","link":"https:\/\/www.justiciasantafe.gov.ar\/index.php\/poder-judicial\/inicio\/defensoria-general-de-camaras\/funciones\/","title":{"rendered":"Funciones"},"content":{"rendered":"<div class=\"row\"  id=\"row-437662566\">\n\n\t<div id=\"col-471183558\" class=\"col medium-2 small-12 large-2\"  >\n\t\t\t\t<div class=\"col-inner\"  >\n\t\t\t\n\t\t\t\n\t<div class=\"img has-hover x md-x lg-x y md-y lg-y\" id=\"image_393975864\">\n\t\t<a class=\"\" href=\"https:\/\/www.justiciasantafe.gov.ar\/index.php\/poder-judicial\/inicio\/defensoria-general-de-camaras\/\" >\t\t\t\t\t\t<div class=\"img-inner dark\" style=\"margin:- 0px 0px 0px;\">\n\t\t\t<img loading=\"lazy\" decoding=\"async\" width=\"512\" height=\"512\" src=\"https:\/\/www.justiciasantafe.gov.ar\/wp-content\/uploads\/2022\/09\/icone-fleche-gauche-grise.png\" class=\"attachment-large size-large\" alt=\"\" srcset=\"https:\/\/www.justiciasantafe.gov.ar\/wp-content\/uploads\/2022\/09\/icone-fleche-gauche-grise.png 512w, https:\/\/www.justiciasantafe.gov.ar\/wp-content\/uploads\/2022\/09\/icone-fleche-gauche-grise-300x300.png 300w, https:\/\/www.justiciasantafe.gov.ar\/wp-content\/uploads\/2022\/09\/icone-fleche-gauche-grise-150x150.png 150w\" sizes=\"auto, (max-width: 512px) 100vw, 512px\" \/>\t\t\t\t\t\t\n\t\t\t\t\t<\/div>\n\t\t\t\t\t\t<\/a>\t\t\n<style>\n#image_393975864 {\n  width: 35%;\n}\n<\/style>\n\t<\/div>\n\t\n\t\t<\/div>\n\t\t\t\t\n<style>\n#col-471183558 > .col-inner {\n  margin: -50px 0px 0px 0px;\n}\n<\/style>\n\t<\/div>\n\n\t\n\n\t<div id=\"col-580496582\" class=\"col medium-5 small-12 large-5\"  >\n\t\t\t\t<div class=\"col-inner\"  >\n\t\t\t\n\t\t\t\n\t\t<\/div>\n\t\t\t\t\t<\/div>\n\n\t\n\n\t<div id=\"col-1851611528\" class=\"col medium-5 small-12 large-5\"  >\n\t\t\t\t<div class=\"col-inner\"  >\n\t\t\t\n\t\t\t\n\t\t<\/div>\n\t\t\t\t\t<\/div>\n\n\t\n<\/div>\n<p>En materia civil, los Defensores contamos con diferentes recursos jur\u00eddicos para atender situaciones de vulneraci\u00f3n de derechos econ\u00f3micos, sociales, educativos, de salud, entre otros.<\/p>\n<p>Podemos citar a personas implicadas en conflictos para intentar alcanzar una soluci\u00f3n jur\u00eddica (por ejemplo en reclamos de alimentos o visitas). Actuamos entonces como mediadores, intentando ayudar a las partes a encontrar una soluci\u00f3n pac\u00edfica que reduzca el conflicto preexistente.<\/p>\n<p>Tambi\u00e9n podemos pedir informaci\u00f3n o documentaci\u00f3n a organismos p\u00fablicos e instituciones privadas.<\/p>\n<p>De ser necesario, podemos actuar como abogados patrocinantes en juicios cuando la persona no pueda afrontar los gastos ni pagar un abogado particular.<\/p>\n<p>Adem\u00e1s, ejercemos la defensa de ni\u00f1os, ni\u00f1as y adolescentes que se encuentren en conflicto con la ley penal en Rosario a trav\u00e9s de los Asesores en las causas tramitan ante los Juzgados de Menores.<\/p>\n<div class=\"gsp_post_data\" data-post_type=\"page\" data-cat=\"\" data-modified=\"120\" data-title=\"Funciones\" data-home=\"https:\/\/www.justiciasantafe.gov.ar\"><\/div>","protected":false},"excerpt":{"rendered":"<p>En materia civil, los Defensores contamos con diferentes recursos jur\u00eddicos para atender situaciones de vulneraci\u00f3n de derechos econ\u00f3micos, sociales, educativos, de salud, entre otros. Podemos citar a personas implicadas en conflictos para intentar alcanzar una soluci\u00f3n jur\u00eddica (por ejemplo en reclamos de alimentos o visitas). Actuamos entonces como mediadores, intentando ayudar a las partes a [&#8230;]\n","protected":false},"author":12,"featured_media":0,"parent":3936,"menu_order":0,"comment_status":"closed","ping_status":"closed","template":"","meta":{"_acf_changed":false,"footnotes":""},"class_list":["post-3968","page","type-page","status-publish","hentry"],"acf":[],"_links":{"self":[{"href":"https:\/\/www.justiciasantafe.gov.ar\/index.php\/wp-json\/wp\/v2\/pages\/3968","targetHints":{"allow":["GET"]}}],"collection":[{"href":"https:\/\/www.justiciasantafe.gov.ar\/index.php\/wp-json\/wp\/v2\/pages"}],"about":[{"href":"https:\/\/www.justiciasantafe.gov.ar\/index.php\/wp-json\/wp\/v2\/types\/page"}],"author":[{"embeddable":true,"href":"https:\/\/www.justiciasantafe.gov.ar\/index.php\/wp-json\/wp\/v2\/users\/12"}],"replies":[{"embeddable":true,"href":"https:\/\/www.justiciasantafe.gov.ar\/index.php\/wp-json\/wp\/v2\/comments?post=3968"}],"version-history":[{"count":0,"href":"https:\/\/www.justiciasantafe.gov.ar\/index.php\/wp-json\/wp\/v2\/pages\/3968\/revisions"}],"up":[{"embeddable":true,"href":"https:\/\/www.justiciasantafe.gov.ar\/index.php\/wp-json\/wp\/v2\/pages\/3936"}],"wp:attachment":[{"href":"https:\/\/www.justiciasantafe.gov.ar\/index.php\/wp-json\/wp\/v2\/media?parent=3968"}],"curies":[{"name":"wp","href":"https:\/\/api.w.org\/{rel}","templated":true}]}}

<div class="row"  id="row-437662566">

	<div id="col-471183558" class="col medium-2 small-12 large-2"  >
				<div class="col-inner"  >
			
			
	<div class="img has-hover x md-x lg-x y md-y lg-y" id="image_393975864">
		<a class="" href="https://www.justiciasantafe.gov.ar/index.php/poder-judicial/inicio/defensoria-general-de-camaras/" >						<div class="img-inner dark" style="margin:- 0px 0px 0px;">
			<img loading="lazy" decoding="async" width="512" height="512" src="https://www.justiciasantafe.gov.ar/wp-content/uploads/2022/09/icone-fleche-gauche-grise.png" class="attachment-large size-large" alt="" srcset="https://www.justiciasantafe.gov.ar/wp-content/uploads/2022/09/icone-fleche-gauche-grise.png 512w, https://www.justiciasantafe.gov.ar/wp-content/uploads/2022/09/icone-fleche-gauche-grise-300x300.png 300w, https://www.justiciasantafe.gov.ar/wp-content/uploads/2022/09/icone-fleche-gauche-grise-150x150.png 150w" sizes="auto, (max-width: 512px) 100vw, 512px" />						
					</div>
						</a>		
<style>
#image_393975864 {
  width: 35%;
}
</style>
	</div>
	
		</div>
				
<style>
#col-471183558 > .col-inner {
  margin: -50px 0px 0px 0px;
}
</style>
	</div>

	

	<div id="col-580496582" class="col medium-5 small-12 large-5"  >
				<div class="col-inner"  >
			
			
		</div>
					</div>

	

	<div id="col-1851611528" class="col medium-5 small-12 large-5"  >
				<div class="col-inner"  >
			
			
		</div>
					</div>

	
</div>
<p>En materia civil, los Defensores contamos con diferentes recursos jurídicos para atender situaciones de vulneración de derechos económicos, sociales, educativos, de salud, entre otros.</p>
<p>Podemos citar a personas implicadas en conflictos para intentar alcanzar una solución jurídica (por ejemplo en reclamos de alimentos o visitas). Actuamos entonces como mediadores, intentando ayudar a las partes a encontrar una solución pacífica que reduzca el conflicto preexistente.</p>
<p>También podemos pedir información o documentación a organismos públicos e instituciones privadas.</p>
<p>De ser necesario, podemos actuar como abogados patrocinantes en juicios cuando la persona no pueda afrontar los gastos ni pagar un abogado particular.</p>
<p>Además, ejercemos la defensa de niños, niñas y adolescentes que se encuentren en conflicto con la ley penal en Rosario a través de los Asesores en las causas tramitan ante los Juzgados de Menores.</p>
<div class="gsp_post_data" data-post_type="page" data-cat="" data-modified="120" data-title="Funciones" data-home="https://www.justiciasantafe.gov.ar"></div>

<p>En materia civil, los Defensores contamos con diferentes recursos jurídicos para atender situaciones de vulneración de derechos económicos, sociales, educativos, de salud, entre otros. Podemos citar a personas implicadas en conflictos para intentar alcanzar una solución jurídica (por ejemplo en reclamos de alimentos o visitas). Actuamos entonces como mediadores, intentando ayudar a las partes a [&#8230;]
