 {"id":3972,"date":"2021-12-16T12:13:43","date_gmt":"2021-12-16T15:13:43","guid":{"rendered":"https:\/\/www.justiciasantafe.gov.ar\/?page_id=3972"},"modified":"2023-11-02T09:02:15","modified_gmt":"2023-11-02T12:02:15","slug":"guardia-y-feria-judicial","status":"publish","type":"page","link":"https:\/\/www.justiciasantafe.gov.ar\/index.php\/poder-judicial\/inicio\/defensoria-general-de-camaras\/guardia-y-feria-judicial\/","title":{"rendered":"Guardia y Feria Judicial"},"content":{"rendered":"<div class=\"row\"  id=\"row-1461798402\">\n\n\t<div id=\"col-1657764131\" class=\"col medium-2 small-12 large-2\"  >\n\t\t\t\t<div class=\"col-inner\"  >\n\t\t\t\n\t\t\t\n\t<div class=\"img has-hover x md-x lg-x y md-y lg-y\" id=\"image_456121452\">\n\t\t<a class=\"\" href=\"https:\/\/www.justiciasantafe.gov.ar\/index.php\/poder-judicial\/inicio\/defensoria-general-de-camaras\/\" >\t\t\t\t\t\t<div class=\"img-inner dark\" style=\"margin:- 0px 0px 0px;\">\n\t\t\t<img loading=\"lazy\" decoding=\"async\" width=\"512\" height=\"512\" src=\"https:\/\/www.justiciasantafe.gov.ar\/wp-content\/uploads\/2022\/09\/icone-fleche-gauche-grise.png\" class=\"attachment-large size-large\" alt=\"\" srcset=\"https:\/\/www.justiciasantafe.gov.ar\/wp-content\/uploads\/2022\/09\/icone-fleche-gauche-grise.png 512w, https:\/\/www.justiciasantafe.gov.ar\/wp-content\/uploads\/2022\/09\/icone-fleche-gauche-grise-300x300.png 300w, https:\/\/www.justiciasantafe.gov.ar\/wp-content\/uploads\/2022\/09\/icone-fleche-gauche-grise-150x150.png 150w\" sizes=\"auto, (max-width: 512px) 100vw, 512px\" \/>\t\t\t\t\t\t\n\t\t\t\t\t<\/div>\n\t\t\t\t\t\t<\/a>\t\t\n<style>\n#image_456121452 {\n  width: 35%;\n}\n<\/style>\n\t<\/div>\n\t\n\t\t<\/div>\n\t\t\t\t\n<style>\n#col-1657764131 > .col-inner {\n  margin: -50px 0px 0px 0px;\n}\n<\/style>\n\t<\/div>\n\n\t\n\n\t<div id=\"col-1061538688\" class=\"col medium-5 small-12 large-5\"  >\n\t\t\t\t<div class=\"col-inner\"  >\n\t\t\t\n\t\t\t\n\t\t<\/div>\n\t\t\t\t\t<\/div>\n\n\t\n\n\t<div id=\"col-1151191184\" class=\"col medium-5 small-12 large-5\"  >\n\t\t\t\t<div class=\"col-inner\"  >\n\t\t\t\n\t\t\t\n\t\t<\/div>\n\t\t\t\t\t<\/div>\n\n\t\n<\/div>\n<p><strong>Guardia<\/strong><\/p>\n<p>Los Defensores trabajamos en el horario de atenci\u00f3n del Poder Judicial de la Provincia, de 7 a 13 horas. Fuera de esos horarios, existe un sistema de guardias las 24 horas para atender casos excepcionales en los que se encuentre en peligro de vida alguna persona o terceros. Ante tales situaciones, puede comunicarse a los siguientes n\u00fameros:<\/p>\n<p>Distrito ROSARIO Defensor General (Civil): 156 772252<br \/>\nDistrito ROSARIO Asesor de Menores: 153 730059<\/p>\n<p><strong>Feria Judicial<\/strong><\/p>\n<p>Durante el mes de enero de cada a\u00f1o y durante el receso invernal del mes de julio (que coincide con el receso escolar provincial) los Defensores nos encontramos bajo la Feria Judicial de la misma manera que todo el Poder Judicial.<\/p>\n<p>En dichos per\u00edodos, las causas de tr\u00e1mite urgente son atendidas en la sede Rosario por un Defensor General y un Asesor de Menores de guardia para Rosario, Casilda, San Lorenzo, Villa Constituci\u00f3n y Ca\u00f1ada de G\u00f3mez; y en la sede Venado Tuerto por un Defensor General o un Asesor de Menores para Venado Tuerto, Melincu\u00e9, Rufino y Firmat.<\/p>\n<div class=\"gsp_post_data\" data-post_type=\"page\" data-cat=\"\" data-modified=\"120\" data-title=\"Guardia y Feria Judicial\" data-home=\"https:\/\/www.justiciasantafe.gov.ar\"><\/div>","protected":false},"excerpt":{"rendered":"<p>Guardia Los Defensores trabajamos en el horario de atenci\u00f3n del Poder Judicial de la Provincia, de 7 a 13 horas. Fuera de esos horarios, existe un sistema de guardias las 24 horas para atender casos excepcionales en los que se encuentre en peligro de vida alguna persona o terceros. Ante tales situaciones, puede comunicarse a [&#8230;]\n","protected":false},"author":12,"featured_media":0,"parent":3936,"menu_order":0,"comment_status":"closed","ping_status":"closed","template":"","meta":{"_acf_changed":false,"footnotes":""},"class_list":["post-3972","page","type-page","status-publish","hentry"],"acf":[],"_links":{"self":[{"href":"https:\/\/www.justiciasantafe.gov.ar\/index.php\/wp-json\/wp\/v2\/pages\/3972","targetHints":{"allow":["GET"]}}],"collection":[{"href":"https:\/\/www.justiciasantafe.gov.ar\/index.php\/wp-json\/wp\/v2\/pages"}],"about":[{"href":"https:\/\/www.justiciasantafe.gov.ar\/index.php\/wp-json\/wp\/v2\/types\/page"}],"author":[{"embeddable":true,"href":"https:\/\/www.justiciasantafe.gov.ar\/index.php\/wp-json\/wp\/v2\/users\/12"}],"replies":[{"embeddable":true,"href":"https:\/\/www.justiciasantafe.gov.ar\/index.php\/wp-json\/wp\/v2\/comments?post=3972"}],"version-history":[{"count":0,"href":"https:\/\/www.justiciasantafe.gov.ar\/index.php\/wp-json\/wp\/v2\/pages\/3972\/revisions"}],"up":[{"embeddable":true,"href":"https:\/\/www.justiciasantafe.gov.ar\/index.php\/wp-json\/wp\/v2\/pages\/3936"}],"wp:attachment":[{"href":"https:\/\/www.justiciasantafe.gov.ar\/index.php\/wp-json\/wp\/v2\/media?parent=3972"}],"curies":[{"name":"wp","href":"https:\/\/api.w.org\/{rel}","templated":true}]}}

<div class="row"  id="row-1461798402">

	<div id="col-1657764131" class="col medium-2 small-12 large-2"  >
				<div class="col-inner"  >
			
			
	<div class="img has-hover x md-x lg-x y md-y lg-y" id="image_456121452">
		<a class="" href="https://www.justiciasantafe.gov.ar/index.php/poder-judicial/inicio/defensoria-general-de-camaras/" >						<div class="img-inner dark" style="margin:- 0px 0px 0px;">
			<img loading="lazy" decoding="async" width="512" height="512" src="https://www.justiciasantafe.gov.ar/wp-content/uploads/2022/09/icone-fleche-gauche-grise.png" class="attachment-large size-large" alt="" srcset="https://www.justiciasantafe.gov.ar/wp-content/uploads/2022/09/icone-fleche-gauche-grise.png 512w, https://www.justiciasantafe.gov.ar/wp-content/uploads/2022/09/icone-fleche-gauche-grise-300x300.png 300w, https://www.justiciasantafe.gov.ar/wp-content/uploads/2022/09/icone-fleche-gauche-grise-150x150.png 150w" sizes="auto, (max-width: 512px) 100vw, 512px" />						
					</div>
						</a>		
<style>
#image_456121452 {
  width: 35%;
}
</style>
	</div>
	
		</div>
				
<style>
#col-1657764131 > .col-inner {
  margin: -50px 0px 0px 0px;
}
</style>
	</div>

	

	<div id="col-1061538688" class="col medium-5 small-12 large-5"  >
				<div class="col-inner"  >
			
			
		</div>
					</div>

	

	<div id="col-1151191184" class="col medium-5 small-12 large-5"  >
				<div class="col-inner"  >
			
			
		</div>
					</div>

	
</div>
<p><strong>Guardia</strong></p>
<p>Los Defensores trabajamos en el horario de atención del Poder Judicial de la Provincia, de 7 a 13 horas. Fuera de esos horarios, existe un sistema de guardias las 24 horas para atender casos excepcionales en los que se encuentre en peligro de vida alguna persona o terceros. Ante tales situaciones, puede comunicarse a los siguientes números:</p>
<p>Distrito ROSARIO Defensor General (Civil): 156 772252<br />
Distrito ROSARIO Asesor de Menores: 153 730059</p>
<p><strong>Feria Judicial</strong></p>
<p>Durante el mes de enero de cada año y durante el receso invernal del mes de julio (que coincide con el receso escolar provincial) los Defensores nos encontramos bajo la Feria Judicial de la misma manera que todo el Poder Judicial.</p>
<p>En dichos períodos, las causas de trámite urgente son atendidas en la sede Rosario por un Defensor General y un Asesor de Menores de guardia para Rosario, Casilda, San Lorenzo, Villa Constitución y Cañada de Gómez; y en la sede Venado Tuerto por un Defensor General o un Asesor de Menores para Venado Tuerto, Melincué, Rufino y Firmat.</p>
<div class="gsp_post_data" data-post_type="page" data-cat="" data-modified="120" data-title="Guardia y Feria Judicial" data-home="https://www.justiciasantafe.gov.ar"></div>

<p>Guardia Los Defensores trabajamos en el horario de atención del Poder Judicial de la Provincia, de 7 a 13 horas. Fuera de esos horarios, existe un sistema de guardias las 24 horas para atender casos excepcionales en los que se encuentre en peligro de vida alguna persona o terceros. Ante tales situaciones, puede comunicarse a [&#8230;]
