 {"id":418,"date":"2021-11-29T09:05:09","date_gmt":"2021-11-29T12:05:09","guid":{"rendered":"https:\/\/www.justiciasantafe.gov.ar\/?page_id=418"},"modified":"2023-11-02T09:02:19","modified_gmt":"2023-11-02T12:02:19","slug":"convenios","status":"publish","type":"page","link":"https:\/\/www.justiciasantafe.gov.ar\/index.php\/poder-judicial\/informacion-general\/convenios\/","title":{"rendered":"Convenios"},"content":{"rendered":"\n\t<section class=\"section\" id=\"section_1841903237\">\n\t\t<div class=\"section-bg fill\" >\n\t\t\t\t\t\t\t\t\t\n\t\t\t\n\t<div class=\"is-border\"\n\t\tstyle=\"border-width:0px 0px 0px 0px;margin:0px 0px 0px 0;\">\n\t<\/div>\n\n\t\t<\/div>\n\n\t\t\n\n\t\t<div class=\"section-content relative\">\n\t\t\t\n<div class=\"row\"  id=\"row-1391566452\">\n\n\t<div id=\"col-515071933\" class=\"col small-12 large-12\"  >\n\t\t\t\t<div class=\"col-inner\"  >\n\t\t\t\n\t\t\t\n<div class=\"row\"  id=\"row-1801962169\">\n\n\t<div id=\"col-1843039860\" class=\"col medium-3 small-6 large-3\"  >\n\t\t\t\t<div class=\"col-inner\"  >\n\t\t\t\n\t\t\t\n\t<div id=\"text-2432553308\" class=\"text hidden\">\n\t\t\n<p style=\"text-align: right;\"><span style=\"color: #ffffff; font-size: 120%;\"><strong>Estado<\/strong><\/span><\/p>\n\t\t\t<\/div>\n\t\n\t\t<\/div>\n\t\t\t\t\t<\/div>\n\n\t\n\n\t<div id=\"col-1127177997\" class=\"col medium-3 small-6 large-3\"  >\n\t\t\t\t<div class=\"col-inner\"  >\n\t\t\t\n\t\t\t\n\t<div id=\"text-2526863400\" class=\"text hidden\">\n\t\t\n<p style=\"text-align: right;\"><span style=\"color: #ffffff; font-size: 120%;\"><strong>Estado<\/strong><\/span><\/p>\n\t\t\t<\/div>\n\t\n\t\t<\/div>\n\t\t\t\t\t<\/div>\n\n\t\n\n\t<div id=\"col-388033049\" class=\"col medium-3 small-6 large-3\"  >\n\t\t\t\t<div class=\"col-inner\"  >\n\t\t\t\n\t\t\t\n<p style=\"text-align: right;\"><span style=\"color: #ffffff; font-size: 120%;\">Tipo de Organismo<\/span><\/p>\n\t\t<\/div>\n\t\t\t\t\n<style>\n#col-388033049 > .col-inner {\n  margin: 15px 0px 0px 0px;\n}\n<\/style>\n\t<\/div>\n\n\t\n\n\t<div id=\"col-1452744083\" class=\"col medium-3 small-6 large-3\"  >\n\t\t\t\t<div class=\"col-inner\"  >\n\t\t\t\n\t\t\t\n\t<div id=\"text-3017007651\" class=\"text\">\n\t\t\n<p style=\"text-align: right;\"><div class=\"facetwp-facet facetwp-facet-convenios_organismo facetwp-type-dropdown\" data-name=\"convenios_organismo\" data-type=\"dropdown\"><\/div>\n\t\t\n<style>\n#text-3017007651 {\n  line-height: 1.2;\n  text-align: right;\n}\n<\/style>\n\t<\/div>\n\t\n\t\t<\/div>\n\t\t\t\t\n<style>\n#col-1452744083 > .col-inner {\n  padding: 3px 0px 0px 0px;\n  margin: 7px 0px 0px -10px;\n}\n<\/style>\n\t<\/div>\n\n\t\n<\/div>\n\t\t<\/div>\n\t\t\t\t\n<style>\n#col-515071933 > .col-inner {\n  padding: 0px 0px 0px 0px;\n  margin: -15px 0px -88px 0px;\n}\n<\/style>\n\t<\/div>\n\n\t\n<\/div>\n\t\t<\/div>\n\n\t\t\n<style>\n#section_1841903237 {\n  padding-top: 11px;\n  padding-bottom: 11px;\n  margin-bottom: -1px;\n  background-color: rgb(16, 75, 69);\n}\n<\/style>\n\t<\/section>\n\t\n\t<div id=\"gap-1450776301\" class=\"gap-element clearfix\" style=\"display:block; height:auto;\">\n\t\t\n<style>\n#gap-1450776301 {\n  padding-top: 30px;\n}\n<\/style>\n\t<\/div>\n\t\n<div class=\"row\"  id=\"row-8340419\">\n\n\t<div id=\"col-253445639\" class=\"col small-12 large-12\"  >\n\t\t\t\t<div class=\"col-inner\"  >\n\t\t\t\n\t\t\t\n<div class=\"facetwp-template\" data-name=\"convenios\"><div class=\"fwpl-layout el-sufsw4\"><div class=\"fwpl-result r1\"><div class=\"fwpl-row el-jv6jx\"><div class=\"fwpl-col fwpl-col el-hoq9px\"><div class=\"fwpl-item el-9px0we\"><h3><a href=\"https:\/\/www.justiciasantafe.gov.ar\/index.php\/convenios\/albrematica\/\">Albrem\u00e1tica<\/a><\/h3><\/div><div class=\"fwpl-item el-g7vgdn\">CORTE SUPREMA DE JUSTICA DE LA PROVINCIA DE SANTA FE CONVENIO CON ALBREMATICA Entre la Corte Suprema de Justicia de Santa Fe con domicilio en calle San Jer\u00f3nimo 1551, de la ciudad de Santa Fe, representada en este acto por el se\u00f1or Presidente, Dr. DECIO CARLOS FRANCISCO ULLA, y Albrem\u00e1tica S.A., con domicilio en calle [...]<\/div><\/div><\/div><\/div><div class=\"fwpl-result r2\"><div class=\"fwpl-row el-jv6jx\"><div class=\"fwpl-col fwpl-col el-hoq9px\"><div class=\"fwpl-item el-9px0we\"><h3><a href=\"https:\/\/www.justiciasantafe.gov.ar\/index.php\/convenios\/analisis-geneticos\/\">An\u00e1lisis Gen\u00e9ticos<\/a><\/h3><\/div><div class=\"fwpl-item el-g7vgdn\">A\u00f1o 2001 CONVENIO DE COLABORACI\u00d3N ENTRE EL PODER JUDICIAL DE SANTA FE Y EL MINISTERIO DE SALUD DE LA PROVINCIA DE SANTA FE &#8212;&#8211; Entre la Corte Suprema de justicia de la Provincia de Santa Fe, representada en este acto por su Presidente, el Dr. Rafael Francisco Guti\u00e9rrez, por una parte; y el Ministerio de Salud de la [...]<\/div><\/div><\/div><\/div><div class=\"fwpl-result r3\"><div class=\"fwpl-row el-jv6jx\"><div class=\"fwpl-col fwpl-col el-hoq9px\"><div class=\"fwpl-item el-9px0we\"><h3><a href=\"https:\/\/www.justiciasantafe.gov.ar\/index.php\/convenios\/antecedentes-penales\/\">Antecedentes Penales<\/a><\/h3><\/div><div class=\"fwpl-item el-g7vgdn\">CON EL MINISTERIO DE JUSTICIA DE LA NACION ACTA NRO. 42 PUNTO 5 DEL 20.10.99.- ACUERDO DE COOPERACI\u00d3N E IMPLEMENTACI\u00d3N DE LAS UNIDADES DE EXPEDICI\u00d3N Y RECEPCI\u00d3N DE ANTECEDENTES PENALES.- VISTO: El acuerdo de cooperaci\u00f3n celebrado con el Ministerio de Justicia de la Naci\u00f3n, a los efectos de cumplimentar los plazos previstos en la Ley [...]<\/div><\/div><\/div><\/div><div class=\"fwpl-result r4\"><div class=\"fwpl-row el-jv6jx\"><div class=\"fwpl-col fwpl-col el-hoq9px\"><div class=\"fwpl-item el-9px0we\"><h3><a href=\"https:\/\/www.justiciasantafe.gov.ar\/index.php\/convenios\/argentina-juridica\/\">Argentina Jur\u00eddica<\/a><\/h3><\/div><div class=\"fwpl-item el-g7vgdn\">Convenio entre la Corte Suprema de Justicia de la Provincia de Santa Fe y Editorial &#8220;Argentina Jur\u00eddica&#8221; &nbsp; Entre la Corte Suprema de Justicia de la Provincia de Santa Fe, en adelante &#8220;La Corte Suprema de Justicia&#8221;, con domicilio en San Jer\u00f3nimo 1551- 1\u00b0 Piso de la ciudad de Santa Fe, representada por el Dr. [...]<\/div><\/div><\/div><\/div><div class=\"fwpl-result r5\"><div class=\"fwpl-row el-jv6jx\"><div class=\"fwpl-col fwpl-col el-hoq9px\"><div class=\"fwpl-item el-9px0we\"><h3><a href=\"https:\/\/www.justiciasantafe.gov.ar\/index.php\/convenios\/asistencia-de-auxiliares-sociales-reconquista\/\">Asistencia de Auxiliares Sociales (RECONQUISTA)<\/a><\/h3><\/div><div class=\"fwpl-item el-g7vgdn\">CONVENIO DE COLABORACI\u00d3N Entre el Poder Judicial de la Provincia de Santa Fe, representado en este acto por el se\u00f1or Presidente de la Excma. Corte Suprema de Justicia, Dr. Roberto H\u00e9ctor Falistocco, con domicilio en San Jer\u00f3nimo 1551 de la ciudad de Santa Fe, por una parte; y la Municipalidad de la ciudad de Reconquista, con domicilio legal [...]<\/div><\/div><\/div><\/div><div class=\"fwpl-result r6\"><div class=\"fwpl-row el-jv6jx\"><div class=\"fwpl-col fwpl-col el-hoq9px\"><div class=\"fwpl-item el-9px0we\"><h3><a href=\"https:\/\/www.justiciasantafe.gov.ar\/index.php\/convenios\/asistencia-tecnica-poder-judicial-de-salta\/\">ASISTENCIA TECNICA - PODER JUDICIAL DE SALTA<\/a><\/h3><\/div><div class=\"fwpl-item el-g7vgdn\">Convenio Marco de Asistencia T\u00e9cnica entre el Poder Judicial de la Provincia de Santa Fe y el poder Judicial de la Provincia de Salta. Convenios anexos I y II. CONVENIO MARCO DE ASISTENCIA T\u00c9CNICA Entre el PODER JUDICIAL DE LA PROVINCIA DE SANTA FE, representado en este acto por el Sr. Presidente de la Excma. [...]<\/div><\/div><\/div><\/div><div class=\"fwpl-result r7\"><div class=\"fwpl-row el-jv6jx\"><div class=\"fwpl-col fwpl-col el-hoq9px\"><div class=\"fwpl-item el-9px0we\"><h3><a href=\"https:\/\/www.justiciasantafe.gov.ar\/index.php\/convenios\/asistencia-tecnologica\/\">Asistencia tecnol\u00f3gica<\/a><\/h3><\/div><div class=\"fwpl-item el-g7vgdn\">CONVENIO MARCO DE COLABORACI\u00d3N Entre la UNIVERSIDAD NACIONAL DE ROSARIO, con domicilio legal en C\u00f3rdoba 1814 de la ciudad de Rosario, representada en este acto por el Sr. Rector, C.P.N. RICARDO SUAREZ, por una parte, y la CORTE SUPREMA DE JUSTICIA DE LA PROVINCIA DE SANTA FE, por la otra, con domicilio legal en calle San Jer\u00f3nimo 1551- [...]<\/div><\/div><\/div><\/div><div class=\"fwpl-result r8\"><div class=\"fwpl-row el-jv6jx\"><div class=\"fwpl-col fwpl-col el-hoq9px\"><div class=\"fwpl-item el-9px0we\"><h3><a href=\"https:\/\/www.justiciasantafe.gov.ar\/index.php\/convenios\/asociacion-de-prensa-de-santa-fe\/\">Asociaci\u00f3n de Prensa de Santa Fe<\/a><\/h3><\/div><div class=\"fwpl-item el-g7vgdn\">CONVENIO DE COLABORACI\u00d3N En la ciudad de Santa Fe, a los cinco d\u00edas del mes de mayo de 2.004, entre la Asociaci\u00f3n de Prensa de Santa Fe, con domicilio en calle Amen\u00e1bar 2655 de la ciudad de Santa Fe- en adelante, la APSF-, representada por su Secretario General, Dn. Eduardo Burba, quien firma al pie, con facultades [...]<\/div><\/div><\/div><\/div><div class=\"fwpl-result r9\"><div class=\"fwpl-row el-jv6jx\"><div class=\"fwpl-col fwpl-col el-hoq9px\"><div class=\"fwpl-item el-9px0we\"><h3><a href=\"https:\/\/www.justiciasantafe.gov.ar\/index.php\/convenios\/asociacion-tribunales-de-empleados-del-poder-judicial\/\">Asociaci\u00f3n Tribunales de Empleados del Poder Judicial<\/a><\/h3><\/div><div class=\"fwpl-item el-g7vgdn\">CONVENIO CON LA ASOCIACION TRIBUNALES DE EMPLEADOSDEL PODER JUDICIAL ACTA NRO. 21 PUNTO 10 DEL 16.6.99.- CONVENIO CON LA ASOCIACI\u00d3N TRIBUNALES DE EMPLEADOS DEL PODER JUDICIAL DE LA PROVINCIA DE SANTA FE.- El Se\u00f1or Presidente informa que en fecha 8.6.99 firm\u00f3 en representaci\u00f3n de esta Corte, un Convenio con la Asociaci\u00f3n Tribunales de Empleados del [...]<\/div><\/div><\/div><\/div><div class=\"fwpl-result r10\"><div class=\"fwpl-row el-jv6jx\"><div class=\"fwpl-col fwpl-col el-hoq9px\"><div class=\"fwpl-item el-9px0we\"><h3><a href=\"https:\/\/www.justiciasantafe.gov.ar\/index.php\/convenios\/banco-hipotecario-s-a\/\">Banco Hipotecario S.A.<\/a><\/h3><\/div><div class=\"fwpl-item el-g7vgdn\">CONVENIO DE COLABORACI\u00d3N ENTRE LA CORTE SUPREMA DE JUSTICIA DE LA PROVINCIA DE SANTA FE Y EL BANCO HIPOTECARIO S.A. Ratificado por Acuerdo del 18.04.2023 (Acta 10, pto. 1) Entre la Corte Suprema de Justicia de la Provincia de Santa Fe, representada en este acto por su Presidente, Dr. DANIEL AN\u00cdBAL ERBETTA, por una parte; [...]<\/div><\/div><\/div><\/div><\/div>\n<style>\n.fwpl-layout, .fwpl-row {\n    display: grid;\n}\n.fwpl-layout.el-sufsw4 {\n    grid-template-columns: repeat(1, 1fr);\n    grid-gap: 10px;\n}\n.fwpl-btn {\n    text-decoration: none;\n}\n.fwpl-row.el-jv6jx {\n    grid-template-columns: 1fr;\n}\n.fwpl-item.el-g7vgdn {\n    padding: 0px 0px 20px 0px;\n}\n@media (max-width: 480px) { \n    body .facetwp-template .fwpl-layout,  \n    body .facetwp-template-static .fwpl-layout { grid-template-columns: 1fr; } \n} \n\n<\/style>\n<\/div>\n\t\t<\/div>\n\t\t\t\t\t<\/div>\n\n\t\n<\/div>\n\t<div id=\"gap-1209966943\" class=\"gap-element clearfix\" style=\"display:block; height:auto;\">\n\t\t\n<style>\n#gap-1209966943 {\n  padding-top: 30px;\n}\n<\/style>\n\t<\/div>\n\t\n\n\t<section class=\"section\" id=\"section_1714691425\">\n\t\t<div class=\"section-bg fill\" >\n\t\t\t\t\t\t\t\t\t\n\t\t\t\n\t<div class=\"is-border\"\n\t\tstyle=\"border-width:0px 0px 0px 0px;margin:0px 0px 0px 0px;\">\n\t<\/div>\n\n\t\t<\/div>\n\n\t\t\n\n\t\t<div class=\"section-content relative\">\n\t\t\t\n<div class=\"row row-collapse row-full-width align-middle align-center\"  id=\"row-360560903\">\n\n\t<div id=\"col-30254441\" class=\"col hide-for-medium medium-2 large-2\"  >\n\t\t\t\t<div class=\"col-inner text-right\"  >\n\t\t\t\n\t\t\t\n\t<div id=\"text-4228193555\" class=\"text\">\n\t\t\n<p><span style=\"color: #ffffff;\">Resultados por p\u00e1gina<\/span><\/p>\n\t\t\n<style>\n#text-4228193555 {\n  text-align: right;\n}\n<\/style>\n\t<\/div>\n\t\n\t\t<\/div>\n\t\t\t\t\n<style>\n#col-30254441 > .col-inner {\n  padding: 20px 4px 0px 0px;\n}\n<\/style>\n\t<\/div>\n\n\t\n\n\t<div id=\"col-227017790\" class=\"col medium-8 large-8\"  >\n\t\t\t\t<div class=\"col-inner\"  >\n\t\t\t\n\t\t\t\n<div class=\"row row-collapse align-middle align-center\"  id=\"row-1159948192\">\n\n\t<div id=\"col-762804249\" class=\"col hide-for-medium medium-3 small-12 large-3\"  >\n\t\t\t\t<div class=\"col-inner text-right\"  >\n\t\t\t\n\t\t\t\n\t<div id=\"text-3480752016\" class=\"text\">\n\t\t\n<div class=\"facetwp-facet facetwp-facet-filas_por_pagina facetwp-type-pager\" data-name=\"filas_por_pagina\" data-type=\"pager\"><\/div>\n\t\t\n<style>\n#text-3480752016 {\n  text-align: right;\n}\n<\/style>\n\t<\/div>\n\t\n\t\t<\/div>\n\t\t\t\t\n<style>\n#col-762804249 > .col-inner {\n  padding: 12px 0px 0px 0px;\n}\n<\/style>\n\t<\/div>\n\n\t\n\n\t<div id=\"col-811967482\" class=\"col medium-6 small-12 large-6\"  >\n\t\t\t\t<div class=\"col-inner text-center\"  >\n\t\t\t\n\t\t\t\n\t<div id=\"text-60541404\" class=\"text hide-for-medium\">\n\t\t\n<div class=\"facetwp-facet facetwp-facet-paginador facetwp-type-pager\" data-name=\"paginador\" data-type=\"pager\"><\/div>\n\t\t\n<style>\n#text-60541404 {\n  text-align: center;\n}\n<\/style>\n\t<\/div>\n\t\n\t<div id=\"text-2634467438\" class=\"text show-for-medium\">\n\t\t\n<div class=\"facetwp-facet facetwp-facet-paginador_movil facetwp-type-pager\" data-name=\"paginador_movil\" data-type=\"pager\"><\/div>\n\t\t\n<style>\n#text-2634467438 {\n  text-align: center;\n}\n<\/style>\n\t<\/div>\n\t\n\t\t<\/div>\n\t\t\t\t\t<\/div>\n\n\t\n\n\t<div id=\"col-1068664518\" class=\"col hide-for-medium medium-3 small-12 large-3\"  >\n\t\t\t\t<div class=\"col-inner text-right\"  >\n\t\t\t\n\t\t\t\n\t\t<\/div>\n\t\t\t\t\t<\/div>\n\n\t\n<\/div>\n\t\t<\/div>\n\t\t\t\t\t<\/div>\n\n\t\n\n\t<div id=\"col-20525520\" class=\"col hide-for-medium medium-2 large-2\"  >\n\t\t\t\t<div class=\"col-inner text-left\"  >\n\t\t\t\n\t\t\t\n\t<div id=\"text-759487577\" class=\"text\">\n\t\t\n<div class=\"facetwp-facet facetwp-facet-total_resultados facetwp-type-pager\" data-name=\"total_resultados\" data-type=\"pager\"><\/div>\n\t\t\n<style>\n#text-759487577 {\n  text-align: left;\n}\n<\/style>\n\t<\/div>\n\t\n\t\t<\/div>\n\t\t\t\t\t<\/div>\n\n\t\n<\/div>\n\t\t<\/div>\n\n\t\t\n<style>\n#section_1714691425 {\n  padding-top: 0px;\n  padding-bottom: 0px;\n  margin-bottom: 0px;\n  background-color: rgb(16, 75, 69);\n}\n<\/style>\n\t<\/section>\n\t\n<div class=\"gsp_post_data\" data-post_type=\"page\" data-cat=\"\" data-modified=\"120\" data-title=\"Convenios\" data-home=\"https:\/\/www.justiciasantafe.gov.ar\"><\/div>","protected":false},"excerpt":{"rendered":"","protected":false},"author":1,"featured_media":0,"parent":83,"menu_order":2,"comment_status":"closed","ping_status":"closed","template":"","meta":{"_acf_changed":false,"footnotes":""},"class_list":["post-418","page","type-page","status-publish","hentry"],"acf":[],"_links":{"self":[{"href":"https:\/\/www.justiciasantafe.gov.ar\/index.php\/wp-json\/wp\/v2\/pages\/418","targetHints":{"allow":["GET"]}}],"collection":[{"href":"https:\/\/www.justiciasantafe.gov.ar\/index.php\/wp-json\/wp\/v2\/pages"}],"about":[{"href":"https:\/\/www.justiciasantafe.gov.ar\/index.php\/wp-json\/wp\/v2\/types\/page"}],"author":[{"embeddable":true,"href":"https:\/\/www.justiciasantafe.gov.ar\/index.php\/wp-json\/wp\/v2\/users\/1"}],"replies":[{"embeddable":true,"href":"https:\/\/www.justiciasantafe.gov.ar\/index.php\/wp-json\/wp\/v2\/comments?post=418"}],"version-history":[{"count":0,"href":"https:\/\/www.justiciasantafe.gov.ar\/index.php\/wp-json\/wp\/v2\/pages\/418\/revisions"}],"up":[{"embeddable":true,"href":"https:\/\/www.justiciasantafe.gov.ar\/index.php\/wp-json\/wp\/v2\/pages\/83"}],"wp:attachment":[{"href":"https:\/\/www.justiciasantafe.gov.ar\/index.php\/wp-json\/wp\/v2\/media?parent=418"}],"curies":[{"name":"wp","href":"https:\/\/api.w.org\/{rel}","templated":true}]}}